{"id":1109,"date":"2018-05-16T16:57:45","date_gmt":"2018-05-16T14:57:45","guid":{"rendered":"http:\/\/www.leternoassente.com\/?page_id=1109"},"modified":"2020-12-27T13:55:04","modified_gmt":"2020-12-27T12:55:04","slug":"tutto-sottocchio","status":"publish","type":"page","link":"https:\/\/www.leternoassente.com\/?page_id=1109","title":{"rendered":"Tutto sott&#8217;occhio"},"content":{"rendered":"<p><strong>Centinaia di siti, migliaia di articoli: come convivere con l\u2019eccesso di informazione?<\/strong><\/p>\n<hr>\n<p>In Internet trovi tutto. Ma proprio tutto. Dall\u2019informazione allo svago, dalla scienza al cinema. Tutto: recensioni, racconti, commenti, articoli, immagini ad altissima risoluzione, filmati antichissimi. Tutto. Perch\u00e9 in Internet, il media pi\u00f9 democratico della storia dell\u2019umanit\u00e0, chiunque pu\u00f2 pubblicare qualsiasi cosa, senza filtri n\u00e9 censure (e s\u00ec, \u00e8 proprio cos\u00ec, e nessun governo pu\u00f2 farci nulla, e ci sono strumenti tecnici, anche piuttosto semplici, per fregare qualsiasi occhiuto spione).<\/p>\n<p>C\u2019\u00e8 per\u00f2 un problema: se tutti parlano, la cacofonia diventa insopportabile. Ascoltare tutti diventa impossibile. Fuor di metafora: se esistono 100 blog che ti appassionano, come puoi tenerti aggiornato su tutto ci\u00f2 che pubblicano? Certo non visitandoli ogni giorno, ch\u00e9 altrimenti passeresti le giornate incollato alla Rete. Come fare, allora? I <a href=\"http:\/\/en.wikipedia.org\/wiki\/Web_feed\" target=\"_blank\" rel=\"noopener noreferrer\">feed<\/a> sono la risposta: un formato semplice per la distribuzione dell\u2019informazione, offerto ormai praticamente da qualsiasi sito Web (anche se alcuni nascondono bene i propri feed).<\/p>\n<p>Come prima cosa, devi crearti un account presso un servizio che permette la consultazione dei feed. C\u2019\u00e8 <a href=\"http:\/\/feedly.com\/i\/welcome\" target=\"_blank\" rel=\"noopener noreferrer\">Feedly<\/a>, per esempio, che offre un servizio di base gratuito per 100 fonti, al quale puoi accedere anche con i tuoi account di Google o Facebook. La versione Premium, per meno di 6 dollari al mese, ti d\u00e0 accesso a funzioni un po\u2019 pi\u00f9 sofisticate, ma la versione gratuita \u00e8 pi\u00f9 che sufficiente per far pratica con i feed e verificare se davvero ti servono. Un servizio analogo, con costi paragonabili, \u00e8 quello di <a href=\"https:\/\/feedbin.com\/\" target=\"_blank\" rel=\"noopener noreferrer\">Feedbin<\/a>.<\/p>\n<p>Ammettiamo che tu abbia scelto Feedly. Nella finestra che ti si aprir\u00e0 davanti, l\u2019elemento sul quale per ora devi concentrarti \u00e8 lo spazio per la ricerca, al centro della pagina. Visto? Bene, ora lascia perdere tutto il resto, apri un\u2019altra finestra e va\u2019 a una fonte che ti interessa. Un sito di informazione, per esempio. Oppure un blog.<\/p>\n<p><img loading=\"lazy\" decoding=\"async\" class=\"alignleft wp-image-1113\" src=\"http:\/\/www.leternoassente.com\/wp-content\/uploads\/2018\/05\/feed.jpg\" alt=\"\" width=\"50\" height=\"50\">Prendiamo L\u2019Eterno Assente, per esempio. In homepage, nella colonna sulla sinistra, trovi il simbolino dei feed accanto a quelli di Facebook e di Twitter. In altri siti troverai \u00abRSS\u00bb o \u00abAtom\u00bb o \u00abXML\u00bb. Cliccaci sopra. Ti si aprir\u00e0 <a href=\"https:\/\/feeds.feedburner.com\/leternoassente\/leternoassente\" target=\"_blank\" rel=\"noopener noreferrer\">una pagina<\/a> con lo stesso contenuto del nostro sito, ma senza tanti fronzoli e con un grafica spartana. Addirittura, alcuni siti ti mostrano solo una pagina piena di codice incomprensibile. Non ti preoccupare: va bene cos\u00ec. Anzi, questa strana pagina devi aprirla solo una volta, per poi non vederla mai pi\u00f9. Ora devi solo copiare l\u2019indirizzo di questa pagina: lo trovi in alto, nella barra degli strumenti del tuo programma di navigazione. Torna poi nella finestra di Feedly, incolla quell\u2019indirizzo nel campo di ricerca e clicca su \u00abEnter\u00bb. A questo punto Feedly trova la pagina de L\u2019Eterno Assente e ti offre la possibilit\u00e0 di aggiungerla ai tuoi feed. Vuoi farlo? Bene: clicca sul simbolo \u00ab+\u00bb. Ora sulla sinistra ti si apre una colonna che ti chiede se vuoi davvero aggiungere L\u2019Eterno Assente. Naturalmente tu vuoi, perci\u00f2 in basso clicchi su \u00abAdd\u00bb. Ecco fatto: ora L\u2019Eterno Assente \u00e8 fra i tuoi feed, messo fra gli \u00abuncategorized\u00bb. Se avessi voluto, avresti potuto inserirlo in una categoria di tua scelta: una gi\u00e0 esistente nella tua collezione oppure una nuova, creata apposta. Adesso va\u2019 a cliccare sulla rotellina in alto a destra, accanto al campo di ricerca, dove puoi configurare le impostazioni di Feedly. E prova a cambiare, per esempio, la visualizzazione, scegliendo \u00abTitle only\u00bb. Che cosa succede? Hai tutti gli articoli de L\u2019Eterno Assente elencati uno sotto l\u2019altro in ordine cronologico, solo con il titolo. Se clicchi sul titolo ti si apre un\u2019anteprima e, cliccando ancora, puoi andare a vedere la versione originale, nel sito de L\u2019Eterno Assente.<\/p>\n<p>Puoi ripetere l\u2019operazione ad libitum, con decine, centinaia di fonti, i cui articoli compariranno in ordine cronologico solo con il titolo (o anche con un layout diverso, se nei settaggi di Feedly fai una scelta differente). Puoi suddividere e organizzare le fonti in categorie. Con un\u2019occhiata puoi visionare tutti gli articoli di tutte le fonti di ogni categoria. Puoi leggere solo quelli interessanti, direttamente su Feedly oppure andando sul sito Web della tua fonte. Puoi selezionarne alcuni e metterli da parte fra i preferiti. Infatti Feedly ti offre anche questa possibilit\u00e0, con \u00abSaved for later\u00bb. Puoi aggiungerli al tuo elenco su <a href=\"https:\/\/getpocket.com\/\" target=\"_blank\" rel=\"noopener noreferrer\">Pocket<\/a> o su <a href=\"https:\/\/www.instapaper.com\" target=\"_blank\" rel=\"noopener noreferrer\">Instapaper<\/a>. Puoi condividerli sui social media.<\/p>\n<p>Soprattutto puoi fare tutto questo dal tuo computer ma anche dai device mobili, perch\u00e9 Feedly ti offre un\u2019app sia per iOS sia per Android. Se ti accontenti di qualche decina di feed e di poche categorie, \u00e8 tutto gratis. Se invece vuoi un servizio Premium, lo paghi pochi euro al mese.<\/p>\n<p>Ma&#8230; attenzione! Alcuni siti Web non offrono il servizio di feed RSS. Mannaggia&#8230; e adesso? Adesso quasi sempre c\u2019\u00e8 un trucco per venirne a capo: basta immettere nel browser l\u2019indirizzo http:\/\/dominiodelsito\/feed oppure http:\/\/dominiodelsito\/rss. Prova per esempio con il <a href=\"http:\/\/www.corriere.it\/\" target=\"_blank\" rel=\"noopener noreferrer\">Corriere della Sera<\/a>. Dove sono i feed? Non ci sono, pare. Se ci sono, sono molto ben nascosti. Allora prova cos\u00ec: <a href=\"http:\/\/www.corriere.it\/rss\/\" target=\"_blank\" rel=\"noopener noreferrer\">http:\/\/www.corriere.it\/rss\/<\/a> Visto? Ora puoi scegliere i feed solo delle pagine che ti interessano. Altre fonti ti rinviano alla propria pagina globale di feed. Come <a href=\"http:\/\/www.ilfattoquotidiano.it\/\" target=\"_blank\" rel=\"noopener noreferrer\">Il Fatto Quotidiano<\/a>, che pure non ti lascia trovare facilmente i propri feed ma che li rende disponibili con <a href=\"http:\/\/www.ilfattoquotidiano.it\/feed\/\" target=\"_blank\" rel=\"noopener noreferrer\">http:\/\/www.ilfattoquotidiano.it\/feed\/<\/a><\/p>\n<p>Dulcis in fundo, i feed ti permettono di seguire anche i canali di YouTube senza iscriverti ai singoli canali e i profili di Twitter senza doverli followare. Ti basta infatti inserire fra i tuoi feed l&#8217;indirizzo del canale o l&#8217;indirizzo del profilo Twitter: ogni nuovo video e ogni nuovo tweet compariranno nei tuoi feed.<\/p>\n<p>Invece non \u00e8 possibile seguire i profili, le pagine e i gruppi di Facebook con i feed, purtroppo. In questo caso devi accontentarti di quello che decide di mostrarti l&#8217;algoritmo, sul quale tu non hai alcun controllo. Ha un senso, perch\u00e9 Facebook, dal suo punto di vista, non ha alcun interesse a consentirti di consultare il social media senza entrarci, come ti permetterebbero di fare i feed. Peccato, per\u00f2.<\/p>\n<p>Tutto questo sembra pi\u00f9 difficile a dirsi che a farsi: prova e vedrai. Se per te la consultazione di molte fonti di informazione \u00e8 essenziale e ne vuoi consultare tante \u2013 anche molte decine! \u2013, allora i feed sono uno strumento non prezioso, ma perfino indispensabile. Se all\u2019inizio, una volta per tutte, ti concentri per mezz\u2019ora sulla configurazione dei tuoi feed e poi ti scarichi l\u2019app, scoprirai che quella mezz\u2019ora \u00e8 stato il tempo meglio investito della tua vita. Da quel momento in poi la consultazione quotidiana dei siti ti richieder\u00e0 pochi minuti, senza essere costretto a saltabeccare da un posto all\u2019altro, nella maggior parte dei casi per non trovare niente di nuovo. Invece potrai seguire le tue fonti aggiornate con gli ultimi articoli e post sempre e ovunque, anche in mobilit\u00e0, con il cellulare o il tablet. E la tua convivenza con l\u2019informazione migliorer\u00e0 di colpo, perch\u00e9 nella tua vita entrer\u00e0 un flusso informativo continuo.<\/p>\n<p>Fidati: \u00e8 un piccolo sforzo iniziale, ma ne vale la pena. Per sempre.<\/p>\n<p>(Il filmato qui sotto \u00e8 pensato per Google Reader, che non esiste pi\u00f9. Ma tutti i reader alternativi, come Feedbin e Feedly, funzionano nello stesso modo.)<\/p>\n<p><iframe loading=\"lazy\" src=\"https:\/\/www.youtube.com\/embed\/nJZVJoTSDyw?rel=0\" width=\"560\" height=\"315\" frameborder=\"0\" allowfullscreen=\"allowfullscreen\"><\/iframe><\/p>\n<p style=\"text-align: right;\">(Foto: <a href=\"http:\/\/www.lumaxart.com\/\">LuMaxArt Linkware Image<\/a>)<\/p>\n","protected":false},"excerpt":{"rendered":"<p>Centinaia di siti, migliaia di articoli: come convivere con l\u2019eccesso di informazione? In Internet trovi tutto. Ma proprio tutto. Dall\u2019informazione allo svago, dalla scienza al cinema. Tutto: recensioni, racconti, commenti, articoli, immagini ad altissima risoluzione, filmati antichissimi. Tutto. Perch\u00e9 in &hellip; <a href=\"https:\/\/www.leternoassente.com\/?page_id=1109\">Continua a leggere<span class=\"meta-nav\">&rarr;<\/span><\/a><\/p>\n","protected":false},"author":1,"featured_media":1116,"parent":0,"menu_order":0,"comment_status":"closed","ping_status":"closed","template":"","meta":{"footnotes":""},"class_list":["post-1109","page","type-page","status-publish","has-post-thumbnail","hentry"],"yoast_head":"<!-- This site is optimized with the Yoast SEO plugin v25.6 - https:\/\/yoast.com\/wordpress\/plugins\/seo\/ -->\n<title>Tutto sott&#039;occhio - L&#039;Eterno Assente<\/title>\n<meta name=\"robots\" content=\"index, follow, max-snippet:-1, max-image-preview:large, max-video-preview:-1\" \/>\n<link rel=\"canonical\" href=\"https:\/\/www.leternoassente.com\/?page_id=1109\" \/>\n<meta property=\"og:locale\" content=\"it_IT\" \/>\n<meta property=\"og:type\" content=\"article\" \/>\n<meta property=\"og:title\" content=\"Tutto sott&#039;occhio - L&#039;Eterno Assente\" \/>\n<meta property=\"og:description\" content=\"Centinaia di siti, migliaia di articoli: come convivere con l\u2019eccesso di informazione? In Internet trovi tutto. Ma proprio tutto. Dall\u2019informazione allo svago, dalla scienza al cinema. Tutto: recensioni, racconti, commenti, articoli, immagini ad altissima risoluzione, filmati antichissimi. Tutto. Perch\u00e9 in &hellip; Continua a leggere&rarr;\" \/>\n<meta property=\"og:url\" content=\"https:\/\/www.leternoassente.com\/?page_id=1109\" \/>\n<meta property=\"og:site_name\" content=\"L&#039;Eterno Assente\" \/>\n<meta property=\"article:modified_time\" content=\"2020-12-27T12:55:04+00:00\" \/>\n<meta property=\"og:image\" content=\"https:\/\/www.leternoassente.com\/wp-content\/uploads\/2018\/05\/feed2.jpg\" \/>\n\t<meta property=\"og:image:width\" content=\"1500\" \/>\n\t<meta property=\"og:image:height\" content=\"434\" \/>\n\t<meta property=\"og:image:type\" content=\"image\/jpeg\" \/>\n<meta name=\"twitter:card\" content=\"summary_large_image\" \/>\n<meta name=\"twitter:site\" content=\"@leternoassente\" \/>\n<meta name=\"twitter:label1\" content=\"Tempo di lettura stimato\" \/>\n\t<meta name=\"twitter:data1\" content=\"6 minuti\" \/>\n<script type=\"application\/ld+json\" class=\"yoast-schema-graph\">{\"@context\":\"https:\/\/schema.org\",\"@graph\":[{\"@type\":\"WebPage\",\"@id\":\"https:\/\/www.leternoassente.com\/?page_id=1109\",\"url\":\"https:\/\/www.leternoassente.com\/?page_id=1109\",\"name\":\"Tutto sott'occhio - L&#039;Eterno Assente\",\"isPartOf\":{\"@id\":\"https:\/\/www.leternoassente.com\/#website\"},\"primaryImageOfPage\":{\"@id\":\"https:\/\/www.leternoassente.com\/?page_id=1109#primaryimage\"},\"image\":{\"@id\":\"https:\/\/www.leternoassente.com\/?page_id=1109#primaryimage\"},\"thumbnailUrl\":\"https:\/\/www.leternoassente.com\/wp-content\/uploads\/2018\/05\/feed2.jpg\",\"datePublished\":\"2018-05-16T14:57:45+00:00\",\"dateModified\":\"2020-12-27T12:55:04+00:00\",\"breadcrumb\":{\"@id\":\"https:\/\/www.leternoassente.com\/?page_id=1109#breadcrumb\"},\"inLanguage\":\"it-IT\",\"potentialAction\":[{\"@type\":\"ReadAction\",\"target\":[\"https:\/\/www.leternoassente.com\/?page_id=1109\"]}]},{\"@type\":\"ImageObject\",\"inLanguage\":\"it-IT\",\"@id\":\"https:\/\/www.leternoassente.com\/?page_id=1109#primaryimage\",\"url\":\"https:\/\/www.leternoassente.com\/wp-content\/uploads\/2018\/05\/feed2.jpg\",\"contentUrl\":\"https:\/\/www.leternoassente.com\/wp-content\/uploads\/2018\/05\/feed2.jpg\",\"width\":1500,\"height\":434},{\"@type\":\"BreadcrumbList\",\"@id\":\"https:\/\/www.leternoassente.com\/?page_id=1109#breadcrumb\",\"itemListElement\":[{\"@type\":\"ListItem\",\"position\":1,\"name\":\"Home\",\"item\":\"https:\/\/www.leternoassente.com\/\"},{\"@type\":\"ListItem\",\"position\":2,\"name\":\"Tutto sott&#8217;occhio\"}]},{\"@type\":\"WebSite\",\"@id\":\"https:\/\/www.leternoassente.com\/#website\",\"url\":\"https:\/\/www.leternoassente.com\/\",\"name\":\"L&#039;Eterno Assente\",\"description\":\"Dio, la vita, il senso e altre cazzate\",\"publisher\":{\"@id\":\"https:\/\/www.leternoassente.com\/#\/schema\/person\/d2069751871fcdb89a30a0775f4170f9\"},\"potentialAction\":[{\"@type\":\"SearchAction\",\"target\":{\"@type\":\"EntryPoint\",\"urlTemplate\":\"https:\/\/www.leternoassente.com\/?s={search_term_string}\"},\"query-input\":{\"@type\":\"PropertyValueSpecification\",\"valueRequired\":true,\"valueName\":\"search_term_string\"}}],\"inLanguage\":\"it-IT\"},{\"@type\":[\"Person\",\"Organization\"],\"@id\":\"https:\/\/www.leternoassente.com\/#\/schema\/person\/d2069751871fcdb89a30a0775f4170f9\",\"name\":\"Choam Goldberg\",\"image\":{\"@type\":\"ImageObject\",\"inLanguage\":\"it-IT\",\"@id\":\"https:\/\/www.leternoassente.com\/#\/schema\/person\/image\/\",\"url\":\"https:\/\/secure.gravatar.com\/avatar\/63d2c9f25f05d3da5001f2898f6fc9cd?s=96&d=wavatar&r=g\",\"contentUrl\":\"https:\/\/secure.gravatar.com\/avatar\/63d2c9f25f05d3da5001f2898f6fc9cd?s=96&d=wavatar&r=g\",\"caption\":\"Choam Goldberg\"},\"logo\":{\"@id\":\"https:\/\/www.leternoassente.com\/#\/schema\/person\/image\/\"},\"description\":\"Contemplata la vastit\u00e0 del cazzo che gliene frega e raggiunta l\u2019atarass\u00eca, Choam Goldberg pratica nondimeno l'antica, dilettevole e nobile arte di demolire le credenze dei\u00a0beoti e degli insipienti.\",\"sameAs\":[\"http:\/\/www.leternoassente.com\"]}]}<\/script>\n<!-- \/ Yoast SEO plugin. -->","yoast_head_json":{"title":"Tutto sott'occhio - L&#039;Eterno Assente","robots":{"index":"index","follow":"follow","max-snippet":"max-snippet:-1","max-image-preview":"max-image-preview:large","max-video-preview":"max-video-preview:-1"},"canonical":"https:\/\/www.leternoassente.com\/?page_id=1109","og_locale":"it_IT","og_type":"article","og_title":"Tutto sott'occhio - L&#039;Eterno Assente","og_description":"Centinaia di siti, migliaia di articoli: come convivere con l\u2019eccesso di informazione? In Internet trovi tutto. Ma proprio tutto. Dall\u2019informazione allo svago, dalla scienza al cinema. Tutto: recensioni, racconti, commenti, articoli, immagini ad altissima risoluzione, filmati antichissimi. Tutto. Perch\u00e9 in &hellip; Continua a leggere&rarr;","og_url":"https:\/\/www.leternoassente.com\/?page_id=1109","og_site_name":"L&#039;Eterno Assente","article_modified_time":"2020-12-27T12:55:04+00:00","og_image":[{"width":1500,"height":434,"url":"https:\/\/www.leternoassente.com\/wp-content\/uploads\/2018\/05\/feed2.jpg","type":"image\/jpeg"}],"twitter_card":"summary_large_image","twitter_site":"@leternoassente","twitter_misc":{"Tempo di lettura stimato":"6 minuti"},"schema":{"@context":"https:\/\/schema.org","@graph":[{"@type":"WebPage","@id":"https:\/\/www.leternoassente.com\/?page_id=1109","url":"https:\/\/www.leternoassente.com\/?page_id=1109","name":"Tutto sott'occhio - L&#039;Eterno Assente","isPartOf":{"@id":"https:\/\/www.leternoassente.com\/#website"},"primaryImageOfPage":{"@id":"https:\/\/www.leternoassente.com\/?page_id=1109#primaryimage"},"image":{"@id":"https:\/\/www.leternoassente.com\/?page_id=1109#primaryimage"},"thumbnailUrl":"https:\/\/www.leternoassente.com\/wp-content\/uploads\/2018\/05\/feed2.jpg","datePublished":"2018-05-16T14:57:45+00:00","dateModified":"2020-12-27T12:55:04+00:00","breadcrumb":{"@id":"https:\/\/www.leternoassente.com\/?page_id=1109#breadcrumb"},"inLanguage":"it-IT","potentialAction":[{"@type":"ReadAction","target":["https:\/\/www.leternoassente.com\/?page_id=1109"]}]},{"@type":"ImageObject","inLanguage":"it-IT","@id":"https:\/\/www.leternoassente.com\/?page_id=1109#primaryimage","url":"https:\/\/www.leternoassente.com\/wp-content\/uploads\/2018\/05\/feed2.jpg","contentUrl":"https:\/\/www.leternoassente.com\/wp-content\/uploads\/2018\/05\/feed2.jpg","width":1500,"height":434},{"@type":"BreadcrumbList","@id":"https:\/\/www.leternoassente.com\/?page_id=1109#breadcrumb","itemListElement":[{"@type":"ListItem","position":1,"name":"Home","item":"https:\/\/www.leternoassente.com\/"},{"@type":"ListItem","position":2,"name":"Tutto sott&#8217;occhio"}]},{"@type":"WebSite","@id":"https:\/\/www.leternoassente.com\/#website","url":"https:\/\/www.leternoassente.com\/","name":"L&#039;Eterno Assente","description":"Dio, la vita, il senso e altre cazzate","publisher":{"@id":"https:\/\/www.leternoassente.com\/#\/schema\/person\/d2069751871fcdb89a30a0775f4170f9"},"potentialAction":[{"@type":"SearchAction","target":{"@type":"EntryPoint","urlTemplate":"https:\/\/www.leternoassente.com\/?s={search_term_string}"},"query-input":{"@type":"PropertyValueSpecification","valueRequired":true,"valueName":"search_term_string"}}],"inLanguage":"it-IT"},{"@type":["Person","Organization"],"@id":"https:\/\/www.leternoassente.com\/#\/schema\/person\/d2069751871fcdb89a30a0775f4170f9","name":"Choam Goldberg","image":{"@type":"ImageObject","inLanguage":"it-IT","@id":"https:\/\/www.leternoassente.com\/#\/schema\/person\/image\/","url":"https:\/\/secure.gravatar.com\/avatar\/63d2c9f25f05d3da5001f2898f6fc9cd?s=96&d=wavatar&r=g","contentUrl":"https:\/\/secure.gravatar.com\/avatar\/63d2c9f25f05d3da5001f2898f6fc9cd?s=96&d=wavatar&r=g","caption":"Choam Goldberg"},"logo":{"@id":"https:\/\/www.leternoassente.com\/#\/schema\/person\/image\/"},"description":"Contemplata la vastit\u00e0 del cazzo che gliene frega e raggiunta l\u2019atarass\u00eca, Choam Goldberg pratica nondimeno l'antica, dilettevole e nobile arte di demolire le credenze dei\u00a0beoti e degli insipienti.","sameAs":["http:\/\/www.leternoassente.com"]}]}},"_links":{"self":[{"href":"https:\/\/www.leternoassente.com\/index.php?rest_route=\/wp\/v2\/pages\/1109"}],"collection":[{"href":"https:\/\/www.leternoassente.com\/index.php?rest_route=\/wp\/v2\/pages"}],"about":[{"href":"https:\/\/www.leternoassente.com\/index.php?rest_route=\/wp\/v2\/types\/page"}],"author":[{"embeddable":true,"href":"https:\/\/www.leternoassente.com\/index.php?rest_route=\/wp\/v2\/users\/1"}],"replies":[{"embeddable":true,"href":"https:\/\/www.leternoassente.com\/index.php?rest_route=%2Fwp%2Fv2%2Fcomments&post=1109"}],"version-history":[{"count":9,"href":"https:\/\/www.leternoassente.com\/index.php?rest_route=\/wp\/v2\/pages\/1109\/revisions"}],"predecessor-version":[{"id":3963,"href":"https:\/\/www.leternoassente.com\/index.php?rest_route=\/wp\/v2\/pages\/1109\/revisions\/3963"}],"wp:featuredmedia":[{"embeddable":true,"href":"https:\/\/www.leternoassente.com\/index.php?rest_route=\/wp\/v2\/media\/1116"}],"wp:attachment":[{"href":"https:\/\/www.leternoassente.com\/index.php?rest_route=%2Fwp%2Fv2%2Fmedia&parent=1109"}],"curies":[{"name":"wp","href":"https:\/\/api.w.org\/{rel}","templated":true}]}}