{"id":6387,"date":"2023-12-05T14:40:08","date_gmt":"2023-12-05T13:40:08","guid":{"rendered":"https:\/\/www.leternoassente.com\/?page_id=6387"},"modified":"2024-07-23T17:38:21","modified_gmt":"2024-07-23T15:38:21","slug":"il-cristianesimo-in-2-minuti-23-50","status":"publish","type":"page","link":"https:\/\/www.leternoassente.com\/?page_id=6387","title":{"rendered":"Il cristianesimo in 2 minuti \u2013 23\/50"},"content":{"rendered":"<p><strong>La profezia di Isaia 53: parla di Israele, non di Ges\u00f9<\/strong><\/p>\n<hr>\n<p><a href=\"https:\/\/www.leternoassente.com\/wp-content\/uploads\/2023\/12\/palladivetro.jpg\"><img loading=\"lazy\" decoding=\"async\" class=\"alignleft size-full wp-image-6391\" src=\"https:\/\/www.leternoassente.com\/wp-content\/uploads\/2023\/12\/palladivetro.jpg\" alt=\"\" width=\"1440\" height=\"810\" srcset=\"https:\/\/www.leternoassente.com\/wp-content\/uploads\/2023\/12\/palladivetro.jpg 1440w, https:\/\/www.leternoassente.com\/wp-content\/uploads\/2023\/12\/palladivetro-300x169.jpg 300w, https:\/\/www.leternoassente.com\/wp-content\/uploads\/2023\/12\/palladivetro-1024x576.jpg 1024w, https:\/\/www.leternoassente.com\/wp-content\/uploads\/2023\/12\/palladivetro-768x432.jpg 768w, https:\/\/www.leternoassente.com\/wp-content\/uploads\/2023\/12\/palladivetro-500x281.jpg 500w\" sizes=\"(max-width: 1440px) 100vw, 1440px\" \/><\/a><\/p>\n<p>Gli apologeti affermano che il capitolo 53 di Isaia fornisce un riassunto incredibilmente accurato della crocifissione di Ges\u00f9. Sostengono la loro tesi con versetti come i seguenti.<\/p>\n<blockquote><p>Molti, nel vederlo,<br \/>\nsono rimasti sconcertati,<br \/>\ntanto il suo aspetto era sfigurato<br \/>\ne il suo volto non aveva pi\u00f9 nulla di umano.<br \/>\n\u2013 Isaia 52,14<\/p><\/blockquote>\n<p>Alcuni asseriscono che questo versetto si riferisce alle percosse ricevute da Ges\u00f9, anche se i Vangeli non menzionano mai il suo aspetto.<\/p>\n<blockquote><p>Noi l&#8217;abbiamo rifiutato e disprezzato,<br \/>\ncome un uomo pieno di sofferenze e di dolore,<br \/>\ncome uno che fa ribrezzo a guardarlo,<br \/>\nche non vale niente,<br \/>\ne non lo abbiamo tenuto in considerazione.<br \/>\n\u2013 Isaia 53,3<\/p><\/blockquote>\n<p>Non sembra il rabbino carismatico che predicava a migliaia di ascoltatori attenti e faceva il suo ingresso trionfale a Gerusalemme la Domenica delle Palme.<\/p>\n<blockquote><p>Egli si \u00e8 lasciato maltrattare,<br \/>\nsenza opporsi e senza aprir bocca,<br \/>\ndocile come un agnello condotto al macello,<br \/>\nmuto come una pecora davanti ai tosatori.<br \/>\n\u2013 Isaia 53,7<\/p><\/blockquote>\n<p>I Vangeli sinottici (Matteo, Marco e Luca) concordano sul fatto che Ges\u00f9 tacque davanti ai suoi accusatori, anche se Giovanni afferma il contrario.<\/p>\n<blockquote><p>\u00c8 stato sepolto con i criminali,<br \/>\nsi \u00e8 trovato con i ricchi nella tomba.<br \/>\n\u2013 Isaia 53,9<\/p><\/blockquote>\n<p>Questo passo viene spesso interpretato nel senso che Ges\u00f9 avrebbe dovuto essere sepolto con i criminali, anche se in realt\u00e0 fu sepolto nella tomba di un uomo ricco, Giuseppe di Arimatea.<\/p>\n<p>Molti versetti danno un&#8217;idea del servo sofferente che si fa carico dei pesi del suo popolo.<\/p>\n<blockquote><p>Invece egli \u00e8 stato ferito<br \/>\nper le nostre colpe,<br \/>\n\u00e8 stato schiacciato per i nostri peccati.<br \/>\nEgli \u00e8 stato punito,<br \/>\ne noi siamo stati salvati.<br \/>\nEgli \u00e8 stato percosso,<br \/>\ne noi siamo guariti.<br \/>\n\u2013 Isaia 53,5<\/p>\n<p>\u00c8 stato eliminato dal mondo dei vivi,<br \/>\ncolpito a morte<br \/>\nper i peccati&nbsp;del suo popolo.<br \/>\n\u2013 Isaia 53,8<\/p>\n<p>Ha preso su di s\u00e9<br \/>\nle colpe di tutti gli altri<br \/>\ned \u00e8 intervenuto a favore dei peccatori\u00bb.<br \/>\n\u2013 Isaia 53,12<\/p><\/blockquote>\n<p>E cos\u00ec via.<\/p>\n<p>Presi singolarmente, questi versetti sembrano intriganti, ma lasciamo che il capitolo parli da solo e la storia crolla. Consideriamo ora alcuni versetti dei capitoli 12 e 13 evitati dagli apologeti.<\/p>\n<blockquote><p>E anche, ora, molti popoli<br \/>\nsi meraviglieranno di lui<br \/>\ne i re non sapranno pi\u00f9 cosa dire<br \/>\nalla sua presenza.<br \/>\n\u2013 Isaia 52,15<\/p><\/blockquote>\n<p>I popoli si meraviglieranno e i re non sapranno pi\u00f9 cosa dire? Non solo Ges\u00f9 non era famoso a livello internazionale durante la sua vita, ma la Storia non registra nulla su di lui al di fuori dei Vangeli.<\/p>\n<blockquote><p>Lui, suo servo, ha dato la vita<br \/>\ncome un&nbsp;sacrificio&nbsp;per gli altri;<br \/>\navr\u00e0 discendenza e vivr\u00e0 a lungo.<br \/>\nRealizzer\u00e0 il progetto del Signore.<br \/>\n\u2013 Isaia 53,10<\/p><\/blockquote>\n<p>\u00c8 un bel pensiero: Ges\u00f9 sopporta grandi prove ma poi, come Giobbe, viene ricompensato con figli, prosperit\u00e0 e lunga vita. Purtroppo non \u00e8 cos\u00ec che si svolge la storia del Vangelo.<\/p>\n<blockquote><p>Perci\u00f2 lo pongo tra i grandi,<br \/>\ne parteciper\u00e0 al trionfo dei potenti.<br \/>\n\u2013 Isaia 53,12<\/p><\/blockquote>\n<p>Come un guerriero che condivide il bottino della battaglia, il servo sar\u00e0 ricompensato, ma \u00e8 solo uno fra i tanti che riceve una parte. Sembra Ges\u00f9: uno tra gli uguali, solo uno dei \u00abgrandi\u00bb?<\/p>\n<p>Costui somiglia poco al Ges\u00f9 dei Vangeli perch\u00e9 questo capitolo non parla di Ges\u00f9. Considerato il periodo in cui questa parte di Isaia probabilmente \u00e8 stata scritta, cio\u00e8 dopo la conquista di Giuda da parte di Babilonia nel 586 a.C., si pu\u00f2 presumere che questo servo sofferente sia la nazione di Israele, punita attraverso l&#8217;esilio babilonese. Questa \u00e8 anche l&#8217;interpretazione tradizionale ebraica. Inoltre qualsiasi parallelo tra il \u00abservo sofferente\u00bb di Isaia 53 e Ges\u00f9 \u00e8 facilmente spiegabile con l&#8217;uso delle Scritture ebraiche da parte degli autori per abbellire i Vangeli.<\/p>\n<p><a href=\"https:\/\/2minutechristianity.com\/blog\/\"><strong>Bob Seidensticker<\/strong><\/a><\/p>\n<hr>\n<p><strong>Note<\/strong><\/p>\n<blockquote><p>Molti, nel vederlo,<br \/>\nsono rimasti sconcertati,<br \/>\ntanto il suo aspetto era sfigurato<br \/>\ne il suo volto non aveva pi\u00f9 nulla di umano.<br \/>\n\u2013 Isaia 52,14<\/p><\/blockquote>\n<p>(la \u00abprofezia\u00bb di Isaia 53 in realt\u00e0 comincia a Isaia 52,13)<\/p>\n<p>Il carismatico rabbi che ha predicato a migliaia di ascoltatori attenti: Matteo 5-7.<\/p>\n<p>Un&#8217;entrata trionfale a Gerusalemme: Giovanni 12,12-13.<\/p>\n<p>Giovanni dice il contrario: Giovanni 18,34, Giovanni 19,11.<\/p>\n<hr>\n<p>(23\/50 \u2013 <a href=\"https:\/\/www.leternoassente.com\/?page_id=6398\">continua<\/a>)<\/p>\n<p>Immagine: <a href=\"https:\/\/www.pexels.com\/photo\/person-holding-ball-glass-1547811\/\">Artem Saranin<\/a> via Pexels<\/p>\n<p><a href=\"https:\/\/www.leternoassente.com\/?page_id=5508\">Tutte le puntate.<\/a><\/p>\n<p>Leggi la <a href=\"https:\/\/2minutechristianity.com\/2023\/01\/30\/23-isaiah-53-prophecy-its-talking-about-israel-not-jesus\/\">versione originale dell&#8217;articolo<\/a>.<\/p>\n<p>Ascolta l&#8217;articolo nel <a href=\"https:\/\/twominutechristianity.podbean.com\/e\/23-isaiah-53-prophecy-it-s-talking-about-israel-not-jesus\/\">podcast<\/a> o nel <a href=\"https:\/\/www.youtube.com\/watch?v=cjCllN81EIA\">canale YouTube<\/a>.<\/p>\n<p>All material on this article is copyright 2023 by Bob Seidensticker. Translation By Choam Goldberg.<\/p>\n<hr>\n<p><em>Avvertenza:<\/em><br \/>\n<em>La lingua di questo articolo cerca di conciliare l&#8217;inclusivit\u00e0 con la leggibilit\u00e0 e la scorrevolezza. Nessuno si offenda quindi se evita le ripetizioni e usa il plurale sovraesteso. <a href=\"https:\/\/www.leternoassente.com\/?p=5651\">Ch\u00e9 mi spiace, ma la schwa anche no.<\/a><\/em><\/p>\n<hr>\n<p><em>Qui sotto trovi la possibilit\u00e0 di commentare quest&#8217;articolo. Per farlo, devi<br \/>\n1. confermare che sei ateo\/a,<br \/>\n2. essere consapevole che, se menti, stai commettendo il gravissimo peccato di apostasia,<br \/>\n3. aspettare che il commento sia approvato dall&#8217;admin.<br \/>\nL&#8217;approvazione dei commenti dipende dall&#8217;insindacabile e inappellabile giudizio dell&#8217;admin. Se vuoi saperne di pi\u00f9 a proposito dei commenti, puoi consultare le <a href=\"http:\/\/www.leternoassente.com\/?page_id=957#nocomment\" rel=\"noopener\" target=\"_blank\">FAQ<\/a>.<br \/>\nInoltre puoi commentare gli articoli e i post nel <a href=\"https:\/\/www.facebook.com\/groups\/eternoassente\/\" rel=\"noopener\" target=\"_blank\">Gruppo Facebook de L&#8217;Eterno Assente<\/a>, se ti iscrivi al Gruppo dopo aver risposto a una semplice domanda.<\/em><\/p>\n","protected":false},"excerpt":{"rendered":"<p>La profezia di Isaia 53: parla di Israele, non di Ges\u00f9 Gli apologeti affermano che il capitolo 53 di Isaia fornisce un riassunto incredibilmente accurato della crocifissione di Ges\u00f9. Sostengono la loro tesi con versetti come i seguenti. Molti, nel &hellip; <a href=\"https:\/\/www.leternoassente.com\/?page_id=6387\">Continua a leggere<span class=\"meta-nav\">&rarr;<\/span><\/a><\/p>\n","protected":false},"author":1,"featured_media":5533,"parent":5508,"menu_order":0,"comment_status":"open","ping_status":"closed","template":"","meta":{"footnotes":""},"class_list":["post-6387","page","type-page","status-publish","has-post-thumbnail","hentry"],"yoast_head":"<!-- This site is optimized with the Yoast SEO plugin v25.6 - https:\/\/yoast.com\/wordpress\/plugins\/seo\/ -->\n<title>Il cristianesimo in 2 minuti \u2013 23\/50 - L&#039;Eterno Assente<\/title>\n<meta name=\"description\" content=\"La profezia di Isaia 53: parla di Israele, non di Ges\u00f9\" \/>\n<meta name=\"robots\" content=\"index, follow, max-snippet:-1, max-image-preview:large, max-video-preview:-1\" \/>\n<link rel=\"canonical\" href=\"https:\/\/www.leternoassente.com\/?page_id=6387\" \/>\n<meta property=\"og:locale\" content=\"it_IT\" \/>\n<meta property=\"og:type\" content=\"article\" \/>\n<meta property=\"og:title\" content=\"Il cristianesimo in 2 minuti \u2013 23\/50 - L&#039;Eterno Assente\" \/>\n<meta property=\"og:description\" content=\"La profezia di Isaia 53: parla di Israele, non di Ges\u00f9\" \/>\n<meta property=\"og:url\" content=\"https:\/\/www.leternoassente.com\/?page_id=6387\" \/>\n<meta property=\"og:site_name\" content=\"L&#039;Eterno Assente\" \/>\n<meta property=\"article:modified_time\" content=\"2024-07-23T15:38:21+00:00\" \/>\n<meta property=\"og:image\" content=\"https:\/\/www.leternoassente.com\/wp-content\/uploads\/2022\/12\/2minuticristianesimotagliato.jpg\" \/>\n\t<meta property=\"og:image:width\" content=\"1213\" \/>\n\t<meta property=\"og:image:height\" content=\"600\" \/>\n\t<meta property=\"og:image:type\" content=\"image\/jpeg\" \/>\n<meta name=\"twitter:card\" content=\"summary_large_image\" \/>\n<meta name=\"twitter:site\" content=\"@leternoassente\" \/>\n<meta name=\"twitter:label1\" content=\"Tempo di lettura stimato\" \/>\n\t<meta name=\"twitter:data1\" content=\"5 minuti\" \/>\n<script type=\"application\/ld+json\" class=\"yoast-schema-graph\">{\"@context\":\"https:\/\/schema.org\",\"@graph\":[{\"@type\":\"WebPage\",\"@id\":\"https:\/\/www.leternoassente.com\/?page_id=6387\",\"url\":\"https:\/\/www.leternoassente.com\/?page_id=6387\",\"name\":\"Il cristianesimo in 2 minuti \u2013 23\/50 - L&#039;Eterno Assente\",\"isPartOf\":{\"@id\":\"https:\/\/www.leternoassente.com\/#website\"},\"primaryImageOfPage\":{\"@id\":\"https:\/\/www.leternoassente.com\/?page_id=6387#primaryimage\"},\"image\":{\"@id\":\"https:\/\/www.leternoassente.com\/?page_id=6387#primaryimage\"},\"thumbnailUrl\":\"https:\/\/www.leternoassente.com\/wp-content\/uploads\/2022\/12\/2minuticristianesimo-1.jpg\",\"datePublished\":\"2023-12-05T13:40:08+00:00\",\"dateModified\":\"2024-07-23T15:38:21+00:00\",\"description\":\"La profezia di Isaia 53: parla di Israele, non di Ges\u00f9\",\"breadcrumb\":{\"@id\":\"https:\/\/www.leternoassente.com\/?page_id=6387#breadcrumb\"},\"inLanguage\":\"it-IT\",\"potentialAction\":[{\"@type\":\"ReadAction\",\"target\":[\"https:\/\/www.leternoassente.com\/?page_id=6387\"]}]},{\"@type\":\"ImageObject\",\"inLanguage\":\"it-IT\",\"@id\":\"https:\/\/www.leternoassente.com\/?page_id=6387#primaryimage\",\"url\":\"https:\/\/www.leternoassente.com\/wp-content\/uploads\/2022\/12\/2minuticristianesimo-1.jpg\",\"contentUrl\":\"https:\/\/www.leternoassente.com\/wp-content\/uploads\/2022\/12\/2minuticristianesimo-1.jpg\",\"width\":1500,\"height\":434},{\"@type\":\"BreadcrumbList\",\"@id\":\"https:\/\/www.leternoassente.com\/?page_id=6387#breadcrumb\",\"itemListElement\":[{\"@type\":\"ListItem\",\"position\":1,\"name\":\"Home\",\"item\":\"https:\/\/www.leternoassente.com\/\"},{\"@type\":\"ListItem\",\"position\":2,\"name\":\"Il cristianesimo in 2 minuti\",\"item\":\"https:\/\/www.leternoassente.com\/?page_id=5508\"},{\"@type\":\"ListItem\",\"position\":3,\"name\":\"Il cristianesimo in 2 minuti \u2013 23\/50\"}]},{\"@type\":\"WebSite\",\"@id\":\"https:\/\/www.leternoassente.com\/#website\",\"url\":\"https:\/\/www.leternoassente.com\/\",\"name\":\"L&#039;Eterno Assente\",\"description\":\"Dio, la vita, il senso e altre cazzate\",\"publisher\":{\"@id\":\"https:\/\/www.leternoassente.com\/#\/schema\/person\/d2069751871fcdb89a30a0775f4170f9\"},\"potentialAction\":[{\"@type\":\"SearchAction\",\"target\":{\"@type\":\"EntryPoint\",\"urlTemplate\":\"https:\/\/www.leternoassente.com\/?s={search_term_string}\"},\"query-input\":{\"@type\":\"PropertyValueSpecification\",\"valueRequired\":true,\"valueName\":\"search_term_string\"}}],\"inLanguage\":\"it-IT\"},{\"@type\":[\"Person\",\"Organization\"],\"@id\":\"https:\/\/www.leternoassente.com\/#\/schema\/person\/d2069751871fcdb89a30a0775f4170f9\",\"name\":\"Choam Goldberg\",\"image\":{\"@type\":\"ImageObject\",\"inLanguage\":\"it-IT\",\"@id\":\"https:\/\/www.leternoassente.com\/#\/schema\/person\/image\/\",\"url\":\"https:\/\/secure.gravatar.com\/avatar\/63d2c9f25f05d3da5001f2898f6fc9cd?s=96&d=wavatar&r=g\",\"contentUrl\":\"https:\/\/secure.gravatar.com\/avatar\/63d2c9f25f05d3da5001f2898f6fc9cd?s=96&d=wavatar&r=g\",\"caption\":\"Choam Goldberg\"},\"logo\":{\"@id\":\"https:\/\/www.leternoassente.com\/#\/schema\/person\/image\/\"},\"description\":\"Contemplata la vastit\u00e0 del cazzo che gliene frega e raggiunta l\u2019atarass\u00eca, Choam Goldberg pratica nondimeno l'antica, dilettevole e nobile arte di demolire le credenze dei\u00a0beoti e degli insipienti.\",\"sameAs\":[\"http:\/\/www.leternoassente.com\"]}]}<\/script>\n<!-- \/ Yoast SEO plugin. -->","yoast_head_json":{"title":"Il cristianesimo in 2 minuti \u2013 23\/50 - L&#039;Eterno Assente","description":"La profezia di Isaia 53: parla di Israele, non di Ges\u00f9","robots":{"index":"index","follow":"follow","max-snippet":"max-snippet:-1","max-image-preview":"max-image-preview:large","max-video-preview":"max-video-preview:-1"},"canonical":"https:\/\/www.leternoassente.com\/?page_id=6387","og_locale":"it_IT","og_type":"article","og_title":"Il cristianesimo in 2 minuti \u2013 23\/50 - L&#039;Eterno Assente","og_description":"La profezia di Isaia 53: parla di Israele, non di Ges\u00f9","og_url":"https:\/\/www.leternoassente.com\/?page_id=6387","og_site_name":"L&#039;Eterno Assente","article_modified_time":"2024-07-23T15:38:21+00:00","og_image":[{"width":1213,"height":600,"url":"https:\/\/www.leternoassente.com\/wp-content\/uploads\/2022\/12\/2minuticristianesimotagliato.jpg","type":"image\/jpeg"}],"twitter_card":"summary_large_image","twitter_site":"@leternoassente","twitter_misc":{"Tempo di lettura stimato":"5 minuti"},"schema":{"@context":"https:\/\/schema.org","@graph":[{"@type":"WebPage","@id":"https:\/\/www.leternoassente.com\/?page_id=6387","url":"https:\/\/www.leternoassente.com\/?page_id=6387","name":"Il cristianesimo in 2 minuti \u2013 23\/50 - L&#039;Eterno Assente","isPartOf":{"@id":"https:\/\/www.leternoassente.com\/#website"},"primaryImageOfPage":{"@id":"https:\/\/www.leternoassente.com\/?page_id=6387#primaryimage"},"image":{"@id":"https:\/\/www.leternoassente.com\/?page_id=6387#primaryimage"},"thumbnailUrl":"https:\/\/www.leternoassente.com\/wp-content\/uploads\/2022\/12\/2minuticristianesimo-1.jpg","datePublished":"2023-12-05T13:40:08+00:00","dateModified":"2024-07-23T15:38:21+00:00","description":"La profezia di Isaia 53: parla di Israele, non di Ges\u00f9","breadcrumb":{"@id":"https:\/\/www.leternoassente.com\/?page_id=6387#breadcrumb"},"inLanguage":"it-IT","potentialAction":[{"@type":"ReadAction","target":["https:\/\/www.leternoassente.com\/?page_id=6387"]}]},{"@type":"ImageObject","inLanguage":"it-IT","@id":"https:\/\/www.leternoassente.com\/?page_id=6387#primaryimage","url":"https:\/\/www.leternoassente.com\/wp-content\/uploads\/2022\/12\/2minuticristianesimo-1.jpg","contentUrl":"https:\/\/www.leternoassente.com\/wp-content\/uploads\/2022\/12\/2minuticristianesimo-1.jpg","width":1500,"height":434},{"@type":"BreadcrumbList","@id":"https:\/\/www.leternoassente.com\/?page_id=6387#breadcrumb","itemListElement":[{"@type":"ListItem","position":1,"name":"Home","item":"https:\/\/www.leternoassente.com\/"},{"@type":"ListItem","position":2,"name":"Il cristianesimo in 2 minuti","item":"https:\/\/www.leternoassente.com\/?page_id=5508"},{"@type":"ListItem","position":3,"name":"Il cristianesimo in 2 minuti \u2013 23\/50"}]},{"@type":"WebSite","@id":"https:\/\/www.leternoassente.com\/#website","url":"https:\/\/www.leternoassente.com\/","name":"L&#039;Eterno Assente","description":"Dio, la vita, il senso e altre cazzate","publisher":{"@id":"https:\/\/www.leternoassente.com\/#\/schema\/person\/d2069751871fcdb89a30a0775f4170f9"},"potentialAction":[{"@type":"SearchAction","target":{"@type":"EntryPoint","urlTemplate":"https:\/\/www.leternoassente.com\/?s={search_term_string}"},"query-input":{"@type":"PropertyValueSpecification","valueRequired":true,"valueName":"search_term_string"}}],"inLanguage":"it-IT"},{"@type":["Person","Organization"],"@id":"https:\/\/www.leternoassente.com\/#\/schema\/person\/d2069751871fcdb89a30a0775f4170f9","name":"Choam Goldberg","image":{"@type":"ImageObject","inLanguage":"it-IT","@id":"https:\/\/www.leternoassente.com\/#\/schema\/person\/image\/","url":"https:\/\/secure.gravatar.com\/avatar\/63d2c9f25f05d3da5001f2898f6fc9cd?s=96&d=wavatar&r=g","contentUrl":"https:\/\/secure.gravatar.com\/avatar\/63d2c9f25f05d3da5001f2898f6fc9cd?s=96&d=wavatar&r=g","caption":"Choam Goldberg"},"logo":{"@id":"https:\/\/www.leternoassente.com\/#\/schema\/person\/image\/"},"description":"Contemplata la vastit\u00e0 del cazzo che gliene frega e raggiunta l\u2019atarass\u00eca, Choam Goldberg pratica nondimeno l'antica, dilettevole e nobile arte di demolire le credenze dei\u00a0beoti e degli insipienti.","sameAs":["http:\/\/www.leternoassente.com"]}]}},"_links":{"self":[{"href":"https:\/\/www.leternoassente.com\/index.php?rest_route=\/wp\/v2\/pages\/6387"}],"collection":[{"href":"https:\/\/www.leternoassente.com\/index.php?rest_route=\/wp\/v2\/pages"}],"about":[{"href":"https:\/\/www.leternoassente.com\/index.php?rest_route=\/wp\/v2\/types\/page"}],"author":[{"embeddable":true,"href":"https:\/\/www.leternoassente.com\/index.php?rest_route=\/wp\/v2\/users\/1"}],"replies":[{"embeddable":true,"href":"https:\/\/www.leternoassente.com\/index.php?rest_route=%2Fwp%2Fv2%2Fcomments&post=6387"}],"version-history":[{"count":6,"href":"https:\/\/www.leternoassente.com\/index.php?rest_route=\/wp\/v2\/pages\/6387\/revisions"}],"predecessor-version":[{"id":6642,"href":"https:\/\/www.leternoassente.com\/index.php?rest_route=\/wp\/v2\/pages\/6387\/revisions\/6642"}],"up":[{"embeddable":true,"href":"https:\/\/www.leternoassente.com\/index.php?rest_route=\/wp\/v2\/pages\/5508"}],"wp:featuredmedia":[{"embeddable":true,"href":"https:\/\/www.leternoassente.com\/index.php?rest_route=\/wp\/v2\/media\/5533"}],"wp:attachment":[{"href":"https:\/\/www.leternoassente.com\/index.php?rest_route=%2Fwp%2Fv2%2Fmedia&parent=6387"}],"curies":[{"name":"wp","href":"https:\/\/api.w.org\/{rel}","templated":true}]}}