{"id":6459,"date":"2024-03-14T09:53:26","date_gmt":"2024-03-14T08:53:26","guid":{"rendered":"https:\/\/www.leternoassente.com\/?page_id=6459"},"modified":"2024-07-23T17:40:56","modified_gmt":"2024-07-23T15:40:56","slug":"il-cristianesimo-in-2-minuti-27-50","status":"publish","type":"page","link":"https:\/\/www.leternoassente.com\/?page_id=6459","title":{"rendered":"Il cristianesimo in 2 minuti \u2013 27\/50"},"content":{"rendered":"<p><strong>Quando Dio mente: invece dovrebbe seguire i suoi stessi Dieci Comandamenti<\/strong><\/p>\n<hr>\n<p><a href=\"https:\/\/www.leternoassente.com\/wp-content\/uploads\/2024\/03\/10comandamenti.jpg\"><img loading=\"lazy\" decoding=\"async\" class=\"alignleft size-full wp-image-6462\" src=\"https:\/\/www.leternoassente.com\/wp-content\/uploads\/2024\/03\/10comandamenti.jpg\" alt=\"\" width=\"1440\" height=\"803\" srcset=\"https:\/\/www.leternoassente.com\/wp-content\/uploads\/2024\/03\/10comandamenti.jpg 1440w, https:\/\/www.leternoassente.com\/wp-content\/uploads\/2024\/03\/10comandamenti-300x167.jpg 300w, https:\/\/www.leternoassente.com\/wp-content\/uploads\/2024\/03\/10comandamenti-1024x571.jpg 1024w, https:\/\/www.leternoassente.com\/wp-content\/uploads\/2024\/03\/10comandamenti-768x428.jpg 768w, https:\/\/www.leternoassente.com\/wp-content\/uploads\/2024\/03\/10comandamenti-500x279.jpg 500w\" sizes=\"(max-width: 1440px) 100vw, 1440px\" \/><\/a><\/p>\n<p>La Bibbia proibisce la menzogna nei Dieci Comandamenti. La Bibbia dice anche: \u00ab&#8230;\u00e8 impossibile che Dio mentisca\u00bb. Ma \u00e8 vero? Vediamo che cosa dice il Libro sacro a proposito di Dio che mente.<\/p>\n<p>Lo vediamo nel primo libro della Bibbia. Dio avverte Adamo: \u00abPuoi mangiare il frutto di qualsiasi albero del giardino, ma non quello dell&#8217;albero che infonde la conoscenza di tutto. Se ne mangerai sarai destinato a morire!\u00bb. Adamo non mor\u00ec e visse fino a 930 anni.<\/p>\n<p>Alcuni sostengono che \u00abmorire\u00bb significhi che Adamo ed Eva non erano pi\u00f9 immortali dopo aver mangiato il frutto. In realt\u00e0 per\u00f2 non lo sono mai stati. Questo \u00e8 chiaro: infatti Dio li esili\u00f2 dal Giardino in modo che non avessero accesso all&#8217;Albero della vita. Il consumo di quel frutto avrebbe dato loro l&#8217;immortalit\u00e0.<\/p>\n<p>Una volta Dio ment\u00ec attraverso un profeta. Il re di Israele Achab consult\u00f2 i suoi 400 profeti su un&#8217;imminente battaglia e questi gli assicurarono il successo. Solo un profeta predisse un disastro, ma aveva ragione. Dio voleva che Achab morisse e autorizz\u00f2 uno spirito a far s\u00ec che gli altri profeti mentissero per attirarlo in battaglia.<\/p>\n<p>Nella storia dell&#8217;Esodo, Dio rese ostinato il cuore del Faraone per impedirgli di liberare gli israeliti. Nel Nuovo testamento Dio fa la stessa cosa. A coloro che sono destinati all&#8217;inferno, \u00abDio manda a questa gente una forza di inganno, in modo che essi credano alla menzogna. Cos\u00ec (&#8230;) saranno condannati.\u00bb.<\/p>\n<p>Gli oppositori ebrei di Ges\u00f9 furono trattati allo stesso modo. Avevano visto i suoi miracoli. Non credettero, ma non perch\u00e9 le prove fossero scarse, perch\u00e9 non capissero o perch\u00e9 fossero testardi. No, non credettero perch\u00e9 Dio aveva deliberatamente impedito loro di credere. \u00abDio ha reso ciechi i loro occhi e ha reso duro il loro cuore. Cos\u00ec non vedono coi loro occhi, non capiscono con il loro cuore (&#8230;)\u00bb<\/p>\n<p>Ma perch\u00e9 indurire il cuore di persone cattive? Avrebbero fatto cose cattive di loro spontanea volont\u00e0 o no?<\/p>\n<p>Forse anche gli atei non credono perch\u00e9 Dio ha indurito i loro cuori. Se \u00e8 cos\u00ec, perch\u00e9 meritano l&#8217;inferno?<\/p>\n<p>Dal momento che la Bibbia mostra Dio come inaffidabile nel passato, dobbiamo chiederci quale delle attuali leggi o affermazioni di Dio sia anch&#8217;essa una legge deliberatamente cattiva, una menzogna o una prova. Miliardi di cristiani si aspettano di andare in paradiso, ma come possono fidarsi della promessa di salvezza di Dio? Se Dio ci ha mentito in passato, che cosa gli impedisce di farlo di nuovo? Certo, un Dio onnipotente pu\u00f2 fare quello che vuole, ma dobbiamo ammettere che \u00e8 inaffidabile.<\/p>\n<p>Gli apologeti cristiani cercheranno di manipolare le bugie di Dio per salvare un po&#8217; della sua credibilit\u00e0, ma come possono definirlo morale quando infrange il suo stesso comandamento? L&#8217;argomentazione \u00abNoi uomini fallibili non possiamo giudicare Dio\u00bb non regge in questo caso, anzitutto perch\u00e9 manca di prove a favore di Dio e in secondo luogo perch\u00e9 impedisce di definire Dio come immorale o morale.<\/p>\n<p>Il libro stesso di Dio lo condanna. E, se \u00e8 semplicemente morale per definizione \u2013 come a dire: \u00abQualsiasi cosa Dio faccia \u00e8 morale, a prescindere\u00bb \u2013, allora l&#8217;affermazione non ha senso.<\/p>\n<p><a href=\"https:\/\/2minutechristianity.com\/blog\/\"><strong>Bob Seidensticker<\/strong><\/a><\/p>\n<hr>\n<p><strong>Note<\/strong><\/p>\n<blockquote><p>Dunque ci sono due atti di Dio, la promessa e il giuramento, che non possono essere modificati e nei quali \u00e8 impossibile che Dio mentisca. Cos\u00ec noi che abbiamo cercato rifugio in lui siamo fortemente incoraggiati ad afferrare con forza la speranza che \u00e8 messa di fronte a noi.<br \/>\n\u2013 Ebrei 6,18 (v. anche Numeri 23,19)<\/p>\n<p>Dio, il Signore, prese l&#8217;uomo e lo mise nel giardino di Eden per coltivare la terra e custodirla. E gli ordin\u00f2: \u00abPuoi mangiare il frutto di qualsiasi albero del giardino, ma non quello dell&#8217;albero che infonde la conoscenza di tutto. Se ne mangerai sarai destinato a morire!\u00bb.<br \/>\n\u2013 Genesi 2,15-17<\/p><\/blockquote>\n<p>Dio ment\u00ec attraverso un profeta: 1 Re 22<\/p>\n<p>Dio rese ostinato il cuore del Faraone: Esodo 9,12<\/p>\n<blockquote><p>Perci\u00f2, dunque, Dio manda a questa gente una forza di inganno, in modo che essi credano alla menzogna. Cos\u00ec, tutti quelli che non hanno creduto alla verit\u00e0 ma hanno trovato gusto nel male, saranno condannati.<br \/>\n\u2013 2 Tessalonicesi 2,11-12<\/p>\n<p>Ormai Ges\u00f9 aveva fatto tanti segni miracolosi davanti al popolo, eppure non credevano in lui. Cos\u00ec si compivano le parole della Bibbia dette dal profeta Isaia:<br \/>\nSignore, chi ha creduto alle nostre parole?<br \/>\nA chi si \u00e8 rivelata la forza del Signore?<br \/>\nPerci\u00f2 non potevano credere, come ha detto lo stesso profeta:<br \/>\nDio ha reso ciechi i loro occhi<br \/>\ne ha reso duro il loro cuore.<br \/>\nCos\u00ec non vedono coi loro occhi,<br \/>\nnon capiscono con il loro cuore<br \/>\ne non cambiano vita<br \/>\nper essere guariti.<br \/>\n\u2013 Giovanni 12,37-40<\/p><\/blockquote>\n<hr>\n<p>(27\/50 \u2013 <a href=\"https:\/\/www.leternoassente.com\/?page_id=6483\">continua<\/a>)<\/p>\n<p>Immagine: <a href=\"https:\/\/commons.wikimedia.org\/wiki\/File:Ten_Commandments_marker_in_front_of_Dixie_County_Courthouse.JPG\">Michael Rivera<\/a>, (CC BY-SA 4.0) via Wikimedia<\/p>\n<p><a href=\"https:\/\/www.leternoassente.com\/?page_id=5508\">Tutte le puntate.<\/a><\/p>\n<p>Leggi la <a href=\"https:\/\/2minutechristianity.com\/2023\/02\/27\/27-when-god-lies-he-should-follow-his-own-ten-commandments\/\">versione originale dell&#8217;articolo<\/a>.<\/p>\n<p>Ascolta l&#8217;articolo nel <a href=\"https:\/\/twominutechristianity.podbean.com\/e\/27-when-god-lies-he-should-follow-his-own-ten-commandments\/\">podcast<\/a> o nel <a href=\"https:\/\/www.youtube.com\/watch?v=JUZVQ8jOYQE\">canale YouTube<\/a>.<\/p>\n<p>All material on this article is copyright 2023 by Bob Seidensticker. Translation By Choam Goldberg.<\/p>\n<hr>\n<p><em>Avvertenza:<\/em><br \/>\n<em>La lingua di questo articolo cerca di conciliare l&#8217;inclusivit\u00e0 con la leggibilit\u00e0 e la scorrevolezza. Nessuno si offenda quindi se evita le ripetizioni e usa il plurale sovraesteso. <a href=\"https:\/\/www.leternoassente.com\/?p=5651\">Ch\u00e9 mi spiace, ma la schwa anche no.<\/a><\/em><\/p>\n<hr>\n<p><em>Qui sotto trovi la possibilit\u00e0 di commentare quest&#8217;articolo. Per farlo, devi<br \/>\n1. confermare che sei ateo\/a,<br \/>\n2. essere consapevole che, se menti, stai commettendo il gravissimo peccato di apostasia,<br \/>\n3. aspettare che il commento sia approvato dall&#8217;admin.<br \/>\nL&#8217;approvazione dei commenti dipende dall&#8217;insindacabile e inappellabile giudizio dell&#8217;admin. Se vuoi saperne di pi\u00f9 a proposito dei commenti, puoi consultare le <a href=\"http:\/\/www.leternoassente.com\/?page_id=957#nocomment\" rel=\"noopener\" target=\"_blank\">FAQ<\/a>.<br \/>\nInoltre puoi commentare gli articoli e i post nel <a href=\"https:\/\/www.facebook.com\/groups\/eternoassente\/\" rel=\"noopener\" target=\"_blank\">Gruppo Facebook de L&#8217;Eterno Assente<\/a>, se ti iscrivi al Gruppo dopo aver risposto a una semplice domanda.<\/em><\/p>\n","protected":false},"excerpt":{"rendered":"<p>Quando Dio mente: invece dovrebbe seguire i suoi stessi Dieci Comandamenti La Bibbia proibisce la menzogna nei Dieci Comandamenti. La Bibbia dice anche: \u00ab&#8230;\u00e8 impossibile che Dio mentisca\u00bb. Ma \u00e8 vero? Vediamo che cosa dice il Libro sacro a proposito &hellip; <a href=\"https:\/\/www.leternoassente.com\/?page_id=6459\">Continua a leggere<span class=\"meta-nav\">&rarr;<\/span><\/a><\/p>\n","protected":false},"author":1,"featured_media":5533,"parent":5508,"menu_order":0,"comment_status":"open","ping_status":"closed","template":"","meta":{"footnotes":""},"class_list":["post-6459","page","type-page","status-publish","has-post-thumbnail","hentry"],"yoast_head":"<!-- This site is optimized with the Yoast SEO plugin v25.6 - https:\/\/yoast.com\/wordpress\/plugins\/seo\/ -->\n<title>Il cristianesimo in 2 minuti \u2013 27\/50 - L&#039;Eterno Assente<\/title>\n<meta name=\"description\" content=\"Quando Dio mente: invece dovrebbe seguire i suoi stessi Dieci Comandamenti\" \/>\n<meta name=\"robots\" content=\"index, follow, max-snippet:-1, max-image-preview:large, max-video-preview:-1\" \/>\n<link rel=\"canonical\" href=\"https:\/\/www.leternoassente.com\/?page_id=6459\" \/>\n<meta property=\"og:locale\" content=\"it_IT\" \/>\n<meta property=\"og:type\" content=\"article\" \/>\n<meta property=\"og:title\" content=\"Il cristianesimo in 2 minuti \u2013 27\/50 - L&#039;Eterno Assente\" \/>\n<meta property=\"og:description\" content=\"Quando Dio mente: invece dovrebbe seguire i suoi stessi Dieci Comandamenti\" \/>\n<meta property=\"og:url\" content=\"https:\/\/www.leternoassente.com\/?page_id=6459\" \/>\n<meta property=\"og:site_name\" content=\"L&#039;Eterno Assente\" \/>\n<meta property=\"article:modified_time\" content=\"2024-07-23T15:40:56+00:00\" \/>\n<meta property=\"og:image\" content=\"https:\/\/www.leternoassente.com\/wp-content\/uploads\/2022\/12\/2minuticristianesimotagliato.jpg\" \/>\n\t<meta property=\"og:image:width\" content=\"1213\" \/>\n\t<meta property=\"og:image:height\" content=\"600\" \/>\n\t<meta property=\"og:image:type\" content=\"image\/jpeg\" \/>\n<meta name=\"twitter:card\" content=\"summary_large_image\" \/>\n<meta name=\"twitter:site\" content=\"@leternoassente\" \/>\n<meta name=\"twitter:label1\" content=\"Tempo di lettura stimato\" \/>\n\t<meta name=\"twitter:data1\" content=\"6 minuti\" \/>\n<script type=\"application\/ld+json\" class=\"yoast-schema-graph\">{\"@context\":\"https:\/\/schema.org\",\"@graph\":[{\"@type\":\"WebPage\",\"@id\":\"https:\/\/www.leternoassente.com\/?page_id=6459\",\"url\":\"https:\/\/www.leternoassente.com\/?page_id=6459\",\"name\":\"Il cristianesimo in 2 minuti \u2013 27\/50 - L&#039;Eterno Assente\",\"isPartOf\":{\"@id\":\"https:\/\/www.leternoassente.com\/#website\"},\"primaryImageOfPage\":{\"@id\":\"https:\/\/www.leternoassente.com\/?page_id=6459#primaryimage\"},\"image\":{\"@id\":\"https:\/\/www.leternoassente.com\/?page_id=6459#primaryimage\"},\"thumbnailUrl\":\"https:\/\/www.leternoassente.com\/wp-content\/uploads\/2022\/12\/2minuticristianesimo-1.jpg\",\"datePublished\":\"2024-03-14T08:53:26+00:00\",\"dateModified\":\"2024-07-23T15:40:56+00:00\",\"description\":\"Quando Dio mente: invece dovrebbe seguire i suoi stessi Dieci Comandamenti\",\"breadcrumb\":{\"@id\":\"https:\/\/www.leternoassente.com\/?page_id=6459#breadcrumb\"},\"inLanguage\":\"it-IT\",\"potentialAction\":[{\"@type\":\"ReadAction\",\"target\":[\"https:\/\/www.leternoassente.com\/?page_id=6459\"]}]},{\"@type\":\"ImageObject\",\"inLanguage\":\"it-IT\",\"@id\":\"https:\/\/www.leternoassente.com\/?page_id=6459#primaryimage\",\"url\":\"https:\/\/www.leternoassente.com\/wp-content\/uploads\/2022\/12\/2minuticristianesimo-1.jpg\",\"contentUrl\":\"https:\/\/www.leternoassente.com\/wp-content\/uploads\/2022\/12\/2minuticristianesimo-1.jpg\",\"width\":1500,\"height\":434},{\"@type\":\"BreadcrumbList\",\"@id\":\"https:\/\/www.leternoassente.com\/?page_id=6459#breadcrumb\",\"itemListElement\":[{\"@type\":\"ListItem\",\"position\":1,\"name\":\"Home\",\"item\":\"https:\/\/www.leternoassente.com\/\"},{\"@type\":\"ListItem\",\"position\":2,\"name\":\"Il cristianesimo in 2 minuti\",\"item\":\"https:\/\/www.leternoassente.com\/?page_id=5508\"},{\"@type\":\"ListItem\",\"position\":3,\"name\":\"Il cristianesimo in 2 minuti \u2013 27\/50\"}]},{\"@type\":\"WebSite\",\"@id\":\"https:\/\/www.leternoassente.com\/#website\",\"url\":\"https:\/\/www.leternoassente.com\/\",\"name\":\"L&#039;Eterno Assente\",\"description\":\"Dio, la vita, il senso e altre cazzate\",\"publisher\":{\"@id\":\"https:\/\/www.leternoassente.com\/#\/schema\/person\/d2069751871fcdb89a30a0775f4170f9\"},\"potentialAction\":[{\"@type\":\"SearchAction\",\"target\":{\"@type\":\"EntryPoint\",\"urlTemplate\":\"https:\/\/www.leternoassente.com\/?s={search_term_string}\"},\"query-input\":{\"@type\":\"PropertyValueSpecification\",\"valueRequired\":true,\"valueName\":\"search_term_string\"}}],\"inLanguage\":\"it-IT\"},{\"@type\":[\"Person\",\"Organization\"],\"@id\":\"https:\/\/www.leternoassente.com\/#\/schema\/person\/d2069751871fcdb89a30a0775f4170f9\",\"name\":\"Choam Goldberg\",\"image\":{\"@type\":\"ImageObject\",\"inLanguage\":\"it-IT\",\"@id\":\"https:\/\/www.leternoassente.com\/#\/schema\/person\/image\/\",\"url\":\"https:\/\/secure.gravatar.com\/avatar\/63d2c9f25f05d3da5001f2898f6fc9cd?s=96&d=wavatar&r=g\",\"contentUrl\":\"https:\/\/secure.gravatar.com\/avatar\/63d2c9f25f05d3da5001f2898f6fc9cd?s=96&d=wavatar&r=g\",\"caption\":\"Choam Goldberg\"},\"logo\":{\"@id\":\"https:\/\/www.leternoassente.com\/#\/schema\/person\/image\/\"},\"description\":\"Contemplata la vastit\u00e0 del cazzo che gliene frega e raggiunta l\u2019atarass\u00eca, Choam Goldberg pratica nondimeno l'antica, dilettevole e nobile arte di demolire le credenze dei\u00a0beoti e degli insipienti.\",\"sameAs\":[\"http:\/\/www.leternoassente.com\"]}]}<\/script>\n<!-- \/ Yoast SEO plugin. -->","yoast_head_json":{"title":"Il cristianesimo in 2 minuti \u2013 27\/50 - L&#039;Eterno Assente","description":"Quando Dio mente: invece dovrebbe seguire i suoi stessi Dieci Comandamenti","robots":{"index":"index","follow":"follow","max-snippet":"max-snippet:-1","max-image-preview":"max-image-preview:large","max-video-preview":"max-video-preview:-1"},"canonical":"https:\/\/www.leternoassente.com\/?page_id=6459","og_locale":"it_IT","og_type":"article","og_title":"Il cristianesimo in 2 minuti \u2013 27\/50 - L&#039;Eterno Assente","og_description":"Quando Dio mente: invece dovrebbe seguire i suoi stessi Dieci Comandamenti","og_url":"https:\/\/www.leternoassente.com\/?page_id=6459","og_site_name":"L&#039;Eterno Assente","article_modified_time":"2024-07-23T15:40:56+00:00","og_image":[{"width":1213,"height":600,"url":"https:\/\/www.leternoassente.com\/wp-content\/uploads\/2022\/12\/2minuticristianesimotagliato.jpg","type":"image\/jpeg"}],"twitter_card":"summary_large_image","twitter_site":"@leternoassente","twitter_misc":{"Tempo di lettura stimato":"6 minuti"},"schema":{"@context":"https:\/\/schema.org","@graph":[{"@type":"WebPage","@id":"https:\/\/www.leternoassente.com\/?page_id=6459","url":"https:\/\/www.leternoassente.com\/?page_id=6459","name":"Il cristianesimo in 2 minuti \u2013 27\/50 - L&#039;Eterno Assente","isPartOf":{"@id":"https:\/\/www.leternoassente.com\/#website"},"primaryImageOfPage":{"@id":"https:\/\/www.leternoassente.com\/?page_id=6459#primaryimage"},"image":{"@id":"https:\/\/www.leternoassente.com\/?page_id=6459#primaryimage"},"thumbnailUrl":"https:\/\/www.leternoassente.com\/wp-content\/uploads\/2022\/12\/2minuticristianesimo-1.jpg","datePublished":"2024-03-14T08:53:26+00:00","dateModified":"2024-07-23T15:40:56+00:00","description":"Quando Dio mente: invece dovrebbe seguire i suoi stessi Dieci Comandamenti","breadcrumb":{"@id":"https:\/\/www.leternoassente.com\/?page_id=6459#breadcrumb"},"inLanguage":"it-IT","potentialAction":[{"@type":"ReadAction","target":["https:\/\/www.leternoassente.com\/?page_id=6459"]}]},{"@type":"ImageObject","inLanguage":"it-IT","@id":"https:\/\/www.leternoassente.com\/?page_id=6459#primaryimage","url":"https:\/\/www.leternoassente.com\/wp-content\/uploads\/2022\/12\/2minuticristianesimo-1.jpg","contentUrl":"https:\/\/www.leternoassente.com\/wp-content\/uploads\/2022\/12\/2minuticristianesimo-1.jpg","width":1500,"height":434},{"@type":"BreadcrumbList","@id":"https:\/\/www.leternoassente.com\/?page_id=6459#breadcrumb","itemListElement":[{"@type":"ListItem","position":1,"name":"Home","item":"https:\/\/www.leternoassente.com\/"},{"@type":"ListItem","position":2,"name":"Il cristianesimo in 2 minuti","item":"https:\/\/www.leternoassente.com\/?page_id=5508"},{"@type":"ListItem","position":3,"name":"Il cristianesimo in 2 minuti \u2013 27\/50"}]},{"@type":"WebSite","@id":"https:\/\/www.leternoassente.com\/#website","url":"https:\/\/www.leternoassente.com\/","name":"L&#039;Eterno Assente","description":"Dio, la vita, il senso e altre cazzate","publisher":{"@id":"https:\/\/www.leternoassente.com\/#\/schema\/person\/d2069751871fcdb89a30a0775f4170f9"},"potentialAction":[{"@type":"SearchAction","target":{"@type":"EntryPoint","urlTemplate":"https:\/\/www.leternoassente.com\/?s={search_term_string}"},"query-input":{"@type":"PropertyValueSpecification","valueRequired":true,"valueName":"search_term_string"}}],"inLanguage":"it-IT"},{"@type":["Person","Organization"],"@id":"https:\/\/www.leternoassente.com\/#\/schema\/person\/d2069751871fcdb89a30a0775f4170f9","name":"Choam Goldberg","image":{"@type":"ImageObject","inLanguage":"it-IT","@id":"https:\/\/www.leternoassente.com\/#\/schema\/person\/image\/","url":"https:\/\/secure.gravatar.com\/avatar\/63d2c9f25f05d3da5001f2898f6fc9cd?s=96&d=wavatar&r=g","contentUrl":"https:\/\/secure.gravatar.com\/avatar\/63d2c9f25f05d3da5001f2898f6fc9cd?s=96&d=wavatar&r=g","caption":"Choam Goldberg"},"logo":{"@id":"https:\/\/www.leternoassente.com\/#\/schema\/person\/image\/"},"description":"Contemplata la vastit\u00e0 del cazzo che gliene frega e raggiunta l\u2019atarass\u00eca, Choam Goldberg pratica nondimeno l'antica, dilettevole e nobile arte di demolire le credenze dei\u00a0beoti e degli insipienti.","sameAs":["http:\/\/www.leternoassente.com"]}]}},"_links":{"self":[{"href":"https:\/\/www.leternoassente.com\/index.php?rest_route=\/wp\/v2\/pages\/6459"}],"collection":[{"href":"https:\/\/www.leternoassente.com\/index.php?rest_route=\/wp\/v2\/pages"}],"about":[{"href":"https:\/\/www.leternoassente.com\/index.php?rest_route=\/wp\/v2\/types\/page"}],"author":[{"embeddable":true,"href":"https:\/\/www.leternoassente.com\/index.php?rest_route=\/wp\/v2\/users\/1"}],"replies":[{"embeddable":true,"href":"https:\/\/www.leternoassente.com\/index.php?rest_route=%2Fwp%2Fv2%2Fcomments&post=6459"}],"version-history":[{"count":6,"href":"https:\/\/www.leternoassente.com\/index.php?rest_route=\/wp\/v2\/pages\/6459\/revisions"}],"predecessor-version":[{"id":6646,"href":"https:\/\/www.leternoassente.com\/index.php?rest_route=\/wp\/v2\/pages\/6459\/revisions\/6646"}],"up":[{"embeddable":true,"href":"https:\/\/www.leternoassente.com\/index.php?rest_route=\/wp\/v2\/pages\/5508"}],"wp:featuredmedia":[{"embeddable":true,"href":"https:\/\/www.leternoassente.com\/index.php?rest_route=\/wp\/v2\/media\/5533"}],"wp:attachment":[{"href":"https:\/\/www.leternoassente.com\/index.php?rest_route=%2Fwp%2Fv2%2Fmedia&parent=6459"}],"curies":[{"name":"wp","href":"https:\/\/api.w.org\/{rel}","templated":true}]}}