{"id":6886,"date":"2024-12-17T08:50:54","date_gmt":"2024-12-17T07:50:54","guid":{"rendered":"https:\/\/www.leternoassente.com\/?page_id=6886"},"modified":"2025-01-02T10:18:57","modified_gmt":"2025-01-02T09:18:57","slug":"il-cristianesimo-in-2-minuti-45-50","status":"publish","type":"page","link":"https:\/\/www.leternoassente.com\/?page_id=6886","title":{"rendered":"Il cristianesimo in 2 minuti \u2013 45\/50"},"content":{"rendered":"<p><strong>Ges\u00f9 sotto processo: il pensiero da scienziato e il pensiero da avvocato<\/strong><\/p>\n<hr \/>\n<p><a href=\"https:\/\/www.leternoassente.com\/wp-content\/uploads\/2024\/12\/cortesuprema.jpg\"><img loading=\"lazy\" decoding=\"async\" class=\"alignleft size-full wp-image-6888\" src=\"https:\/\/www.leternoassente.com\/wp-content\/uploads\/2024\/12\/cortesuprema.jpg\" alt=\"\" width=\"1440\" height=\"806\" srcset=\"https:\/\/www.leternoassente.com\/wp-content\/uploads\/2024\/12\/cortesuprema.jpg 1440w, https:\/\/www.leternoassente.com\/wp-content\/uploads\/2024\/12\/cortesuprema-300x168.jpg 300w, https:\/\/www.leternoassente.com\/wp-content\/uploads\/2024\/12\/cortesuprema-1024x573.jpg 1024w, https:\/\/www.leternoassente.com\/wp-content\/uploads\/2024\/12\/cortesuprema-768x430.jpg 768w, https:\/\/www.leternoassente.com\/wp-content\/uploads\/2024\/12\/cortesuprema-500x280.jpg 500w\" sizes=\"(max-width: 1440px) 100vw, 1440px\" \/><\/a><\/p>\n<p>Alcuni apologeti cristiani sostengono che un&#8217;aula di un tribunale sia un&#8217;ottima analogia per valutare le prove delle affermazioni del cristianesimo. Non \u00e8 cos\u00ec. Un&#8217;aula di un tribunale \u00e8 proprio il luogo in cui non dovremmo andare a cercare la verit\u00e0. Possiamo fare molto meglio.<\/p>\n<p>Consideriamo la differenza tra un avvocato in un&#8217;aula di un tribunale e uno scienziato in un&#8217;universit\u00e0. Lo scienziato \u00e8 incoraggiato a condividere le ricerche con i colleghi e a chiedere consigli. L&#8217;apertura e la collaborazione sono qualit\u00e0 essenziali della ricerca scientifica. Gli scienziati devono seguire le prove, anche se queste portano lontano da un&#8217;ipotesi di cui sono convinti.<\/p>\n<p>\u00c8 evidente il contrasto con il modo in cui lavora l&#8217;avvocato. Un&#8217;aula di un tribunale \u00e8 un ambiente volutamente conflittuale. Non c&#8217;\u00e8 un rapporto collegiale tra le parti in causa, non c&#8217;\u00e8 un incontro di vedute, non c&#8217;\u00e8 un compromesso. Se pagate qualcuno per rappresentarvi in un tribunale, quell&#8217;avvocato deve presentare solo una versione del caso: la vostra. Volete che l&#8217;avvocato sia di parte e sostenga solo la vostra posizione. Le prove sono utili solo nella misura in cui sostengono la tesi dell&#8217;avvocato. L&#8217;altra parte fa la stessa cosa dal suo punto di vista e un giudice o una giuria decide i meriti relativi delle due parti.<\/p>\n<p>Il concetto di doppia incriminazione (una persona non pu\u00f2 essere processata due volte per lo stesso reato) si applica nel campo degli avvocati, ma non esiste un equivalente per gli scienziati. Un&#8217;ipotesi o una teoria \u00e8 sempre provvisoria e ogni conclusione pu\u00f2 essere rivista o ribaltata.<\/p>\n<p>Il pensiero dello scienziato contrapposto a quello dell&#8217;avvocato in un tribunale \u00e8 brainstorming vs. segretezza. \u00c8 un forum contro un campo di battaglia. \u00c8 la ricerca della verit\u00e0 contro la presunzione della propria correttezza. Gli scienziati devono essere disponibili a cambiare idea e a sostenere altre ipotesi, mentre gli avvocati in un tribunale sono obbligati a mantenere la propria posizione indipendentemente dalle argomentazioni della controparte. A un avvocato in un tribunale \u00e8 vietato dire \u00abOk, mi hai convinto e ho cambiato idea\u00bb. Invece nella scienza questo accade continuamente. Non c&#8217;\u00e8 nulla di male in questo tipo di pensiero da avvocato, ma non bisogna confonderlo con il pensiero da scienziato.<\/p>\n<p>I nostri cervelli imperfetti sono affetti da preconcetti come il pregiudizio di conferma (notare solo le prove che confermano ci\u00f2 che gi\u00e0 si crede) o l&#8217;effetto verit\u00e0 (fidarsi di un&#8217;affermazione solo perch\u00e9 la si \u00e8 sentita molte volte). Questi preconcetti fanno s\u00ec che il pensiero da avvocato sia un comportamento naturale nel quale cadere, ma che inizia con la conclusione invece di seguire le prove.<\/p>\n<p>Il pensiero religioso \u00e8 spesso simile a quello di un avvocato: ci si concentra sugli aspetti positivi del caso e si ignorano quelli negativi. Ma il pensiero religioso pu\u00f2 essere ancora pi\u00f9 inaffidabile perch\u00e9 spesso si basa sull&#8217;intuizione, sulla tradizione, sull&#8217;autorit\u00e0 e sulle affermazioni della rivelazione piuttosto che sulle prove oggettive.<\/p>\n<p>Siamo tutti soggetti al rischio di pensare in modo errato, ma bisogna ammettere di aver commesso questo errore naturale. Cercate di mettere da parte il vostro ego e di aprire la mente a nuove possibilit\u00e0. Il pensiero scientifico fa l&#8217;uso pi\u00f9 onesto delle prove disponibili. Utilizzatele per giungere alla conclusione pi\u00f9 affidabile.<\/p>\n<p><a href=\"https:\/\/2minutechristianity.com\/blog\/\"><strong>Bob Seidensticker<\/strong><\/a><\/p>\n<hr \/>\n<p>(45\/50 \u2013 <a href=\"https:\/\/www.leternoassente.com\/?page_id=6896\">continua<\/a>)<\/p>\n<p>Immagine: <a href=\"https:\/\/commons.wikimedia.org\/wiki\/File:Panorama_of_United_States_Supreme_Court_Building_at_Dusk.jpg\">Joe Ravi<\/a>\u00a0(CC-BY-SA 3.0) via Wikimedia<\/p>\n<p><a href=\"https:\/\/www.leternoassente.com\/?page_id=5508\">Tutte le puntate.<\/a><\/p>\n<p>Leggi la <a href=\"https:\/\/2minutechristianity.com\/2023\/07\/03\/45-jesus-on-trial-scientist-thinking-vs-lawyer-thinking\/\">versione originale dell&#8217;articolo<\/a>.<\/p>\n<p>Ascolta l&#8217;articolo nel <a href=\"https:\/\/twominutechristianity.podbean.com\/e\/45-jesus-on-trial-scientist-thinking-vs-lawyer-thinking\/\">podcast<\/a> o nel <a href=\"https:\/\/www.youtube.com\/watch?v=uGJW27GGreQ\">canale YouTube<\/a>.<\/p>\n<p>All material on this article is copyright 2023 by Bob Seidensticker. Translation By Choam Goldberg.<\/p>\n<hr \/>\n<p><em>Avvertenza:<\/em><br \/>\n<em>La lingua di questo articolo cerca di conciliare l&#8217;inclusivit\u00e0 con la leggibilit\u00e0 e la scorrevolezza. Nessuno si offenda quindi se evita le ripetizioni e usa il plurale sovraesteso. <a href=\"https:\/\/www.leternoassente.com\/?p=5651\">Ch\u00e9 mi spiace, ma la schwa anche no.<\/a><\/em><\/p>\n<hr \/>\n<p><em>Qui sotto trovi la possibilit\u00e0 di commentare quest&#8217;articolo. Per farlo, devi<br \/>\n1. confermare che sei ateo\/a,<br \/>\n2. essere consapevole che, se menti, stai commettendo il gravissimo peccato di apostasia,<br \/>\n3. aspettare che il commento sia approvato dall&#8217;admin.<br \/>\nL&#8217;approvazione dei commenti dipende dall&#8217;insindacabile e inappellabile giudizio dell&#8217;admin. Se vuoi saperne di pi\u00f9 a proposito dei commenti, puoi consultare le <a href=\"http:\/\/www.leternoassente.com\/?page_id=957#nocomment\" target=\"_blank\" rel=\"noopener\">FAQ<\/a>.<br \/>\nInoltre puoi commentare gli articoli e i post nel <a href=\"https:\/\/www.facebook.com\/groups\/eternoassente\/\" target=\"_blank\" rel=\"noopener\">Gruppo Facebook de L&#8217;Eterno Assente<\/a>, se ti iscrivi al Gruppo dopo aver risposto a una semplice domanda.<\/em><\/p>\n","protected":false},"excerpt":{"rendered":"<p>Ges\u00f9 sotto processo: il pensiero da scienziato e il pensiero da avvocato Alcuni apologeti cristiani sostengono che un&#8217;aula di un tribunale sia un&#8217;ottima analogia per valutare le prove delle affermazioni del cristianesimo. Non \u00e8 cos\u00ec. Un&#8217;aula di un tribunale \u00e8 &hellip; <a href=\"https:\/\/www.leternoassente.com\/?page_id=6886\">Continua a leggere<span class=\"meta-nav\">&rarr;<\/span><\/a><\/p>\n","protected":false},"author":1,"featured_media":5533,"parent":5508,"menu_order":0,"comment_status":"open","ping_status":"closed","template":"","meta":{"footnotes":""},"class_list":["post-6886","page","type-page","status-publish","has-post-thumbnail","hentry"],"yoast_head":"<!-- This site is optimized with the Yoast SEO plugin v25.6 - https:\/\/yoast.com\/wordpress\/plugins\/seo\/ -->\n<title>Il cristianesimo in 2 minuti \u2013 45\/50 - L&#039;Eterno Assente<\/title>\n<meta name=\"description\" content=\"Ges\u00f9 sotto processo: il pensiero da scienziato e il pensiero da avvocato\" \/>\n<meta name=\"robots\" content=\"index, follow, max-snippet:-1, max-image-preview:large, max-video-preview:-1\" \/>\n<link rel=\"canonical\" href=\"https:\/\/www.leternoassente.com\/?page_id=6886\" \/>\n<meta property=\"og:locale\" content=\"it_IT\" \/>\n<meta property=\"og:type\" content=\"article\" \/>\n<meta property=\"og:title\" content=\"Il cristianesimo in 2 minuti \u2013 45\/50 - L&#039;Eterno Assente\" \/>\n<meta property=\"og:description\" content=\"Ges\u00f9 sotto processo: il pensiero da scienziato e il pensiero da avvocato\" \/>\n<meta property=\"og:url\" content=\"https:\/\/www.leternoassente.com\/?page_id=6886\" \/>\n<meta property=\"og:site_name\" content=\"L&#039;Eterno Assente\" \/>\n<meta property=\"article:modified_time\" content=\"2025-01-02T09:18:57+00:00\" \/>\n<meta property=\"og:image\" content=\"https:\/\/www.leternoassente.com\/wp-content\/uploads\/2022\/12\/2minuticristianesimotagliato.jpg\" \/>\n\t<meta property=\"og:image:width\" content=\"1213\" \/>\n\t<meta property=\"og:image:height\" content=\"600\" \/>\n\t<meta property=\"og:image:type\" content=\"image\/jpeg\" \/>\n<meta name=\"twitter:card\" content=\"summary_large_image\" \/>\n<meta name=\"twitter:site\" content=\"@leternoassente\" \/>\n<meta name=\"twitter:label1\" content=\"Tempo di lettura stimato\" \/>\n\t<meta name=\"twitter:data1\" content=\"5 minuti\" \/>\n<script type=\"application\/ld+json\" class=\"yoast-schema-graph\">{\"@context\":\"https:\/\/schema.org\",\"@graph\":[{\"@type\":\"WebPage\",\"@id\":\"https:\/\/www.leternoassente.com\/?page_id=6886\",\"url\":\"https:\/\/www.leternoassente.com\/?page_id=6886\",\"name\":\"Il cristianesimo in 2 minuti \u2013 45\/50 - L&#039;Eterno Assente\",\"isPartOf\":{\"@id\":\"https:\/\/www.leternoassente.com\/#website\"},\"primaryImageOfPage\":{\"@id\":\"https:\/\/www.leternoassente.com\/?page_id=6886#primaryimage\"},\"image\":{\"@id\":\"https:\/\/www.leternoassente.com\/?page_id=6886#primaryimage\"},\"thumbnailUrl\":\"https:\/\/www.leternoassente.com\/wp-content\/uploads\/2022\/12\/2minuticristianesimo-1.jpg\",\"datePublished\":\"2024-12-17T07:50:54+00:00\",\"dateModified\":\"2025-01-02T09:18:57+00:00\",\"description\":\"Ges\u00f9 sotto processo: il pensiero da scienziato e il pensiero da avvocato\",\"breadcrumb\":{\"@id\":\"https:\/\/www.leternoassente.com\/?page_id=6886#breadcrumb\"},\"inLanguage\":\"it-IT\",\"potentialAction\":[{\"@type\":\"ReadAction\",\"target\":[\"https:\/\/www.leternoassente.com\/?page_id=6886\"]}]},{\"@type\":\"ImageObject\",\"inLanguage\":\"it-IT\",\"@id\":\"https:\/\/www.leternoassente.com\/?page_id=6886#primaryimage\",\"url\":\"https:\/\/www.leternoassente.com\/wp-content\/uploads\/2022\/12\/2minuticristianesimo-1.jpg\",\"contentUrl\":\"https:\/\/www.leternoassente.com\/wp-content\/uploads\/2022\/12\/2minuticristianesimo-1.jpg\",\"width\":1500,\"height\":434},{\"@type\":\"BreadcrumbList\",\"@id\":\"https:\/\/www.leternoassente.com\/?page_id=6886#breadcrumb\",\"itemListElement\":[{\"@type\":\"ListItem\",\"position\":1,\"name\":\"Home\",\"item\":\"https:\/\/www.leternoassente.com\/\"},{\"@type\":\"ListItem\",\"position\":2,\"name\":\"Il cristianesimo in 2 minuti\",\"item\":\"https:\/\/www.leternoassente.com\/?page_id=5508\"},{\"@type\":\"ListItem\",\"position\":3,\"name\":\"Il cristianesimo in 2 minuti \u2013 45\/50\"}]},{\"@type\":\"WebSite\",\"@id\":\"https:\/\/www.leternoassente.com\/#website\",\"url\":\"https:\/\/www.leternoassente.com\/\",\"name\":\"L&#039;Eterno Assente\",\"description\":\"Dio, la vita, il senso e altre cazzate\",\"publisher\":{\"@id\":\"https:\/\/www.leternoassente.com\/#\/schema\/person\/d2069751871fcdb89a30a0775f4170f9\"},\"potentialAction\":[{\"@type\":\"SearchAction\",\"target\":{\"@type\":\"EntryPoint\",\"urlTemplate\":\"https:\/\/www.leternoassente.com\/?s={search_term_string}\"},\"query-input\":{\"@type\":\"PropertyValueSpecification\",\"valueRequired\":true,\"valueName\":\"search_term_string\"}}],\"inLanguage\":\"it-IT\"},{\"@type\":[\"Person\",\"Organization\"],\"@id\":\"https:\/\/www.leternoassente.com\/#\/schema\/person\/d2069751871fcdb89a30a0775f4170f9\",\"name\":\"Choam Goldberg\",\"image\":{\"@type\":\"ImageObject\",\"inLanguage\":\"it-IT\",\"@id\":\"https:\/\/www.leternoassente.com\/#\/schema\/person\/image\/\",\"url\":\"https:\/\/secure.gravatar.com\/avatar\/63d2c9f25f05d3da5001f2898f6fc9cd?s=96&d=wavatar&r=g\",\"contentUrl\":\"https:\/\/secure.gravatar.com\/avatar\/63d2c9f25f05d3da5001f2898f6fc9cd?s=96&d=wavatar&r=g\",\"caption\":\"Choam Goldberg\"},\"logo\":{\"@id\":\"https:\/\/www.leternoassente.com\/#\/schema\/person\/image\/\"},\"description\":\"Contemplata la vastit\u00e0 del cazzo che gliene frega e raggiunta l\u2019atarass\u00eca, Choam Goldberg pratica nondimeno l'antica, dilettevole e nobile arte di demolire le credenze dei\u00a0beoti e degli insipienti.\",\"sameAs\":[\"http:\/\/www.leternoassente.com\"]}]}<\/script>\n<!-- \/ Yoast SEO plugin. -->","yoast_head_json":{"title":"Il cristianesimo in 2 minuti \u2013 45\/50 - L&#039;Eterno Assente","description":"Ges\u00f9 sotto processo: il pensiero da scienziato e il pensiero da avvocato","robots":{"index":"index","follow":"follow","max-snippet":"max-snippet:-1","max-image-preview":"max-image-preview:large","max-video-preview":"max-video-preview:-1"},"canonical":"https:\/\/www.leternoassente.com\/?page_id=6886","og_locale":"it_IT","og_type":"article","og_title":"Il cristianesimo in 2 minuti \u2013 45\/50 - L&#039;Eterno Assente","og_description":"Ges\u00f9 sotto processo: il pensiero da scienziato e il pensiero da avvocato","og_url":"https:\/\/www.leternoassente.com\/?page_id=6886","og_site_name":"L&#039;Eterno Assente","article_modified_time":"2025-01-02T09:18:57+00:00","og_image":[{"width":1213,"height":600,"url":"https:\/\/www.leternoassente.com\/wp-content\/uploads\/2022\/12\/2minuticristianesimotagliato.jpg","type":"image\/jpeg"}],"twitter_card":"summary_large_image","twitter_site":"@leternoassente","twitter_misc":{"Tempo di lettura stimato":"5 minuti"},"schema":{"@context":"https:\/\/schema.org","@graph":[{"@type":"WebPage","@id":"https:\/\/www.leternoassente.com\/?page_id=6886","url":"https:\/\/www.leternoassente.com\/?page_id=6886","name":"Il cristianesimo in 2 minuti \u2013 45\/50 - L&#039;Eterno Assente","isPartOf":{"@id":"https:\/\/www.leternoassente.com\/#website"},"primaryImageOfPage":{"@id":"https:\/\/www.leternoassente.com\/?page_id=6886#primaryimage"},"image":{"@id":"https:\/\/www.leternoassente.com\/?page_id=6886#primaryimage"},"thumbnailUrl":"https:\/\/www.leternoassente.com\/wp-content\/uploads\/2022\/12\/2minuticristianesimo-1.jpg","datePublished":"2024-12-17T07:50:54+00:00","dateModified":"2025-01-02T09:18:57+00:00","description":"Ges\u00f9 sotto processo: il pensiero da scienziato e il pensiero da avvocato","breadcrumb":{"@id":"https:\/\/www.leternoassente.com\/?page_id=6886#breadcrumb"},"inLanguage":"it-IT","potentialAction":[{"@type":"ReadAction","target":["https:\/\/www.leternoassente.com\/?page_id=6886"]}]},{"@type":"ImageObject","inLanguage":"it-IT","@id":"https:\/\/www.leternoassente.com\/?page_id=6886#primaryimage","url":"https:\/\/www.leternoassente.com\/wp-content\/uploads\/2022\/12\/2minuticristianesimo-1.jpg","contentUrl":"https:\/\/www.leternoassente.com\/wp-content\/uploads\/2022\/12\/2minuticristianesimo-1.jpg","width":1500,"height":434},{"@type":"BreadcrumbList","@id":"https:\/\/www.leternoassente.com\/?page_id=6886#breadcrumb","itemListElement":[{"@type":"ListItem","position":1,"name":"Home","item":"https:\/\/www.leternoassente.com\/"},{"@type":"ListItem","position":2,"name":"Il cristianesimo in 2 minuti","item":"https:\/\/www.leternoassente.com\/?page_id=5508"},{"@type":"ListItem","position":3,"name":"Il cristianesimo in 2 minuti \u2013 45\/50"}]},{"@type":"WebSite","@id":"https:\/\/www.leternoassente.com\/#website","url":"https:\/\/www.leternoassente.com\/","name":"L&#039;Eterno Assente","description":"Dio, la vita, il senso e altre cazzate","publisher":{"@id":"https:\/\/www.leternoassente.com\/#\/schema\/person\/d2069751871fcdb89a30a0775f4170f9"},"potentialAction":[{"@type":"SearchAction","target":{"@type":"EntryPoint","urlTemplate":"https:\/\/www.leternoassente.com\/?s={search_term_string}"},"query-input":{"@type":"PropertyValueSpecification","valueRequired":true,"valueName":"search_term_string"}}],"inLanguage":"it-IT"},{"@type":["Person","Organization"],"@id":"https:\/\/www.leternoassente.com\/#\/schema\/person\/d2069751871fcdb89a30a0775f4170f9","name":"Choam Goldberg","image":{"@type":"ImageObject","inLanguage":"it-IT","@id":"https:\/\/www.leternoassente.com\/#\/schema\/person\/image\/","url":"https:\/\/secure.gravatar.com\/avatar\/63d2c9f25f05d3da5001f2898f6fc9cd?s=96&d=wavatar&r=g","contentUrl":"https:\/\/secure.gravatar.com\/avatar\/63d2c9f25f05d3da5001f2898f6fc9cd?s=96&d=wavatar&r=g","caption":"Choam Goldberg"},"logo":{"@id":"https:\/\/www.leternoassente.com\/#\/schema\/person\/image\/"},"description":"Contemplata la vastit\u00e0 del cazzo che gliene frega e raggiunta l\u2019atarass\u00eca, Choam Goldberg pratica nondimeno l'antica, dilettevole e nobile arte di demolire le credenze dei\u00a0beoti e degli insipienti.","sameAs":["http:\/\/www.leternoassente.com"]}]}},"_links":{"self":[{"href":"https:\/\/www.leternoassente.com\/index.php?rest_route=\/wp\/v2\/pages\/6886"}],"collection":[{"href":"https:\/\/www.leternoassente.com\/index.php?rest_route=\/wp\/v2\/pages"}],"about":[{"href":"https:\/\/www.leternoassente.com\/index.php?rest_route=\/wp\/v2\/types\/page"}],"author":[{"embeddable":true,"href":"https:\/\/www.leternoassente.com\/index.php?rest_route=\/wp\/v2\/users\/1"}],"replies":[{"embeddable":true,"href":"https:\/\/www.leternoassente.com\/index.php?rest_route=%2Fwp%2Fv2%2Fcomments&post=6886"}],"version-history":[{"count":7,"href":"https:\/\/www.leternoassente.com\/index.php?rest_route=\/wp\/v2\/pages\/6886\/revisions"}],"predecessor-version":[{"id":6899,"href":"https:\/\/www.leternoassente.com\/index.php?rest_route=\/wp\/v2\/pages\/6886\/revisions\/6899"}],"up":[{"embeddable":true,"href":"https:\/\/www.leternoassente.com\/index.php?rest_route=\/wp\/v2\/pages\/5508"}],"wp:featuredmedia":[{"embeddable":true,"href":"https:\/\/www.leternoassente.com\/index.php?rest_route=\/wp\/v2\/media\/5533"}],"wp:attachment":[{"href":"https:\/\/www.leternoassente.com\/index.php?rest_route=%2Fwp%2Fv2%2Fmedia&parent=6886"}],"curies":[{"name":"wp","href":"https:\/\/api.w.org\/{rel}","templated":true}]}}