{"id":6908,"date":"2025-01-08T11:43:13","date_gmt":"2025-01-08T10:43:13","guid":{"rendered":"https:\/\/www.leternoassente.com\/?page_id=6908"},"modified":"2025-01-15T14:37:27","modified_gmt":"2025-01-15T13:37:27","slug":"il-cristianesimo-in-2-minuti-46-50-2","status":"publish","type":"page","link":"https:\/\/www.leternoassente.com\/?page_id=6908","title":{"rendered":"Il cristianesimo in 2 minuti \u2013 47\/50"},"content":{"rendered":"<p><strong>Le grandi promesse del cristianesimo: una successione ininterrotta di fallimenti<\/strong><\/p>\n<hr \/>\n<p><a href=\"https:\/\/www.leternoassente.com\/wp-content\/uploads\/2025\/01\/paccoregalo.jpg\"><img loading=\"lazy\" decoding=\"async\" class=\"alignleft size-full wp-image-6911\" src=\"https:\/\/www.leternoassente.com\/wp-content\/uploads\/2025\/01\/paccoregalo.jpg\" alt=\"\" width=\"1440\" height=\"807\" srcset=\"https:\/\/www.leternoassente.com\/wp-content\/uploads\/2025\/01\/paccoregalo.jpg 1440w, https:\/\/www.leternoassente.com\/wp-content\/uploads\/2025\/01\/paccoregalo-300x168.jpg 300w, https:\/\/www.leternoassente.com\/wp-content\/uploads\/2025\/01\/paccoregalo-1024x574.jpg 1024w, https:\/\/www.leternoassente.com\/wp-content\/uploads\/2025\/01\/paccoregalo-768x430.jpg 768w, https:\/\/www.leternoassente.com\/wp-content\/uploads\/2025\/01\/paccoregalo-500x280.jpg 500w\" sizes=\"(max-width: 1440px) 100vw, 1440px\" \/><\/a><\/p>\n<p>I cristiani sostengono di poter ascoltare direttamente l&#8217;onnipotente creatore dell&#8217;universo. Tuttavia, affinch\u00e9 possano dimostrare le proprie ragioni, li sfido a produrre un solo esempio tratto dall&#8217;elenco che segue.<\/p>\n<p>Una verit\u00e0 scientifica sulla natura o un&#8217;invenzione tecnologica rivelata prima di tutto nelle pagine della Bibbia.<\/p>\n<p>Una malattia eliminata dalla Terra o un arto mancante riapparso grazie alla preghiera.<\/p>\n<p>Una profezia o una previsione biblica di un profeta cristiano accettata come compiuta dai non cristiani.<\/p>\n<p>Una qualsiasi affermazione soprannaturale del cristianesimo accettata dai non cristiani.<\/p>\n<p>La Bibbia contiene storie di persone guarite miracolosamente da malattie, ma lo stesso vale per tanti libri di favole. La Bibbia non fornisce nemmeno le pratiche sanitarie di base.<\/p>\n<p>Ges\u00f9 avrebbe potuto eliminare la peste e il vaiolo e salvare la vita di miliardi di persone, invece ha fatto appassire un fico e ha curato meno malattie nella sua carriera di quanto faccia oggi qualsiasi medico. La Bibbia promette che ogni credente sar\u00e0 in grado di compiere le opere di Ges\u00f9 e anche di pi\u00f9, eppure non sono mai state verificate le affermazioni di miracoli medici da parte di nessuna religione.<\/p>\n<p>Un&#8217;altra opportunit\u00e0 mancata \u00e8 stata la comunicazione universale. Nei primi tempi del movimento pentecostale, alcuni sostenevano che lo Spirito Santo desse ai missionari la possibilit\u00e0 di parlare correntemente in qualsiasi lingua terrena, sebbene quest&#8217;affermazione sia fallita quando \u00e8 stata messa alla prova. La glossolalia (parlare in altre lingue) oggi di solito \u00e8 nient&#8217;altro che qualche farfugliamento in nessuna lingua umana.<\/p>\n<p>Dio avrebbe potuto guidare la sua creatura pi\u00f9 cara verso la soluzione di problemi come guerre, genocidi, schiavit\u00f9, pregiudizi, pogrom, sovrappopolazione e disastri ambientali. Invece non aiuta nemmeno a rimediare ai danni dei disastri naturali. La fede non ha mai spostato le montagne, anche se la Bibbia dice che lo far\u00e0. E la preghiera non fa nulla di oggettivamente misurabile.<\/p>\n<p>Il cristiano pu\u00f2 mostrare alcuni contributi del cristianesimo alla societ\u00e0, come le maestose cattedrali. E potrebbe chiedere di sapere quale grande istituzione \u00e8 stata costruita dalla scienza. Risposta: c&#8217;\u00e8 la Royal Society. O la rivista Scientific American. O i Bell Labs. (E ricordate che quelle cattedrali sono state costruite dalla scienza e dall&#8217;ingegneria, non da Dio.)<\/p>\n<p>Che ne dite del soffitto della Cappella Sistina, un capolavoro ispirato dal cristianesimo: quale grande opera d&#8217;arte \u00e8 stata ispirata dalla scienza? C&#8217;\u00e8 il Large Hadron Collider. O il telescopio spaziale Hubble. O la Torre Eiffel. L&#8217;astronomia ci ha regalato foto strabilianti che il cristianesimo non poteva nemmeno immaginare. E non \u00e8 che il cristianesimo abbia il monopolio dell&#8217;arte religiosa. Considerate l&#8217;arte e l&#8217;architettura ispirate alle religioni dell&#8217;antica India, della Cina, della Mesoamerica, della Grecia, di Roma e dell&#8217;Egitto.<\/p>\n<p>Che dire dell&#8217;arte di Michelangelo, ispirata dal cristianesimo: dov&#8217;\u00e8 il Michelangelo della scienza? C&#8217;\u00e8 Richard Feynman. O Albert Einstein. O Stephen Hawking.<\/p>\n<p>Alla richiesta di prove, il cristiano pu\u00f2 rispondere che Dio non si comporta come una scimmia ammaestrata. Tuttavia ci\u00f2 che vediamo si spiega perfettamente con il fatto che Dio non si comporta proprio in alcun modo.<\/p>\n<p><a href=\"https:\/\/2minutechristianity.com\/blog\/\"><strong>Bob Seidensticker<\/strong><\/a><\/p>\n<hr \/>\n<p><strong>Note<\/strong><\/p>\n<p>Glossolalia: nel libro degli Atti si riferiva a un&#8217;improvvisa scioltezza in una lingua straniera (ma terrena). Oggi di solito significa parlare in una lingua angelica. Si dice che la glossolalia sia un dono spirituale e che un altro dono sia quello di interpretare discorsi incomprensibili.<\/p>\n<p>Le grandi promesse del cristianesimo: questo argomento \u00e8 stato ispirato da una comunicazione personale di Richard S. Russell.<\/p>\n<p>La fede non ha mai spostato le montagne, anche se la Bibbia dice che lo far\u00e0.<\/p>\n<blockquote><p>Io vi assicuro che uno potrebbe anche dire a questa montagna: Sollevati e buttati nel mare! Se nel suo cuore egli non ha dubbi, ma crede che accadr\u00e0 quel che dice, state certi che gli accadr\u00e0 veramente.<br \/>\n\u2013 Marco 11,23<\/p><\/blockquote>\n<p>Ogni credente sar\u00e0 in grado di compiere le opere di Ges\u00f9 e anche di pi\u00f9.<\/p>\n<blockquote><p>Ve lo assicuro: chi ha fede in me far\u00e0 anche lui le opere che faccio io, e ne far\u00e0 di pi\u00f9 grandi, perch\u00e9 io ritorno al Padre.<br \/>\n\u2013 Giovanni 14,12<\/p><\/blockquote>\n<p>Ges\u00f9 fece appassire un fico.<\/p>\n<blockquote><p>Il mattino dopo Ges\u00f9 torn\u00f2 a Gerusalemme. Lungo la via ebbe fame\u00a0e poich\u00e9 aveva visto una pianta di fichi, si avvicin\u00f2 per cogliere i frutti; ma non trov\u00f2 niente, soltanto foglie. Allora disse all\u2019albero: \u00abMai pi\u00f9 in eterno nascano frutti da te!\u00bb. E l\u2019albero immediatamente divent\u00f2 secco.<br \/>\n\u2013 Matteo 21,18-19<\/p><\/blockquote>\n<p>Lo Spirito Santo ha dato ai missionari la fluidit\u00e0 nelle lingue: Vinson Synan, \u00abThe Holiness-Pentecostal Tradition\u00bb, Eerdmans, 1997, 92.<\/p>\n<hr \/>\n<p>(47\/50 \u2013 <a href=\"https:\/\/www.leternoassente.com\/?page_id=6919\">continua<\/a>)<\/p>\n<p>Immagine: <a href=\"https:\/\/www.pexels.com\/photo\/close-up-photo-of-tied-blue-box-1178562\/\">Suzy Hazelwood<\/a>\u00a0via Pexels<\/p>\n<p><a href=\"https:\/\/www.leternoassente.com\/?page_id=5508\">Tutte le puntate.<\/a><\/p>\n<p>Leggi la <a href=\"https:\/\/2minutechristianity.com\/2023\/07\/17\/47-christianitys-big-promises-an-unbroken-record-of-failure\/\">versione originale dell&#8217;articolo<\/a>.<\/p>\n<p>Ascolta l&#8217;articolo nel <a href=\"https:\/\/twominutechristianity.podbean.com\/e\/47-christianity-s-big-promises-an-unbroken-record-of-failure\/\">podcast<\/a> o nel <a href=\"https:\/\/www.youtube.com\/watch?v=wm3gvOiLLP0\">canale YouTube<\/a>.<\/p>\n<p>All material on this article is copyright 2023 by Bob Seidensticker. Translation By Choam Goldberg.<\/p>\n<hr \/>\n<p><em>Avvertenza:<\/em><br \/>\n<em>La lingua di questo articolo cerca di conciliare l&#8217;inclusivit\u00e0 con la leggibilit\u00e0 e la scorrevolezza. Nessuno si offenda quindi se evita le ripetizioni e usa il plurale sovraesteso. <a href=\"https:\/\/www.leternoassente.com\/?p=5651\">Ch\u00e9 mi spiace, ma la schwa anche no.<\/a><\/em><\/p>\n<hr \/>\n<p><em>Qui sotto trovi la possibilit\u00e0 di commentare quest&#8217;articolo. Per farlo, devi<br \/>\n1. confermare che sei ateo\/a,<br \/>\n2. essere consapevole che, se menti, stai commettendo il gravissimo peccato di apostasia,<br \/>\n3. aspettare che il commento sia approvato dall&#8217;admin.<br \/>\nL&#8217;approvazione dei commenti dipende dall&#8217;insindacabile e inappellabile giudizio dell&#8217;admin. Se vuoi saperne di pi\u00f9 a proposito dei commenti, puoi consultare le <a href=\"http:\/\/www.leternoassente.com\/?page_id=957#nocomment\" target=\"_blank\" rel=\"noopener\">FAQ<\/a>.<br \/>\nInoltre puoi commentare gli articoli e i post nel <a href=\"https:\/\/www.facebook.com\/groups\/eternoassente\/\" target=\"_blank\" rel=\"noopener\">Gruppo Facebook de L&#8217;Eterno Assente<\/a>, se ti iscrivi al Gruppo dopo aver risposto a una semplice domanda.<\/em><\/p>\n","protected":false},"excerpt":{"rendered":"<p>Le grandi promesse del cristianesimo: una successione ininterrotta di fallimenti I cristiani sostengono di poter ascoltare direttamente l&#8217;onnipotente creatore dell&#8217;universo. Tuttavia, affinch\u00e9 possano dimostrare le proprie ragioni, li sfido a produrre un solo esempio tratto dall&#8217;elenco che segue. Una verit\u00e0 &hellip; <a href=\"https:\/\/www.leternoassente.com\/?page_id=6908\">Continua a leggere<span class=\"meta-nav\">&rarr;<\/span><\/a><\/p>\n","protected":false},"author":1,"featured_media":5533,"parent":5508,"menu_order":0,"comment_status":"open","ping_status":"closed","template":"","meta":{"footnotes":""},"class_list":["post-6908","page","type-page","status-publish","has-post-thumbnail","hentry"],"yoast_head":"<!-- This site is optimized with the Yoast SEO plugin v25.6 - https:\/\/yoast.com\/wordpress\/plugins\/seo\/ -->\n<title>Il cristianesimo in 2 minuti \u2013 47\/50 - L&#039;Eterno Assente<\/title>\n<meta name=\"description\" content=\"Le grandi promesse del cristianesimo: una successione ininterrotta di fallimenti\" \/>\n<meta name=\"robots\" content=\"index, follow, max-snippet:-1, max-image-preview:large, max-video-preview:-1\" \/>\n<link rel=\"canonical\" href=\"https:\/\/www.leternoassente.com\/?page_id=6908\" \/>\n<meta property=\"og:locale\" content=\"it_IT\" \/>\n<meta property=\"og:type\" content=\"article\" \/>\n<meta property=\"og:title\" content=\"Il cristianesimo in 2 minuti \u2013 47\/50 - L&#039;Eterno Assente\" \/>\n<meta property=\"og:description\" content=\"Le grandi promesse del cristianesimo: una successione ininterrotta di fallimenti\" \/>\n<meta property=\"og:url\" content=\"https:\/\/www.leternoassente.com\/?page_id=6908\" \/>\n<meta property=\"og:site_name\" content=\"L&#039;Eterno Assente\" \/>\n<meta property=\"article:modified_time\" content=\"2025-01-15T13:37:27+00:00\" \/>\n<meta property=\"og:image\" content=\"https:\/\/www.leternoassente.com\/wp-content\/uploads\/2022\/12\/2minuticristianesimotagliato.jpg\" \/>\n\t<meta property=\"og:image:width\" content=\"1213\" \/>\n\t<meta property=\"og:image:height\" content=\"600\" \/>\n\t<meta property=\"og:image:type\" content=\"image\/jpeg\" \/>\n<meta name=\"twitter:card\" content=\"summary_large_image\" \/>\n<meta name=\"twitter:site\" content=\"@leternoassente\" \/>\n<meta name=\"twitter:label1\" content=\"Tempo di lettura stimato\" \/>\n\t<meta name=\"twitter:data1\" content=\"5 minuti\" \/>\n<script type=\"application\/ld+json\" class=\"yoast-schema-graph\">{\"@context\":\"https:\/\/schema.org\",\"@graph\":[{\"@type\":\"WebPage\",\"@id\":\"https:\/\/www.leternoassente.com\/?page_id=6908\",\"url\":\"https:\/\/www.leternoassente.com\/?page_id=6908\",\"name\":\"Il cristianesimo in 2 minuti \u2013 47\/50 - L&#039;Eterno Assente\",\"isPartOf\":{\"@id\":\"https:\/\/www.leternoassente.com\/#website\"},\"primaryImageOfPage\":{\"@id\":\"https:\/\/www.leternoassente.com\/?page_id=6908#primaryimage\"},\"image\":{\"@id\":\"https:\/\/www.leternoassente.com\/?page_id=6908#primaryimage\"},\"thumbnailUrl\":\"https:\/\/www.leternoassente.com\/wp-content\/uploads\/2022\/12\/2minuticristianesimo-1.jpg\",\"datePublished\":\"2025-01-08T10:43:13+00:00\",\"dateModified\":\"2025-01-15T13:37:27+00:00\",\"description\":\"Le grandi promesse del cristianesimo: una successione ininterrotta di fallimenti\",\"breadcrumb\":{\"@id\":\"https:\/\/www.leternoassente.com\/?page_id=6908#breadcrumb\"},\"inLanguage\":\"it-IT\",\"potentialAction\":[{\"@type\":\"ReadAction\",\"target\":[\"https:\/\/www.leternoassente.com\/?page_id=6908\"]}]},{\"@type\":\"ImageObject\",\"inLanguage\":\"it-IT\",\"@id\":\"https:\/\/www.leternoassente.com\/?page_id=6908#primaryimage\",\"url\":\"https:\/\/www.leternoassente.com\/wp-content\/uploads\/2022\/12\/2minuticristianesimo-1.jpg\",\"contentUrl\":\"https:\/\/www.leternoassente.com\/wp-content\/uploads\/2022\/12\/2minuticristianesimo-1.jpg\",\"width\":1500,\"height\":434},{\"@type\":\"BreadcrumbList\",\"@id\":\"https:\/\/www.leternoassente.com\/?page_id=6908#breadcrumb\",\"itemListElement\":[{\"@type\":\"ListItem\",\"position\":1,\"name\":\"Home\",\"item\":\"https:\/\/www.leternoassente.com\/\"},{\"@type\":\"ListItem\",\"position\":2,\"name\":\"Il cristianesimo in 2 minuti\",\"item\":\"https:\/\/www.leternoassente.com\/?page_id=5508\"},{\"@type\":\"ListItem\",\"position\":3,\"name\":\"Il cristianesimo in 2 minuti \u2013 47\/50\"}]},{\"@type\":\"WebSite\",\"@id\":\"https:\/\/www.leternoassente.com\/#website\",\"url\":\"https:\/\/www.leternoassente.com\/\",\"name\":\"L&#039;Eterno Assente\",\"description\":\"Dio, la vita, il senso e altre cazzate\",\"publisher\":{\"@id\":\"https:\/\/www.leternoassente.com\/#\/schema\/person\/d2069751871fcdb89a30a0775f4170f9\"},\"potentialAction\":[{\"@type\":\"SearchAction\",\"target\":{\"@type\":\"EntryPoint\",\"urlTemplate\":\"https:\/\/www.leternoassente.com\/?s={search_term_string}\"},\"query-input\":{\"@type\":\"PropertyValueSpecification\",\"valueRequired\":true,\"valueName\":\"search_term_string\"}}],\"inLanguage\":\"it-IT\"},{\"@type\":[\"Person\",\"Organization\"],\"@id\":\"https:\/\/www.leternoassente.com\/#\/schema\/person\/d2069751871fcdb89a30a0775f4170f9\",\"name\":\"Choam Goldberg\",\"image\":{\"@type\":\"ImageObject\",\"inLanguage\":\"it-IT\",\"@id\":\"https:\/\/www.leternoassente.com\/#\/schema\/person\/image\/\",\"url\":\"https:\/\/secure.gravatar.com\/avatar\/63d2c9f25f05d3da5001f2898f6fc9cd?s=96&d=wavatar&r=g\",\"contentUrl\":\"https:\/\/secure.gravatar.com\/avatar\/63d2c9f25f05d3da5001f2898f6fc9cd?s=96&d=wavatar&r=g\",\"caption\":\"Choam Goldberg\"},\"logo\":{\"@id\":\"https:\/\/www.leternoassente.com\/#\/schema\/person\/image\/\"},\"description\":\"Contemplata la vastit\u00e0 del cazzo che gliene frega e raggiunta l\u2019atarass\u00eca, Choam Goldberg pratica nondimeno l'antica, dilettevole e nobile arte di demolire le credenze dei\u00a0beoti e degli insipienti.\",\"sameAs\":[\"http:\/\/www.leternoassente.com\"]}]}<\/script>\n<!-- \/ Yoast SEO plugin. -->","yoast_head_json":{"title":"Il cristianesimo in 2 minuti \u2013 47\/50 - L&#039;Eterno Assente","description":"Le grandi promesse del cristianesimo: una successione ininterrotta di fallimenti","robots":{"index":"index","follow":"follow","max-snippet":"max-snippet:-1","max-image-preview":"max-image-preview:large","max-video-preview":"max-video-preview:-1"},"canonical":"https:\/\/www.leternoassente.com\/?page_id=6908","og_locale":"it_IT","og_type":"article","og_title":"Il cristianesimo in 2 minuti \u2013 47\/50 - L&#039;Eterno Assente","og_description":"Le grandi promesse del cristianesimo: una successione ininterrotta di fallimenti","og_url":"https:\/\/www.leternoassente.com\/?page_id=6908","og_site_name":"L&#039;Eterno Assente","article_modified_time":"2025-01-15T13:37:27+00:00","og_image":[{"width":1213,"height":600,"url":"https:\/\/www.leternoassente.com\/wp-content\/uploads\/2022\/12\/2minuticristianesimotagliato.jpg","type":"image\/jpeg"}],"twitter_card":"summary_large_image","twitter_site":"@leternoassente","twitter_misc":{"Tempo di lettura stimato":"5 minuti"},"schema":{"@context":"https:\/\/schema.org","@graph":[{"@type":"WebPage","@id":"https:\/\/www.leternoassente.com\/?page_id=6908","url":"https:\/\/www.leternoassente.com\/?page_id=6908","name":"Il cristianesimo in 2 minuti \u2013 47\/50 - L&#039;Eterno Assente","isPartOf":{"@id":"https:\/\/www.leternoassente.com\/#website"},"primaryImageOfPage":{"@id":"https:\/\/www.leternoassente.com\/?page_id=6908#primaryimage"},"image":{"@id":"https:\/\/www.leternoassente.com\/?page_id=6908#primaryimage"},"thumbnailUrl":"https:\/\/www.leternoassente.com\/wp-content\/uploads\/2022\/12\/2minuticristianesimo-1.jpg","datePublished":"2025-01-08T10:43:13+00:00","dateModified":"2025-01-15T13:37:27+00:00","description":"Le grandi promesse del cristianesimo: una successione ininterrotta di fallimenti","breadcrumb":{"@id":"https:\/\/www.leternoassente.com\/?page_id=6908#breadcrumb"},"inLanguage":"it-IT","potentialAction":[{"@type":"ReadAction","target":["https:\/\/www.leternoassente.com\/?page_id=6908"]}]},{"@type":"ImageObject","inLanguage":"it-IT","@id":"https:\/\/www.leternoassente.com\/?page_id=6908#primaryimage","url":"https:\/\/www.leternoassente.com\/wp-content\/uploads\/2022\/12\/2minuticristianesimo-1.jpg","contentUrl":"https:\/\/www.leternoassente.com\/wp-content\/uploads\/2022\/12\/2minuticristianesimo-1.jpg","width":1500,"height":434},{"@type":"BreadcrumbList","@id":"https:\/\/www.leternoassente.com\/?page_id=6908#breadcrumb","itemListElement":[{"@type":"ListItem","position":1,"name":"Home","item":"https:\/\/www.leternoassente.com\/"},{"@type":"ListItem","position":2,"name":"Il cristianesimo in 2 minuti","item":"https:\/\/www.leternoassente.com\/?page_id=5508"},{"@type":"ListItem","position":3,"name":"Il cristianesimo in 2 minuti \u2013 47\/50"}]},{"@type":"WebSite","@id":"https:\/\/www.leternoassente.com\/#website","url":"https:\/\/www.leternoassente.com\/","name":"L&#039;Eterno Assente","description":"Dio, la vita, il senso e altre cazzate","publisher":{"@id":"https:\/\/www.leternoassente.com\/#\/schema\/person\/d2069751871fcdb89a30a0775f4170f9"},"potentialAction":[{"@type":"SearchAction","target":{"@type":"EntryPoint","urlTemplate":"https:\/\/www.leternoassente.com\/?s={search_term_string}"},"query-input":{"@type":"PropertyValueSpecification","valueRequired":true,"valueName":"search_term_string"}}],"inLanguage":"it-IT"},{"@type":["Person","Organization"],"@id":"https:\/\/www.leternoassente.com\/#\/schema\/person\/d2069751871fcdb89a30a0775f4170f9","name":"Choam Goldberg","image":{"@type":"ImageObject","inLanguage":"it-IT","@id":"https:\/\/www.leternoassente.com\/#\/schema\/person\/image\/","url":"https:\/\/secure.gravatar.com\/avatar\/63d2c9f25f05d3da5001f2898f6fc9cd?s=96&d=wavatar&r=g","contentUrl":"https:\/\/secure.gravatar.com\/avatar\/63d2c9f25f05d3da5001f2898f6fc9cd?s=96&d=wavatar&r=g","caption":"Choam Goldberg"},"logo":{"@id":"https:\/\/www.leternoassente.com\/#\/schema\/person\/image\/"},"description":"Contemplata la vastit\u00e0 del cazzo che gliene frega e raggiunta l\u2019atarass\u00eca, Choam Goldberg pratica nondimeno l'antica, dilettevole e nobile arte di demolire le credenze dei\u00a0beoti e degli insipienti.","sameAs":["http:\/\/www.leternoassente.com"]}]}},"_links":{"self":[{"href":"https:\/\/www.leternoassente.com\/index.php?rest_route=\/wp\/v2\/pages\/6908"}],"collection":[{"href":"https:\/\/www.leternoassente.com\/index.php?rest_route=\/wp\/v2\/pages"}],"about":[{"href":"https:\/\/www.leternoassente.com\/index.php?rest_route=\/wp\/v2\/types\/page"}],"author":[{"embeddable":true,"href":"https:\/\/www.leternoassente.com\/index.php?rest_route=\/wp\/v2\/users\/1"}],"replies":[{"embeddable":true,"href":"https:\/\/www.leternoassente.com\/index.php?rest_route=%2Fwp%2Fv2%2Fcomments&post=6908"}],"version-history":[{"count":6,"href":"https:\/\/www.leternoassente.com\/index.php?rest_route=\/wp\/v2\/pages\/6908\/revisions"}],"predecessor-version":[{"id":6923,"href":"https:\/\/www.leternoassente.com\/index.php?rest_route=\/wp\/v2\/pages\/6908\/revisions\/6923"}],"up":[{"embeddable":true,"href":"https:\/\/www.leternoassente.com\/index.php?rest_route=\/wp\/v2\/pages\/5508"}],"wp:featuredmedia":[{"embeddable":true,"href":"https:\/\/www.leternoassente.com\/index.php?rest_route=\/wp\/v2\/media\/5533"}],"wp:attachment":[{"href":"https:\/\/www.leternoassente.com\/index.php?rest_route=%2Fwp%2Fv2%2Fmedia&parent=6908"}],"curies":[{"name":"wp","href":"https:\/\/api.w.org\/{rel}","templated":true}]}}