{"id":6983,"date":"2025-03-20T08:15:57","date_gmt":"2025-03-20T07:15:57","guid":{"rendered":"https:\/\/www.leternoassente.com\/?page_id=6983"},"modified":"2025-03-20T08:15:59","modified_gmt":"2025-03-20T07:15:59","slug":"scegliere","status":"publish","type":"page","link":"https:\/\/www.leternoassente.com\/?page_id=6983","title":{"rendered":"Scegliere"},"content":{"rendered":"<p><strong>Maddalena racconta la propria Storia per \u00abIo senza Dio\u00bb<\/strong><\/p>\n<hr>\n<p>Vengo da una famiglia cattolica ed ero profondamente credente e praticante. Non me la sento di definirmi \u00abbigotta\u00bb, nemmeno a posteriori, perch\u00e9 ho avuto una mamma meravigliosa che, nella sua semplicit\u00e0, ha avuto l&#8217;intelligenza di tenere Dio separato dalla Chiesa cattolica. \u00abDio non \u00e8 come te lo raccontano i preti\u00bb, mi diceva lei, che aveva subito le sevizie delle suore da ragazzina e le minacce del confessore che la metteva in guardia dal baciare mio padre, allora solo fidanzato, prima di fare la Comunione.<\/p>\n<p>Sono di Bologna, sono laureata in giurisprudenza e ho avuto l&#8217;onore e la fortuna di seguire il corso di Diritto canonico con uno dei migliori docenti della materia, proprio poco prima che morisse. A quegli anni risale la mia rottura con l&#8217;istituzione Chiesa cattolica. Si vociferava che dalle lezioni del professore si uscisse o atei o preti. Nel primo caso significava aver compreso appieno i testi e le argomentazioni del geniale cattedratico, nel secondo essersi arroccati sulla mentalit\u00e0 bigotta e ottusa che gli dava torto per principio. Bologna \u00abla rossa\u00bb era scissa, in seno al suo ateneo, tra chi vedeva la luce abbagliante negli occhi di questo maestro e chi lo detestava. Egli tuttavia, per statura culturale e ideologica oltre che per personalit\u00e0 istrionica, poteva permettersi il lusso di fregarsene del mondo intero e di fare \u2013 pi\u00f9 o meno \u2013 quello che voleva. Gli orrori dell&#8217;operato ecclesiastico, la manipolazione e la storpiatura delle Scritture, le invettive contro Paolo di Tarso tuonavano in aula con voce possente, in penosa dissonanza con il fisico esile, minato da un morbo impietoso.<\/p>\n<p>Malgrado i miei punti di forza \u2013 una mamma di modesta cultura ma saggia e gli insegnamenti all&#8217;avanguardia dell&#8217;illustre universitario \u2013, l&#8217;indottrinamento, sia esso volontario o di matrice sociale, purtroppo si paga. A 20 anni detestavo la Chiesa ma amavo Dio, perci\u00f2 ogni domenica ero a Messa, possibilmente alla prima funzione per non avere esibizionisti chiacchieroni intorno che mi deconcentrassero dalla preghiera.<\/p>\n<p>Morta la mia mamma, giovane lei e altrettanto io, mi sono ritrovata circondata da atei: tutti i miei amici lo erano, cos\u00ec come mio marito. Da buona etrusca, sono comunista. Ho frequentato il liceo classico, innamorandomi della filosofia. Ho avuto il privilegio di viaggiare molto con la mia famiglia. Il contesto culturale mi aveva aperto la mente all&#8217;\u00abaltro\u00bb: allo straniero, all&#8217;omosessuale, all&#8217;emarginato, al misero (per mezzi o per animo). Nessun contrasto dunque con i miscredenti: io ho sempre rispettato il loro ateismo, loro non hanno mai deriso il mio appuntamento domenicale con la Comunione.<\/p>\n<p>Non saprei dire quante volte sono uscita dalla funzione religiosa con la nausea. Bologna ha chiese stupende e io avevo l&#8217;abitudine di cambiarne una tutte le domeniche alla ricerca di un sacerdote che conoscesse la Bibbia, che portasse la \u00abbuona novella\u00bb alla gente, che spiegasse il Vangelo con convinzione e non per mestiere. Raramente ho trovato un prete che non fosse un mero impiegato statale, che parlasse di speranza e non solo di costrizioni, precetti, ammonimenti, peccato, Satana, inferno, dannazione eterna. Studiavo le Scritture \u2013 parlo del Vangelo, in particolare \u2013 e ne traevo un messaggio di libert\u00e0 che ogni domenica veniva disatteso, infrangendosi sui pulpiti di preti dalla mentalit\u00e0 farisaica, spesso convinti che il Vangelo di Giovanni fosse stato scritto dall&#8217;apostolo ai piedi della croce.<\/p>\n<p>Nel mio lungo errare alla ricerca di un Ges\u00f9 che sentivo realmente presente nell&#8217;eucaristia \u2013 altrimenti non mi sarei sottoposta alla tortura delle prediche a opera di ministri che di teologia ne sapevano meno di me! \u2013 ho finalmente trovato un prete degno di questo nome, profondamente credente, che dal pulpito dava vita alle Scritture e, nella sua semplice quotidianit\u00e0, donava compassione, speranza, misericordia, amore verso Dio e verso il prossimo.<\/p>\n<p>\u00abQual \u00e8 dunque il punto?\u00bb, si star\u00e0 chiedendo chi spero abbia la pazienza di arrivare in fondo a questo scritto. Sono una cattolica, anticlericale, che credeva in Dio ma non nella Chiesa \u2013 quindi incoerente! \u2013 e che finalmente ha trovato un prete degno di questo nome. Perch\u00e9 dunque non mi fermo qui, evitando di tediare il lettore? Giusto? No.<\/p>\n<p>No, perch\u00e9 \u00e8 stato proprio quel prete, che ha lottato anni per demolire i miei sensi di colpa, che mi ha incoraggiata a vivere quando la vita stessa pareva rifiutarmi, che ha reciso in me il senso di inferiorit\u00e0 intellettuale mutuato dai banchi della dottrina ecclesiastica, a farmi conoscere il canale di Choam Goldberg. Per giunta, qualora non bastasse, il presbitero di cui sopra come primo video mi ha consigliato di guardare \u00abIl prete buono\u00bb.<\/p>\n<p>Se io potessi riferire tutte le parolacce che ho rivolto a Choam nell&#8217;ascoltarlo in quell&#8217;occasione, esse farebbero apparire il suo turpiloquio un linguaggio da educande. Finch\u00e9 l&#8217;oratore, con cognizione di causa, criticava la Chiesa cattolica, esultavo. Ma dire che non ci fossero preti \u00abbuoni\u00bb non glielo perdonavo, perch\u00e9 era stato proprio uno di loro a salvarmi la vita.<\/p>\n<p>YouTube \u2013 si sa \u2013 propone video in sequenza. In ogni momento libero della giornata io ascoltavo Choam. Non me ne importava proprio nulla della sua maschera, tante volte messa alla gogna dai bigotti, poich\u00e9 io, con le cuffiette, affaccendata in mille cose, lo schermo nemmeno lo guardavo. N\u00e9 mi ha mai turbata il filtro vocale, perch\u00e9 le sue parole arrivavano fin troppo chiare al mio cuore imbrigliato dalle paratie di dogmi preconfezionati e stantii. Non mi infastidiva nemmeno il turpiloquio, poich\u00e9 strumento di enfatizzazione di un pensiero lineare, pulito, chiaro ed espresso in un italiano elegante che dava ristoro alla mia mente, impigrita da un mondo lessicalmente povero e sgrammaticato come quello che ci circonda.<\/p>\n<p>Non so dire quanti video de \u00abL&#8217;Eterno Assente\u00bb ho ascoltato. Non mi azzardo a scrivere \u00abtutti\u00bb perch\u00e9 non ne sono certa, ma ricordo senz&#8217;altro quello che ha fatto breccia dentro di me, ribaltando la chiave di lettura di tutti quelli che fino ad allora avevo seguito. Si tratta del video \u00abChe fate?\u00bb, dedicato alla suora che separa le due modelle che si baciano nel corso di un servizio fotografico. Fino a quando il commento di Choam stroncava l&#8217;atteggiamento della religiosa, io annuivo. Quando invece lui stesso, proprio in coda, ha evidenziato la coerenza della monaca definendola \u00abla rappresentazione plastica di ci\u00f2 che la Chiesa \u00e8\u00bb, io ho messo in pausa, mi sono seduta e ho capito.<\/p>\n<p>A pi\u00f9 di 50 anni anni ho compreso quanto fosse importante, per me, scegliere. Per 30 anni avevo ricordato con ammirazione lo storico professore di Diritto canonico, mi ero tappata il naso di fronte ai preti ignoranti o addirittura atei, all&#8217;insegna del \u00abtanto Dio \u00e8 un&#8217;altra cosa\u00bb, avevo represso il senso di nausea profondo per i crimini della Chiesa, passati e recentissimi, avevo condannato \u2013 ma seguito! \u2013 un&#8217;associazione a delinquere che, come prima colpa, ha proprio quella di aver venduto fumo. Nell&#8217;ascoltare \u00abChe fate?\u00bb si \u00e8 squarciato il velo di Maya, quello che mi impediva di cogliere fino in fondo le riflessioni di Choam sul Dio abramitico, il quale, se permette la sofferenza, non \u00e8 onnipotente, onnisciente e soprattutto non pu\u00f2 essere buono. La sua voce che ripeteva \u00abNon pu\u00f2 o non vuole?\u00bb \u2013 sono sincera \u2013 mi ha tormentata per giornate intere.<\/p>\n<p>Il \u00absacerdote illuminato\u00bb che alla mia metamorfosi aveva dato inizio \u2013 peraltro, giova evidenziarlo, non per vezzo, bens\u00ec per infondermi il coraggio di allontanarmi da una situazione drammatica, di cui ero vittima e dalla quale non prendevo le distanze anche per il cattolicesimo di cui ero inconsciamente intrisa \u2013 di fronte alle mie incalzanti domande sulla fondatezza delle affermazioni di Choam da un punto di vista teologico mi ha segnalato altri canali che potessero dare risposta ai tanti dubbi che, per mancanza di tempo, egli non poteva esaustivamente dissipare. Le voci di Sapiens Sapiens, Progetto Context, Osa Sapere e Padre Kayn sono diventate, insieme con quelle di Choam, compagne di lunghe notti insonni.<\/p>\n<p>Io non sono una teologa e la mia cultura nemmeno si avvicina a quella delle persone poc&#8217;anzi menzionate, tuttavia sono molto curiosa e, se posso capire o imparare, lo faccio volentieri. La conoscenza per\u00f2 porta con s\u00e9 enormi responsabilit\u00e0: \u00e8 nell&#8217;apprendere che si sperimenta la solitudine, quella vera, perch\u00e9 quando le illusioni crollano si amputa ogni speranza e \u2013 duole ammetterlo \u2013 con essa la parte pi\u00f9 intima di s\u00e9. Perdere la fede pu\u00f2 essere un lutto invalidante che, come tutte le tragedie, si vive un minuto alla volta, avanzando al buio e cercando a tentoni l&#8217;appiglio successivo, sperando \u2013 perch\u00e9 dire pregando diventa un ossimoro \u2013 che regga. Malgrado la mia espressione possa apparire forte, la fede \u00e8 una droga, e il cuore tarda, in confronto alla mente, a disintossicarsi. Quanto ho desiderato che qualcuno, magari proprio una delle teste coronate della teologia, replicasse con logica e argomentazioni forti ai ragionamenti di Choam, cos\u00ec ben fondati. Come avrei voluto che questi ministri del culto cattolico, tronfi nelle loro porpore, che giudicano il mondo sotto lo stendardo della loro fede fasulla, fossero stati in grado di contraddirlo, rispondendo alla sfida della teodicea. Invece nulla. Il nulla, oserei dire, al di l\u00e0 del vacuo \u00abMistero della fede\u00bb.<\/p>\n<p>Dubito che il lettore, a questo punto, non si stia chiedendo: \u00abE il prete? Ha avuto il coraggio di sciogliere il capestro?\u00bb.<\/p>\n<p>S\u00ec. Il \u00abdon\u00bb ce l&#8217;ha fatta: ha cominciato il lunghissimo percorso di laicizzazione, traendo forza da un&#8217;integrit\u00e0 morale di raro spessore e da una coerenza eroica che gli sta, metaforicamente, costando la vita. Non si pensi che i bigotti si scaglino solo contro gli atei: massacrano anche i propri simili e lacerano a morsi la mano che li ha nutriti fino a un istante prima. Il \u00abdon luce\u00bb, che per pi\u00f9 di 23 anni ha regalato arcobaleni a chiunque gli si avvicinasse, per ora \u00e8 al buio e sta versando un tributo salatissimo per aver smesso di credere in un Dio onnisciente, onnipotente e buono, rifiutandosi di perpetrarne l&#8217;inganno agli occhi che lo guardavano con fiducia. Si pu\u00f2 supporre che il Vaticano agevoli chi fa una scelta del genere? Il pericoloso integralismo dei bigotti pu\u00f2 conoscere empatia, compassione, bont\u00e0, generosit\u00e0? Questo sacerdote potrebbe far capire a una tale massa di \u00abminus habens\u00bb che la sua consapevolezza \u00e8 il frutto di anni di studio incessante e meticoloso, di meditazione e di incommensurabile sofferenza? Ai pensanti l&#8217;ardua sentenza.<\/p>\n<p>La verit\u00e0 costa e l&#8217;onest\u00e0 intellettuale massacra. Il sacerdote che, per pura, convintissima, inusuale vocazione aveva fatto dell&#8217;amore a Dio il suo stendardo di vita, ha avuto l&#8217;ardire di lasciarlo quando ha perso la fede. Se io, guardando il video \u00abIl prete buono\u00bb, ne ho insultato l&#8217;autore, quel sacerdote responsabile e saggio gli ha dato ragione, fino alle conseguenze estreme.<\/p>\n<p>\u00c8 tempo di conclusioni. Occorrerebbe un romanzo per descrivere quello che provo ora, ma non \u00e8 questo lo scopo di queste pagine. Dio \u2013 o meglio l&#8217;illusione di Dio \u2013 mi manca pi\u00f9 dell&#8217;aria che respiro! Quante volte, d&#8217;istinto, guardo il cielo alla ricerca di ci\u00f2 che non c&#8217;\u00e8 mai stato, ma che io vedevo e amavo profondamente. Non conosco parole che possano esprimere la desolazione che sento quando, nei tanti momenti difficili, chiedo aiuto e so che alla mia invocazione faranno eco solo il silenzio e lo smarrimento. Eppure so ancora ridere, sperare e amare il prossimo, pur senza doverne rendere conto a un&#8217;istituzione.<\/p>\n<p>Scrivere \u00e8 sempre un rischio: ci si mette a nudo, si racconta e si rilegge s\u00e9 stessi. Se mi sono azzardata a farlo \u00e8 solo per chiedere proprio al mio \u00abamico\u00bb Choam di non desistere nella sua opera, soprattutto dopo il recente, crudele episodio di doxing di cui \u00e8 stato vittima. Spero che egli non si lasci prendere da un comprensibile sconforto di fronte alle opinioni stolte di Franchi o de L&#8217;asina loquace, che non imparer\u00e0 mai che cos&#8217;\u00e8 un sillogismo, dinanzi a uno Zambelli che contraddice s\u00e9 stesso, davanti ai pensieri scioccanti di uno Zenone che definisce lo stupro un peccato di debolezza. La speranza \u00e8 che L&#8217;Eterno Assente prosegua nel suo paziente lavoro: per me, per i rari \u00absacerdoti illuminati\u00bb, per le persone in penombra e senza voce, convinte che per la stupidit\u00e0 non ci sia rimedio ma per l&#8217;ignoranza s\u00ec. In un video Choam si augurava che le sue parole potessero giovare anche solo a una persona. In realt\u00e0 sono in molti ad aver tratto beneficio dalle sue conversazioni: io, per correttezza, ne ho menzionate solo due, ma si tenga conto che, se il mio \u00e8 un volto fra tanti, il \u00absacerdote illuminato\u00bb \u00e8 l&#8217;immagine della speranza in un mondo libero da vincoli, stereotipi e costrizioni spietate.<\/p>\n<p>A te, nobile uomo mascherato, solo un grazie. Sono ben cosciente di quanto riduttiva possa apparire la mia espressione. D&#8217;altronde \u2013 \u00e8 noto \u2013 la gratitudine non conosce parole.<\/p>\n<p><strong>Maddalena<\/strong><\/p>\n<p>Vuoi raccontare anche tu la tua Storia per \u00abIo senza Dio\u00bb? Spediscila a L&#8217;Eterno Assente, ma prima consulta il <a href=\"https:\/\/www.leternoassente.com\/?page_id=4429\" target=\"_blank\" rel=\"noopener noreferrer\">Regolamento<\/a><\/p>\n<p><a href=\"https:\/\/www.leternoassente.com\/?page_id=4502\" target=\"_blank\" rel=\"noopener noreferrer\">Tutte le Storie di \u00abIo senza Dio\u00bb<\/a><\/p>\n<hr>\n<p><em>Qui sotto trovi la possibilit\u00e0 di commentare quest&#8217;articolo. Per farlo, devi<br \/>\n1. confermare che sei ateo\/a,<br \/>\n2. essere consapevole che, se menti, stai commettendo il gravissimo peccato di apostasia,<br \/>\n3. aspettare che il commento sia approvato dall&#8217;admin.<br \/>\nL&#8217;approvazione dei commenti dipende dall&#8217;insindacabile e inappellabile giudizio dell&#8217;admin. Se vuoi saperne di pi\u00f9 a proposito dei commenti, puoi consultare le <a href=\"http:\/\/www.leternoassente.com\/?page_id=957#nocomment\" rel=\"noopener\" target=\"_blank\">FAQ<\/a>.<br \/>\nInoltre puoi commentare gli articoli e i post nel <a href=\"https:\/\/www.facebook.com\/groups\/eternoassente\/\" rel=\"noopener\" target=\"_blank\">Gruppo Facebook de L&#8217;Eterno Assente<\/a>, se ti iscrivi al Gruppo dopo aver risposto a una semplice domanda.<\/em><\/p>\n","protected":false},"excerpt":{"rendered":"<p>Maddalena racconta la propria Storia per \u00abIo senza Dio\u00bb Vengo da una famiglia cattolica ed ero profondamente credente e praticante. Non me la sento di definirmi \u00abbigotta\u00bb, nemmeno a posteriori, perch\u00e9 ho avuto una mamma meravigliosa che, nella sua semplicit\u00e0, &hellip; <a href=\"https:\/\/www.leternoassente.com\/?page_id=6983\">Continua a leggere<span class=\"meta-nav\">&rarr;<\/span><\/a><\/p>\n","protected":false},"author":1,"featured_media":3299,"parent":4502,"menu_order":0,"comment_status":"open","ping_status":"closed","template":"","meta":{"footnotes":""},"class_list":["post-6983","page","type-page","status-publish","has-post-thumbnail","hentry"],"yoast_head":"<!-- This site is optimized with the Yoast SEO plugin v25.6 - https:\/\/yoast.com\/wordpress\/plugins\/seo\/ -->\n<title>Scegliere - L&#039;Eterno Assente<\/title>\n<meta name=\"description\" content=\"Maddalena racconta la propria Storia per \u00abIo senza Dio\u00bb\" \/>\n<meta name=\"robots\" content=\"index, follow, max-snippet:-1, max-image-preview:large, max-video-preview:-1\" \/>\n<link rel=\"canonical\" href=\"https:\/\/www.leternoassente.com\/?page_id=6983\" \/>\n<meta property=\"og:locale\" content=\"it_IT\" \/>\n<meta property=\"og:type\" content=\"article\" \/>\n<meta property=\"og:title\" content=\"Scegliere - L&#039;Eterno Assente\" \/>\n<meta property=\"og:description\" content=\"Maddalena racconta la propria Storia per \u00abIo senza Dio\u00bb\" \/>\n<meta property=\"og:url\" content=\"https:\/\/www.leternoassente.com\/?page_id=6983\" \/>\n<meta property=\"og:site_name\" content=\"L&#039;Eterno Assente\" \/>\n<meta property=\"article:modified_time\" content=\"2025-03-20T07:15:59+00:00\" \/>\n<meta property=\"og:image\" content=\"https:\/\/www.leternoassente.com\/wp-content\/uploads\/2020\/04\/iosenzadio4seo.jpg\" \/>\n\t<meta property=\"og:image:width\" content=\"1200\" \/>\n\t<meta property=\"og:image:height\" content=\"630\" \/>\n\t<meta property=\"og:image:type\" content=\"image\/jpeg\" \/>\n<meta name=\"twitter:card\" content=\"summary_large_image\" \/>\n<meta name=\"twitter:site\" content=\"@leternoassente\" \/>\n<meta name=\"twitter:label1\" content=\"Tempo di lettura stimato\" \/>\n\t<meta name=\"twitter:data1\" content=\"12 minuti\" \/>\n<script type=\"application\/ld+json\" class=\"yoast-schema-graph\">{\"@context\":\"https:\/\/schema.org\",\"@graph\":[{\"@type\":\"WebPage\",\"@id\":\"https:\/\/www.leternoassente.com\/?page_id=6983\",\"url\":\"https:\/\/www.leternoassente.com\/?page_id=6983\",\"name\":\"Scegliere - L&#039;Eterno Assente\",\"isPartOf\":{\"@id\":\"https:\/\/www.leternoassente.com\/#website\"},\"primaryImageOfPage\":{\"@id\":\"https:\/\/www.leternoassente.com\/?page_id=6983#primaryimage\"},\"image\":{\"@id\":\"https:\/\/www.leternoassente.com\/?page_id=6983#primaryimage\"},\"thumbnailUrl\":\"https:\/\/www.leternoassente.com\/wp-content\/uploads\/2020\/04\/iosenzadio4.jpg\",\"datePublished\":\"2025-03-20T07:15:57+00:00\",\"dateModified\":\"2025-03-20T07:15:59+00:00\",\"description\":\"Maddalena racconta la propria Storia per \u00abIo senza Dio\u00bb\",\"breadcrumb\":{\"@id\":\"https:\/\/www.leternoassente.com\/?page_id=6983#breadcrumb\"},\"inLanguage\":\"it-IT\",\"potentialAction\":[{\"@type\":\"ReadAction\",\"target\":[\"https:\/\/www.leternoassente.com\/?page_id=6983\"]}]},{\"@type\":\"ImageObject\",\"inLanguage\":\"it-IT\",\"@id\":\"https:\/\/www.leternoassente.com\/?page_id=6983#primaryimage\",\"url\":\"https:\/\/www.leternoassente.com\/wp-content\/uploads\/2020\/04\/iosenzadio4.jpg\",\"contentUrl\":\"https:\/\/www.leternoassente.com\/wp-content\/uploads\/2020\/04\/iosenzadio4.jpg\",\"width\":1500,\"height\":434},{\"@type\":\"BreadcrumbList\",\"@id\":\"https:\/\/www.leternoassente.com\/?page_id=6983#breadcrumb\",\"itemListElement\":[{\"@type\":\"ListItem\",\"position\":1,\"name\":\"Home\",\"item\":\"https:\/\/www.leternoassente.com\/\"},{\"@type\":\"ListItem\",\"position\":2,\"name\":\"\u00abIo senza Dio\u00bb \u2013 Storie\",\"item\":\"https:\/\/www.leternoassente.com\/?page_id=4502\"},{\"@type\":\"ListItem\",\"position\":3,\"name\":\"Scegliere\"}]},{\"@type\":\"WebSite\",\"@id\":\"https:\/\/www.leternoassente.com\/#website\",\"url\":\"https:\/\/www.leternoassente.com\/\",\"name\":\"L&#039;Eterno Assente\",\"description\":\"Dio, la vita, il senso e altre cazzate\",\"publisher\":{\"@id\":\"https:\/\/www.leternoassente.com\/#\/schema\/person\/d2069751871fcdb89a30a0775f4170f9\"},\"potentialAction\":[{\"@type\":\"SearchAction\",\"target\":{\"@type\":\"EntryPoint\",\"urlTemplate\":\"https:\/\/www.leternoassente.com\/?s={search_term_string}\"},\"query-input\":{\"@type\":\"PropertyValueSpecification\",\"valueRequired\":true,\"valueName\":\"search_term_string\"}}],\"inLanguage\":\"it-IT\"},{\"@type\":[\"Person\",\"Organization\"],\"@id\":\"https:\/\/www.leternoassente.com\/#\/schema\/person\/d2069751871fcdb89a30a0775f4170f9\",\"name\":\"Choam Goldberg\",\"image\":{\"@type\":\"ImageObject\",\"inLanguage\":\"it-IT\",\"@id\":\"https:\/\/www.leternoassente.com\/#\/schema\/person\/image\/\",\"url\":\"https:\/\/secure.gravatar.com\/avatar\/63d2c9f25f05d3da5001f2898f6fc9cd?s=96&d=wavatar&r=g\",\"contentUrl\":\"https:\/\/secure.gravatar.com\/avatar\/63d2c9f25f05d3da5001f2898f6fc9cd?s=96&d=wavatar&r=g\",\"caption\":\"Choam Goldberg\"},\"logo\":{\"@id\":\"https:\/\/www.leternoassente.com\/#\/schema\/person\/image\/\"},\"description\":\"Contemplata la vastit\u00e0 del cazzo che gliene frega e raggiunta l\u2019atarass\u00eca, Choam Goldberg pratica nondimeno l'antica, dilettevole e nobile arte di demolire le credenze dei\u00a0beoti e degli insipienti.\",\"sameAs\":[\"http:\/\/www.leternoassente.com\"]}]}<\/script>\n<!-- \/ Yoast SEO plugin. -->","yoast_head_json":{"title":"Scegliere - L&#039;Eterno Assente","description":"Maddalena racconta la propria Storia per \u00abIo senza Dio\u00bb","robots":{"index":"index","follow":"follow","max-snippet":"max-snippet:-1","max-image-preview":"max-image-preview:large","max-video-preview":"max-video-preview:-1"},"canonical":"https:\/\/www.leternoassente.com\/?page_id=6983","og_locale":"it_IT","og_type":"article","og_title":"Scegliere - L&#039;Eterno Assente","og_description":"Maddalena racconta la propria Storia per \u00abIo senza Dio\u00bb","og_url":"https:\/\/www.leternoassente.com\/?page_id=6983","og_site_name":"L&#039;Eterno Assente","article_modified_time":"2025-03-20T07:15:59+00:00","og_image":[{"width":1200,"height":630,"url":"https:\/\/www.leternoassente.com\/wp-content\/uploads\/2020\/04\/iosenzadio4seo.jpg","type":"image\/jpeg"}],"twitter_card":"summary_large_image","twitter_site":"@leternoassente","twitter_misc":{"Tempo di lettura stimato":"12 minuti"},"schema":{"@context":"https:\/\/schema.org","@graph":[{"@type":"WebPage","@id":"https:\/\/www.leternoassente.com\/?page_id=6983","url":"https:\/\/www.leternoassente.com\/?page_id=6983","name":"Scegliere - L&#039;Eterno Assente","isPartOf":{"@id":"https:\/\/www.leternoassente.com\/#website"},"primaryImageOfPage":{"@id":"https:\/\/www.leternoassente.com\/?page_id=6983#primaryimage"},"image":{"@id":"https:\/\/www.leternoassente.com\/?page_id=6983#primaryimage"},"thumbnailUrl":"https:\/\/www.leternoassente.com\/wp-content\/uploads\/2020\/04\/iosenzadio4.jpg","datePublished":"2025-03-20T07:15:57+00:00","dateModified":"2025-03-20T07:15:59+00:00","description":"Maddalena racconta la propria Storia per \u00abIo senza Dio\u00bb","breadcrumb":{"@id":"https:\/\/www.leternoassente.com\/?page_id=6983#breadcrumb"},"inLanguage":"it-IT","potentialAction":[{"@type":"ReadAction","target":["https:\/\/www.leternoassente.com\/?page_id=6983"]}]},{"@type":"ImageObject","inLanguage":"it-IT","@id":"https:\/\/www.leternoassente.com\/?page_id=6983#primaryimage","url":"https:\/\/www.leternoassente.com\/wp-content\/uploads\/2020\/04\/iosenzadio4.jpg","contentUrl":"https:\/\/www.leternoassente.com\/wp-content\/uploads\/2020\/04\/iosenzadio4.jpg","width":1500,"height":434},{"@type":"BreadcrumbList","@id":"https:\/\/www.leternoassente.com\/?page_id=6983#breadcrumb","itemListElement":[{"@type":"ListItem","position":1,"name":"Home","item":"https:\/\/www.leternoassente.com\/"},{"@type":"ListItem","position":2,"name":"\u00abIo senza Dio\u00bb \u2013 Storie","item":"https:\/\/www.leternoassente.com\/?page_id=4502"},{"@type":"ListItem","position":3,"name":"Scegliere"}]},{"@type":"WebSite","@id":"https:\/\/www.leternoassente.com\/#website","url":"https:\/\/www.leternoassente.com\/","name":"L&#039;Eterno Assente","description":"Dio, la vita, il senso e altre cazzate","publisher":{"@id":"https:\/\/www.leternoassente.com\/#\/schema\/person\/d2069751871fcdb89a30a0775f4170f9"},"potentialAction":[{"@type":"SearchAction","target":{"@type":"EntryPoint","urlTemplate":"https:\/\/www.leternoassente.com\/?s={search_term_string}"},"query-input":{"@type":"PropertyValueSpecification","valueRequired":true,"valueName":"search_term_string"}}],"inLanguage":"it-IT"},{"@type":["Person","Organization"],"@id":"https:\/\/www.leternoassente.com\/#\/schema\/person\/d2069751871fcdb89a30a0775f4170f9","name":"Choam Goldberg","image":{"@type":"ImageObject","inLanguage":"it-IT","@id":"https:\/\/www.leternoassente.com\/#\/schema\/person\/image\/","url":"https:\/\/secure.gravatar.com\/avatar\/63d2c9f25f05d3da5001f2898f6fc9cd?s=96&d=wavatar&r=g","contentUrl":"https:\/\/secure.gravatar.com\/avatar\/63d2c9f25f05d3da5001f2898f6fc9cd?s=96&d=wavatar&r=g","caption":"Choam Goldberg"},"logo":{"@id":"https:\/\/www.leternoassente.com\/#\/schema\/person\/image\/"},"description":"Contemplata la vastit\u00e0 del cazzo che gliene frega e raggiunta l\u2019atarass\u00eca, Choam Goldberg pratica nondimeno l'antica, dilettevole e nobile arte di demolire le credenze dei\u00a0beoti e degli insipienti.","sameAs":["http:\/\/www.leternoassente.com"]}]}},"_links":{"self":[{"href":"https:\/\/www.leternoassente.com\/index.php?rest_route=\/wp\/v2\/pages\/6983"}],"collection":[{"href":"https:\/\/www.leternoassente.com\/index.php?rest_route=\/wp\/v2\/pages"}],"about":[{"href":"https:\/\/www.leternoassente.com\/index.php?rest_route=\/wp\/v2\/types\/page"}],"author":[{"embeddable":true,"href":"https:\/\/www.leternoassente.com\/index.php?rest_route=\/wp\/v2\/users\/1"}],"replies":[{"embeddable":true,"href":"https:\/\/www.leternoassente.com\/index.php?rest_route=%2Fwp%2Fv2%2Fcomments&post=6983"}],"version-history":[{"count":4,"href":"https:\/\/www.leternoassente.com\/index.php?rest_route=\/wp\/v2\/pages\/6983\/revisions"}],"predecessor-version":[{"id":7041,"href":"https:\/\/www.leternoassente.com\/index.php?rest_route=\/wp\/v2\/pages\/6983\/revisions\/7041"}],"up":[{"embeddable":true,"href":"https:\/\/www.leternoassente.com\/index.php?rest_route=\/wp\/v2\/pages\/4502"}],"wp:featuredmedia":[{"embeddable":true,"href":"https:\/\/www.leternoassente.com\/index.php?rest_route=\/wp\/v2\/media\/3299"}],"wp:attachment":[{"href":"https:\/\/www.leternoassente.com\/index.php?rest_route=%2Fwp%2Fv2%2Fmedia&parent=6983"}],"curies":[{"name":"wp","href":"https:\/\/api.w.org\/{rel}","templated":true}]}}