{"id":6987,"date":"2025-03-07T06:37:46","date_gmt":"2025-03-07T05:37:46","guid":{"rendered":"https:\/\/www.leternoassente.com\/?page_id=6987"},"modified":"2025-03-07T06:37:48","modified_gmt":"2025-03-07T05:37:48","slug":"il-marciume-della-morale-cattolica","status":"publish","type":"page","link":"https:\/\/www.leternoassente.com\/?page_id=6987","title":{"rendered":"Il marciume della morale cattolica"},"content":{"rendered":"<p><strong>Nella lettera di Greta l&#8217;invadenza di una morale che, lungi dall&#8217;essere una questione solo personale e individuale, si insinua anche nelle vite di chi non la condivide. Con il ricatto.<\/strong><\/p>\n<hr \/>\n<p>Una persona a me cara \u00e8 in Rianimazione.<br \/>\nFa un certo effetto perfino scriverlo, figuriamoci viverlo.<\/p>\n<p>Condivido le visite in ospedale, frequenti quanto richiede il nostro profondo legame, con un&#8217;altra persona che in passato mi ha frantumato l&#8217;anima al punto da cambiarmi la vita.<br \/>\nAnche la persona in Rianimazione \u00e8 stata devastata dal comportamento dell&#8217;altro individuo, ma a differenza mia vive in una profonda fede cattolica, ove il perdono incondizionato e la demonizzazione dell&#8217;amor proprio sono esaltati come virt\u00f9.<\/p>\n<p>Questa sgradevole ma necessaria condivisione degli spazi ha portato \u2013 come \u00e8 naturale pensare \u2013 a situazioni difficili.<\/p>\n<p>Il bilancio di questa esperienza ha del buono, non lo nego: mi fa apprezzare in particolare il fatto di vivere dove la sanit\u00e0 \u00e8 gratuita e di un livello pi\u00f9 che accettabile e dopotutto l&#8217;amore, come ha sempre fatto, mi fa superare anche i momenti pi\u00f9 difficili.<\/p>\n<p>Non posso per\u00f2 trascurare il marciume. E ci rimugino parecchio, da parecchio tempo, su questo marciume, perch\u00e9 qui ha toccato un apice ma non \u00e8 la prima volta che emerge o \u2013 meglio \u2013 che mi ingabbia e mi sommerge.<\/p>\n<p>Questo marciume lo posso etichettare senza esitazione come \u00abmorale cattolica\u00bb.<\/p>\n<p>Come possa una radicata cultura cattolica rendere un individuo cieco e privo di amor proprio \u00e8 qualcosa che va oltre la mia comprensione ma, finch\u00e9 non va a incidere sulla mia sfera personale, \u00e8 la mia stessa morale (laica) a impormi di non interferire con le scelte intime altrui se non dietro esplicita richiesta.<\/p>\n<p>\u00c8 propria invece dei cristiani l&#8217;ingerenza nella vita di chi farebbe volentieri a meno della loro opinione, che spesso diventa imposizione.<\/p>\n<p>E ora arrivo al punto.<br \/>\nUna persona che amiamo profondamente e che soffre molto ha di diritto la possibilit\u00e0 di chiedere e quasi sempre di ottenere quello che vuole. Credo sia qualcosa di molto umano e universale.<br \/>\nMa se chiede l&#8217;impossibile, ovvero che noi \u00abperdoniamo\u00bb in senso cristiano?<\/p>\n<p>Un perdono che non fa seguito a una esplicita domanda \u2013 magari corredata da sincere scuse \u2013 da parte della persona da perdonare, ma che viene chiesto per intercessione. (Ma&#8230; serio?)<br \/>\nUn perdono che \u2013 a loro dire \u2013 fa pi\u00f9 bene a noi che a chi viene perdonato. (Ma che&#8230;? Ah\u00f3!)<br \/>\nUn perdono gratuito e totale, che lavi ogni macchia di dubbio e che ricostituisca la realt\u00e0 esistente prima del torto subito, sia questo un torto lieve o qualcosa che ti ha sconvolto. (S\u00ec, certo, e io sono Madame de Sta\u00ebl.)<br \/>\nUn perdono che, se rifiuti di concederlo, incriner\u00e0 per sempre il rapporto con la persona che \u2013 ricordiamolo \u2013 \u00e8 in Rianimazione. (Qui non ho battute, solo tanta amarezza.)<\/p>\n<p>Un perdono che \u00e8 un ricatto, in realt\u00e0.<br \/>\nIl ricatto della morale cattolica.<\/p>\n<p><strong>Greta<\/strong><\/p>\n<hr \/>\n<p><em>Qui sotto trovi la possibilit\u00e0 di commentare questa lettera. Per farlo, devi<br \/>\n1. confermare che sei ateo\/a,<br \/>\n2. essere consapevole che, se menti, stai commettendo il gravissimo peccato di apostasia,<br \/>\n3. aspettare che il commento sia approvato dall&#8217;admin.<br \/>\nL&#8217;approvazione dei commenti dipende dall&#8217;insindacabile e inappellabile giudizio dell&#8217;admin. Se vuoi saperne di pi\u00f9 a proposito dei commenti, puoi consultare le <a href=\"http:\/\/www.leternoassente.com\/?page_id=957#nocomment\" target=\"_blank\" rel=\"noopener\">FAQ<\/a>.<br \/>\nInoltre puoi commentare gli articoli e i post nel <a href=\"https:\/\/www.facebook.com\/groups\/eternoassente\/\" target=\"_blank\" rel=\"noopener\">Gruppo Facebook de L&#8217;Eterno Assente<\/a>, se ti iscrivi al Gruppo dopo aver risposto a una semplice domanda.<\/em><\/p>\n","protected":false},"excerpt":{"rendered":"<p>Nella lettera di Greta l&#8217;invadenza di una morale che, lungi dall&#8217;essere una questione solo personale e individuale, si insinua anche nelle vite di chi non la condivide. Con il ricatto. Una persona a me cara \u00e8 in Rianimazione. Fa un &hellip; <a href=\"https:\/\/www.leternoassente.com\/?page_id=6987\">Continua a leggere<span class=\"meta-nav\">&rarr;<\/span><\/a><\/p>\n","protected":false},"author":1,"featured_media":5486,"parent":5487,"menu_order":0,"comment_status":"open","ping_status":"closed","template":"","meta":{"footnotes":""},"class_list":["post-6987","page","type-page","status-publish","has-post-thumbnail","hentry"],"yoast_head":"<!-- This site is optimized with the Yoast SEO plugin v25.6 - https:\/\/yoast.com\/wordpress\/plugins\/seo\/ -->\n<title>Il marciume della morale cattolica - L&#039;Eterno Assente<\/title>\n<meta name=\"description\" content=\"Nella lettera di Greta l&#039;invadenza di una morale che, lungi dall&#039;essere una questione solo personale e individuale, si insinua anche nelle vite di chi non la condivide. Con il ricatto.\" \/>\n<meta name=\"robots\" content=\"index, follow, max-snippet:-1, max-image-preview:large, max-video-preview:-1\" \/>\n<link rel=\"canonical\" href=\"https:\/\/www.leternoassente.com\/?page_id=6987\" \/>\n<meta property=\"og:locale\" content=\"it_IT\" \/>\n<meta property=\"og:type\" content=\"article\" \/>\n<meta property=\"og:title\" content=\"Il marciume della morale cattolica - L&#039;Eterno Assente\" \/>\n<meta property=\"og:description\" content=\"Nella lettera di Greta l&#039;invadenza di una morale che, lungi dall&#039;essere una questione solo personale e individuale, si insinua anche nelle vite di chi non la condivide. Con il ricatto.\" \/>\n<meta property=\"og:url\" content=\"https:\/\/www.leternoassente.com\/?page_id=6987\" \/>\n<meta property=\"og:site_name\" content=\"L&#039;Eterno Assente\" \/>\n<meta property=\"article:modified_time\" content=\"2025-03-07T05:37:48+00:00\" \/>\n<meta property=\"og:image\" content=\"https:\/\/www.leternoassente.com\/wp-content\/uploads\/2022\/12\/writing.jpg\" \/>\n\t<meta property=\"og:image:width\" content=\"1500\" \/>\n\t<meta property=\"og:image:height\" content=\"442\" \/>\n\t<meta property=\"og:image:type\" content=\"image\/jpeg\" \/>\n<meta name=\"twitter:card\" content=\"summary_large_image\" \/>\n<meta name=\"twitter:site\" content=\"@leternoassente\" \/>\n<meta name=\"twitter:label1\" content=\"Tempo di lettura stimato\" \/>\n\t<meta name=\"twitter:data1\" content=\"4 minuti\" \/>\n<script type=\"application\/ld+json\" class=\"yoast-schema-graph\">{\"@context\":\"https:\/\/schema.org\",\"@graph\":[{\"@type\":\"WebPage\",\"@id\":\"https:\/\/www.leternoassente.com\/?page_id=6987\",\"url\":\"https:\/\/www.leternoassente.com\/?page_id=6987\",\"name\":\"Il marciume della morale cattolica - L&#039;Eterno Assente\",\"isPartOf\":{\"@id\":\"https:\/\/www.leternoassente.com\/#website\"},\"primaryImageOfPage\":{\"@id\":\"https:\/\/www.leternoassente.com\/?page_id=6987#primaryimage\"},\"image\":{\"@id\":\"https:\/\/www.leternoassente.com\/?page_id=6987#primaryimage\"},\"thumbnailUrl\":\"https:\/\/www.leternoassente.com\/wp-content\/uploads\/2022\/12\/writing.jpg\",\"datePublished\":\"2025-03-07T05:37:46+00:00\",\"dateModified\":\"2025-03-07T05:37:48+00:00\",\"description\":\"Nella lettera di Greta l'invadenza di una morale che, lungi dall'essere una questione solo personale e individuale, si insinua anche nelle vite di chi non la condivide. Con il ricatto.\",\"breadcrumb\":{\"@id\":\"https:\/\/www.leternoassente.com\/?page_id=6987#breadcrumb\"},\"inLanguage\":\"it-IT\",\"potentialAction\":[{\"@type\":\"ReadAction\",\"target\":[\"https:\/\/www.leternoassente.com\/?page_id=6987\"]}]},{\"@type\":\"ImageObject\",\"inLanguage\":\"it-IT\",\"@id\":\"https:\/\/www.leternoassente.com\/?page_id=6987#primaryimage\",\"url\":\"https:\/\/www.leternoassente.com\/wp-content\/uploads\/2022\/12\/writing.jpg\",\"contentUrl\":\"https:\/\/www.leternoassente.com\/wp-content\/uploads\/2022\/12\/writing.jpg\",\"width\":1500,\"height\":442},{\"@type\":\"BreadcrumbList\",\"@id\":\"https:\/\/www.leternoassente.com\/?page_id=6987#breadcrumb\",\"itemListElement\":[{\"@type\":\"ListItem\",\"position\":1,\"name\":\"Home\",\"item\":\"https:\/\/www.leternoassente.com\/\"},{\"@type\":\"ListItem\",\"position\":2,\"name\":\"Lettere\",\"item\":\"https:\/\/www.leternoassente.com\/?page_id=5487\"},{\"@type\":\"ListItem\",\"position\":3,\"name\":\"Il marciume della morale cattolica\"}]},{\"@type\":\"WebSite\",\"@id\":\"https:\/\/www.leternoassente.com\/#website\",\"url\":\"https:\/\/www.leternoassente.com\/\",\"name\":\"L&#039;Eterno Assente\",\"description\":\"Dio, la vita, il senso e altre cazzate\",\"publisher\":{\"@id\":\"https:\/\/www.leternoassente.com\/#\/schema\/person\/d2069751871fcdb89a30a0775f4170f9\"},\"potentialAction\":[{\"@type\":\"SearchAction\",\"target\":{\"@type\":\"EntryPoint\",\"urlTemplate\":\"https:\/\/www.leternoassente.com\/?s={search_term_string}\"},\"query-input\":{\"@type\":\"PropertyValueSpecification\",\"valueRequired\":true,\"valueName\":\"search_term_string\"}}],\"inLanguage\":\"it-IT\"},{\"@type\":[\"Person\",\"Organization\"],\"@id\":\"https:\/\/www.leternoassente.com\/#\/schema\/person\/d2069751871fcdb89a30a0775f4170f9\",\"name\":\"Choam Goldberg\",\"image\":{\"@type\":\"ImageObject\",\"inLanguage\":\"it-IT\",\"@id\":\"https:\/\/www.leternoassente.com\/#\/schema\/person\/image\/\",\"url\":\"https:\/\/secure.gravatar.com\/avatar\/63d2c9f25f05d3da5001f2898f6fc9cd?s=96&d=wavatar&r=g\",\"contentUrl\":\"https:\/\/secure.gravatar.com\/avatar\/63d2c9f25f05d3da5001f2898f6fc9cd?s=96&d=wavatar&r=g\",\"caption\":\"Choam Goldberg\"},\"logo\":{\"@id\":\"https:\/\/www.leternoassente.com\/#\/schema\/person\/image\/\"},\"description\":\"Contemplata la vastit\u00e0 del cazzo che gliene frega e raggiunta l\u2019atarass\u00eca, Choam Goldberg pratica nondimeno l'antica, dilettevole e nobile arte di demolire le credenze dei\u00a0beoti e degli insipienti.\",\"sameAs\":[\"http:\/\/www.leternoassente.com\"]}]}<\/script>\n<!-- \/ Yoast SEO plugin. -->","yoast_head_json":{"title":"Il marciume della morale cattolica - L&#039;Eterno Assente","description":"Nella lettera di Greta l'invadenza di una morale che, lungi dall'essere una questione solo personale e individuale, si insinua anche nelle vite di chi non la condivide. Con il ricatto.","robots":{"index":"index","follow":"follow","max-snippet":"max-snippet:-1","max-image-preview":"max-image-preview:large","max-video-preview":"max-video-preview:-1"},"canonical":"https:\/\/www.leternoassente.com\/?page_id=6987","og_locale":"it_IT","og_type":"article","og_title":"Il marciume della morale cattolica - L&#039;Eterno Assente","og_description":"Nella lettera di Greta l'invadenza di una morale che, lungi dall'essere una questione solo personale e individuale, si insinua anche nelle vite di chi non la condivide. Con il ricatto.","og_url":"https:\/\/www.leternoassente.com\/?page_id=6987","og_site_name":"L&#039;Eterno Assente","article_modified_time":"2025-03-07T05:37:48+00:00","og_image":[{"width":1500,"height":442,"url":"https:\/\/www.leternoassente.com\/wp-content\/uploads\/2022\/12\/writing.jpg","type":"image\/jpeg"}],"twitter_card":"summary_large_image","twitter_site":"@leternoassente","twitter_misc":{"Tempo di lettura stimato":"4 minuti"},"schema":{"@context":"https:\/\/schema.org","@graph":[{"@type":"WebPage","@id":"https:\/\/www.leternoassente.com\/?page_id=6987","url":"https:\/\/www.leternoassente.com\/?page_id=6987","name":"Il marciume della morale cattolica - L&#039;Eterno Assente","isPartOf":{"@id":"https:\/\/www.leternoassente.com\/#website"},"primaryImageOfPage":{"@id":"https:\/\/www.leternoassente.com\/?page_id=6987#primaryimage"},"image":{"@id":"https:\/\/www.leternoassente.com\/?page_id=6987#primaryimage"},"thumbnailUrl":"https:\/\/www.leternoassente.com\/wp-content\/uploads\/2022\/12\/writing.jpg","datePublished":"2025-03-07T05:37:46+00:00","dateModified":"2025-03-07T05:37:48+00:00","description":"Nella lettera di Greta l'invadenza di una morale che, lungi dall'essere una questione solo personale e individuale, si insinua anche nelle vite di chi non la condivide. Con il ricatto.","breadcrumb":{"@id":"https:\/\/www.leternoassente.com\/?page_id=6987#breadcrumb"},"inLanguage":"it-IT","potentialAction":[{"@type":"ReadAction","target":["https:\/\/www.leternoassente.com\/?page_id=6987"]}]},{"@type":"ImageObject","inLanguage":"it-IT","@id":"https:\/\/www.leternoassente.com\/?page_id=6987#primaryimage","url":"https:\/\/www.leternoassente.com\/wp-content\/uploads\/2022\/12\/writing.jpg","contentUrl":"https:\/\/www.leternoassente.com\/wp-content\/uploads\/2022\/12\/writing.jpg","width":1500,"height":442},{"@type":"BreadcrumbList","@id":"https:\/\/www.leternoassente.com\/?page_id=6987#breadcrumb","itemListElement":[{"@type":"ListItem","position":1,"name":"Home","item":"https:\/\/www.leternoassente.com\/"},{"@type":"ListItem","position":2,"name":"Lettere","item":"https:\/\/www.leternoassente.com\/?page_id=5487"},{"@type":"ListItem","position":3,"name":"Il marciume della morale cattolica"}]},{"@type":"WebSite","@id":"https:\/\/www.leternoassente.com\/#website","url":"https:\/\/www.leternoassente.com\/","name":"L&#039;Eterno Assente","description":"Dio, la vita, il senso e altre cazzate","publisher":{"@id":"https:\/\/www.leternoassente.com\/#\/schema\/person\/d2069751871fcdb89a30a0775f4170f9"},"potentialAction":[{"@type":"SearchAction","target":{"@type":"EntryPoint","urlTemplate":"https:\/\/www.leternoassente.com\/?s={search_term_string}"},"query-input":{"@type":"PropertyValueSpecification","valueRequired":true,"valueName":"search_term_string"}}],"inLanguage":"it-IT"},{"@type":["Person","Organization"],"@id":"https:\/\/www.leternoassente.com\/#\/schema\/person\/d2069751871fcdb89a30a0775f4170f9","name":"Choam Goldberg","image":{"@type":"ImageObject","inLanguage":"it-IT","@id":"https:\/\/www.leternoassente.com\/#\/schema\/person\/image\/","url":"https:\/\/secure.gravatar.com\/avatar\/63d2c9f25f05d3da5001f2898f6fc9cd?s=96&d=wavatar&r=g","contentUrl":"https:\/\/secure.gravatar.com\/avatar\/63d2c9f25f05d3da5001f2898f6fc9cd?s=96&d=wavatar&r=g","caption":"Choam Goldberg"},"logo":{"@id":"https:\/\/www.leternoassente.com\/#\/schema\/person\/image\/"},"description":"Contemplata la vastit\u00e0 del cazzo che gliene frega e raggiunta l\u2019atarass\u00eca, Choam Goldberg pratica nondimeno l'antica, dilettevole e nobile arte di demolire le credenze dei\u00a0beoti e degli insipienti.","sameAs":["http:\/\/www.leternoassente.com"]}]}},"_links":{"self":[{"href":"https:\/\/www.leternoassente.com\/index.php?rest_route=\/wp\/v2\/pages\/6987"}],"collection":[{"href":"https:\/\/www.leternoassente.com\/index.php?rest_route=\/wp\/v2\/pages"}],"about":[{"href":"https:\/\/www.leternoassente.com\/index.php?rest_route=\/wp\/v2\/types\/page"}],"author":[{"embeddable":true,"href":"https:\/\/www.leternoassente.com\/index.php?rest_route=\/wp\/v2\/users\/1"}],"replies":[{"embeddable":true,"href":"https:\/\/www.leternoassente.com\/index.php?rest_route=%2Fwp%2Fv2%2Fcomments&post=6987"}],"version-history":[{"count":3,"href":"https:\/\/www.leternoassente.com\/index.php?rest_route=\/wp\/v2\/pages\/6987\/revisions"}],"predecessor-version":[{"id":7004,"href":"https:\/\/www.leternoassente.com\/index.php?rest_route=\/wp\/v2\/pages\/6987\/revisions\/7004"}],"up":[{"embeddable":true,"href":"https:\/\/www.leternoassente.com\/index.php?rest_route=\/wp\/v2\/pages\/5487"}],"wp:featuredmedia":[{"embeddable":true,"href":"https:\/\/www.leternoassente.com\/index.php?rest_route=\/wp\/v2\/media\/5486"}],"wp:attachment":[{"href":"https:\/\/www.leternoassente.com\/index.php?rest_route=%2Fwp%2Fv2%2Fmedia&parent=6987"}],"curies":[{"name":"wp","href":"https:\/\/api.w.org\/{rel}","templated":true}]}}