{"id":7006,"date":"2025-03-31T06:16:33","date_gmt":"2025-03-31T04:16:33","guid":{"rendered":"https:\/\/www.leternoassente.com\/?page_id=7006"},"modified":"2025-03-31T06:16:35","modified_gmt":"2025-03-31T04:16:35","slug":"quando-crollano-i-miti","status":"publish","type":"page","link":"https:\/\/www.leternoassente.com\/?page_id=7006","title":{"rendered":"Quando crollano i miti"},"content":{"rendered":"<p><strong><a href=\"https:\/\/delirivari.wordpress.com\/\">Nicola Nobili<\/a> racconta la propria Storia per \u00abIo senza Dio\u00bb<\/strong><\/p>\n<hr>\n<p><strong>Ovvero: in cosa credo e, soprattutto, in cosa non credo<\/strong><\/p>\n<blockquote><p>La (ricerca della) felicit\u00e0 \u00e8 davvero la religione dell&#8217;individuo moderno, illusoria come tutte le religioni. \u00c8 una religione senza sacerdoti, che funziona industrialmente.<br \/>\n\u2013 Edgar Morin<\/p><\/blockquote>\n<p>Essendo un professionista della lingua, so bene che descrivere qualcosa significa sempre, inevitabilmente, ridurla in una qualche misura. Intendiamoci, io sono un vorace divoratore di dizionar\u00ee e mi piace cercare di attribuire un nome a cose e concetti, per\u00f2 quando si tratta di persone, fatico ad appiccicare un&#8217;etichetta su qualcuno e definirlo semplicemente \u00abpersona di destra\/sinistra\u00bb, \u00abcredente\/ateo\u00bb, \u00abintelligente\/scemo\u00bb&#8230; Se proprio devo farlo, lo chiamo \u00abGiovanni\u00ab o \u00abMario\u00bb, poi se posso cerco di comprenderlo, nel tempo<a href=\"https:\/\/delirivari.wordpress.com\/2019\/04\/25\/quando-crollano-i-miti\/#_ftn1\">[1]<\/a>.<\/p>\n<p><a href=\"https:\/\/delirivari.wordpress.com\/2019\/04\/25\/quando-crollano-i-miti\/\" target=\"_blank\" rel=\"noopener\">Continua a leggere<\/a><\/p>\n<p>Vuoi raccontare anche tu la tua Storia per \u00abIo senza Dio\u00bb? Spediscila a L&#8217;Eterno Assente, ma prima consulta il <a href=\"https:\/\/www.leternoassente.com\/?page_id=4429\" target=\"_blank\" rel=\"noopener noreferrer\">Regolamento<\/a><\/p>\n<p><a href=\"https:\/\/www.leternoassente.com\/?page_id=4502\" target=\"_blank\" rel=\"noopener noreferrer\">Tutte le Storie di \u00abIo senza Dio\u00bb<\/a><\/p>\n<hr \/>\n<p><em>Qui sotto trovi la possibilit\u00e0 di commentare quest&#8217;articolo. Per farlo, devi<br \/>\n1. confermare che sei ateo\/a,<br \/>\n2. essere consapevole che, se menti, stai commettendo il gravissimo peccato di apostasia,<br \/>\n3. aspettare che il commento sia approvato dall&#8217;admin.<br \/>\nL&#8217;approvazione dei commenti dipende dall&#8217;insindacabile e inappellabile giudizio dell&#8217;admin. Se vuoi saperne di pi\u00f9 a proposito dei commenti, puoi consultare le <a href=\"http:\/\/www.leternoassente.com\/?page_id=957#nocomment\" target=\"_blank\" rel=\"noopener\">FAQ<\/a>.<br \/>\nInoltre puoi commentare gli articoli e i post nel <a href=\"https:\/\/www.facebook.com\/groups\/eternoassente\/\" target=\"_blank\" rel=\"noopener\">Gruppo Facebook de L&#8217;Eterno Assente<\/a>, se ti iscrivi al Gruppo dopo aver risposto a una semplice domanda.<\/em><\/p>\n","protected":false},"excerpt":{"rendered":"<p>Nicola Nobili racconta la propria Storia per \u00abIo senza Dio\u00bb Ovvero: in cosa credo e, soprattutto, in cosa non credo La (ricerca della) felicit\u00e0 \u00e8 davvero la religione dell&#8217;individuo moderno, illusoria come tutte le religioni. \u00c8 una religione senza sacerdoti, &hellip; <a href=\"https:\/\/www.leternoassente.com\/?page_id=7006\">Continua a leggere<span class=\"meta-nav\">&rarr;<\/span><\/a><\/p>\n","protected":false},"author":1,"featured_media":3299,"parent":4502,"menu_order":0,"comment_status":"open","ping_status":"closed","template":"","meta":{"footnotes":""},"class_list":["post-7006","page","type-page","status-publish","has-post-thumbnail","hentry"],"yoast_head":"<!-- This site is optimized with the Yoast SEO plugin v25.6 - https:\/\/yoast.com\/wordpress\/plugins\/seo\/ -->\n<title>Quando crollano i miti - L&#039;Eterno Assente<\/title>\n<meta name=\"description\" content=\"Nicola Nobili racconta la propria Storia per \u00abIo senza Dio\u00bb\" \/>\n<meta name=\"robots\" content=\"index, follow, max-snippet:-1, max-image-preview:large, max-video-preview:-1\" \/>\n<link rel=\"canonical\" href=\"https:\/\/www.leternoassente.com\/?page_id=7006\" \/>\n<meta property=\"og:locale\" content=\"it_IT\" \/>\n<meta property=\"og:type\" content=\"article\" \/>\n<meta property=\"og:title\" content=\"Quando crollano i miti - L&#039;Eterno Assente\" \/>\n<meta property=\"og:description\" content=\"Nicola Nobili racconta la propria Storia per \u00abIo senza Dio\u00bb\" \/>\n<meta property=\"og:url\" content=\"https:\/\/www.leternoassente.com\/?page_id=7006\" \/>\n<meta property=\"og:site_name\" content=\"L&#039;Eterno Assente\" \/>\n<meta property=\"article:modified_time\" content=\"2025-03-31T04:16:35+00:00\" \/>\n<meta property=\"og:image\" content=\"https:\/\/www.leternoassente.com\/wp-content\/uploads\/2020\/04\/iosenzadio4seo.jpg\" \/>\n\t<meta property=\"og:image:width\" content=\"1200\" \/>\n\t<meta property=\"og:image:height\" content=\"630\" \/>\n\t<meta property=\"og:image:type\" content=\"image\/jpeg\" \/>\n<meta name=\"twitter:card\" content=\"summary_large_image\" \/>\n<meta name=\"twitter:site\" content=\"@leternoassente\" \/>\n<meta name=\"twitter:label1\" content=\"Tempo di lettura stimato\" \/>\n\t<meta name=\"twitter:data1\" content=\"2 minuti\" \/>\n<script type=\"application\/ld+json\" class=\"yoast-schema-graph\">{\"@context\":\"https:\/\/schema.org\",\"@graph\":[{\"@type\":\"WebPage\",\"@id\":\"https:\/\/www.leternoassente.com\/?page_id=7006\",\"url\":\"https:\/\/www.leternoassente.com\/?page_id=7006\",\"name\":\"Quando crollano i miti - L&#039;Eterno Assente\",\"isPartOf\":{\"@id\":\"https:\/\/www.leternoassente.com\/#website\"},\"primaryImageOfPage\":{\"@id\":\"https:\/\/www.leternoassente.com\/?page_id=7006#primaryimage\"},\"image\":{\"@id\":\"https:\/\/www.leternoassente.com\/?page_id=7006#primaryimage\"},\"thumbnailUrl\":\"https:\/\/www.leternoassente.com\/wp-content\/uploads\/2020\/04\/iosenzadio4.jpg\",\"datePublished\":\"2025-03-31T04:16:33+00:00\",\"dateModified\":\"2025-03-31T04:16:35+00:00\",\"description\":\"Nicola Nobili racconta la propria Storia per \u00abIo senza Dio\u00bb\",\"breadcrumb\":{\"@id\":\"https:\/\/www.leternoassente.com\/?page_id=7006#breadcrumb\"},\"inLanguage\":\"it-IT\",\"potentialAction\":[{\"@type\":\"ReadAction\",\"target\":[\"https:\/\/www.leternoassente.com\/?page_id=7006\"]}]},{\"@type\":\"ImageObject\",\"inLanguage\":\"it-IT\",\"@id\":\"https:\/\/www.leternoassente.com\/?page_id=7006#primaryimage\",\"url\":\"https:\/\/www.leternoassente.com\/wp-content\/uploads\/2020\/04\/iosenzadio4.jpg\",\"contentUrl\":\"https:\/\/www.leternoassente.com\/wp-content\/uploads\/2020\/04\/iosenzadio4.jpg\",\"width\":1500,\"height\":434},{\"@type\":\"BreadcrumbList\",\"@id\":\"https:\/\/www.leternoassente.com\/?page_id=7006#breadcrumb\",\"itemListElement\":[{\"@type\":\"ListItem\",\"position\":1,\"name\":\"Home\",\"item\":\"https:\/\/www.leternoassente.com\/\"},{\"@type\":\"ListItem\",\"position\":2,\"name\":\"\u00abIo senza Dio\u00bb \u2013 Storie\",\"item\":\"https:\/\/www.leternoassente.com\/?page_id=4502\"},{\"@type\":\"ListItem\",\"position\":3,\"name\":\"Quando crollano i miti\"}]},{\"@type\":\"WebSite\",\"@id\":\"https:\/\/www.leternoassente.com\/#website\",\"url\":\"https:\/\/www.leternoassente.com\/\",\"name\":\"L&#039;Eterno Assente\",\"description\":\"Dio, la vita, il senso e altre cazzate\",\"publisher\":{\"@id\":\"https:\/\/www.leternoassente.com\/#\/schema\/person\/d2069751871fcdb89a30a0775f4170f9\"},\"potentialAction\":[{\"@type\":\"SearchAction\",\"target\":{\"@type\":\"EntryPoint\",\"urlTemplate\":\"https:\/\/www.leternoassente.com\/?s={search_term_string}\"},\"query-input\":{\"@type\":\"PropertyValueSpecification\",\"valueRequired\":true,\"valueName\":\"search_term_string\"}}],\"inLanguage\":\"it-IT\"},{\"@type\":[\"Person\",\"Organization\"],\"@id\":\"https:\/\/www.leternoassente.com\/#\/schema\/person\/d2069751871fcdb89a30a0775f4170f9\",\"name\":\"Choam Goldberg\",\"image\":{\"@type\":\"ImageObject\",\"inLanguage\":\"it-IT\",\"@id\":\"https:\/\/www.leternoassente.com\/#\/schema\/person\/image\/\",\"url\":\"https:\/\/secure.gravatar.com\/avatar\/63d2c9f25f05d3da5001f2898f6fc9cd?s=96&d=wavatar&r=g\",\"contentUrl\":\"https:\/\/secure.gravatar.com\/avatar\/63d2c9f25f05d3da5001f2898f6fc9cd?s=96&d=wavatar&r=g\",\"caption\":\"Choam Goldberg\"},\"logo\":{\"@id\":\"https:\/\/www.leternoassente.com\/#\/schema\/person\/image\/\"},\"description\":\"Contemplata la vastit\u00e0 del cazzo che gliene frega e raggiunta l\u2019atarass\u00eca, Choam Goldberg pratica nondimeno l'antica, dilettevole e nobile arte di demolire le credenze dei\u00a0beoti e degli insipienti.\",\"sameAs\":[\"http:\/\/www.leternoassente.com\"]}]}<\/script>\n<!-- \/ Yoast SEO plugin. -->","yoast_head_json":{"title":"Quando crollano i miti - L&#039;Eterno Assente","description":"Nicola Nobili racconta la propria Storia per \u00abIo senza Dio\u00bb","robots":{"index":"index","follow":"follow","max-snippet":"max-snippet:-1","max-image-preview":"max-image-preview:large","max-video-preview":"max-video-preview:-1"},"canonical":"https:\/\/www.leternoassente.com\/?page_id=7006","og_locale":"it_IT","og_type":"article","og_title":"Quando crollano i miti - L&#039;Eterno Assente","og_description":"Nicola Nobili racconta la propria Storia per \u00abIo senza Dio\u00bb","og_url":"https:\/\/www.leternoassente.com\/?page_id=7006","og_site_name":"L&#039;Eterno Assente","article_modified_time":"2025-03-31T04:16:35+00:00","og_image":[{"width":1200,"height":630,"url":"https:\/\/www.leternoassente.com\/wp-content\/uploads\/2020\/04\/iosenzadio4seo.jpg","type":"image\/jpeg"}],"twitter_card":"summary_large_image","twitter_site":"@leternoassente","twitter_misc":{"Tempo di lettura stimato":"2 minuti"},"schema":{"@context":"https:\/\/schema.org","@graph":[{"@type":"WebPage","@id":"https:\/\/www.leternoassente.com\/?page_id=7006","url":"https:\/\/www.leternoassente.com\/?page_id=7006","name":"Quando crollano i miti - L&#039;Eterno Assente","isPartOf":{"@id":"https:\/\/www.leternoassente.com\/#website"},"primaryImageOfPage":{"@id":"https:\/\/www.leternoassente.com\/?page_id=7006#primaryimage"},"image":{"@id":"https:\/\/www.leternoassente.com\/?page_id=7006#primaryimage"},"thumbnailUrl":"https:\/\/www.leternoassente.com\/wp-content\/uploads\/2020\/04\/iosenzadio4.jpg","datePublished":"2025-03-31T04:16:33+00:00","dateModified":"2025-03-31T04:16:35+00:00","description":"Nicola Nobili racconta la propria Storia per \u00abIo senza Dio\u00bb","breadcrumb":{"@id":"https:\/\/www.leternoassente.com\/?page_id=7006#breadcrumb"},"inLanguage":"it-IT","potentialAction":[{"@type":"ReadAction","target":["https:\/\/www.leternoassente.com\/?page_id=7006"]}]},{"@type":"ImageObject","inLanguage":"it-IT","@id":"https:\/\/www.leternoassente.com\/?page_id=7006#primaryimage","url":"https:\/\/www.leternoassente.com\/wp-content\/uploads\/2020\/04\/iosenzadio4.jpg","contentUrl":"https:\/\/www.leternoassente.com\/wp-content\/uploads\/2020\/04\/iosenzadio4.jpg","width":1500,"height":434},{"@type":"BreadcrumbList","@id":"https:\/\/www.leternoassente.com\/?page_id=7006#breadcrumb","itemListElement":[{"@type":"ListItem","position":1,"name":"Home","item":"https:\/\/www.leternoassente.com\/"},{"@type":"ListItem","position":2,"name":"\u00abIo senza Dio\u00bb \u2013 Storie","item":"https:\/\/www.leternoassente.com\/?page_id=4502"},{"@type":"ListItem","position":3,"name":"Quando crollano i miti"}]},{"@type":"WebSite","@id":"https:\/\/www.leternoassente.com\/#website","url":"https:\/\/www.leternoassente.com\/","name":"L&#039;Eterno Assente","description":"Dio, la vita, il senso e altre cazzate","publisher":{"@id":"https:\/\/www.leternoassente.com\/#\/schema\/person\/d2069751871fcdb89a30a0775f4170f9"},"potentialAction":[{"@type":"SearchAction","target":{"@type":"EntryPoint","urlTemplate":"https:\/\/www.leternoassente.com\/?s={search_term_string}"},"query-input":{"@type":"PropertyValueSpecification","valueRequired":true,"valueName":"search_term_string"}}],"inLanguage":"it-IT"},{"@type":["Person","Organization"],"@id":"https:\/\/www.leternoassente.com\/#\/schema\/person\/d2069751871fcdb89a30a0775f4170f9","name":"Choam Goldberg","image":{"@type":"ImageObject","inLanguage":"it-IT","@id":"https:\/\/www.leternoassente.com\/#\/schema\/person\/image\/","url":"https:\/\/secure.gravatar.com\/avatar\/63d2c9f25f05d3da5001f2898f6fc9cd?s=96&d=wavatar&r=g","contentUrl":"https:\/\/secure.gravatar.com\/avatar\/63d2c9f25f05d3da5001f2898f6fc9cd?s=96&d=wavatar&r=g","caption":"Choam Goldberg"},"logo":{"@id":"https:\/\/www.leternoassente.com\/#\/schema\/person\/image\/"},"description":"Contemplata la vastit\u00e0 del cazzo che gliene frega e raggiunta l\u2019atarass\u00eca, Choam Goldberg pratica nondimeno l'antica, dilettevole e nobile arte di demolire le credenze dei\u00a0beoti e degli insipienti.","sameAs":["http:\/\/www.leternoassente.com"]}]}},"_links":{"self":[{"href":"https:\/\/www.leternoassente.com\/index.php?rest_route=\/wp\/v2\/pages\/7006"}],"collection":[{"href":"https:\/\/www.leternoassente.com\/index.php?rest_route=\/wp\/v2\/pages"}],"about":[{"href":"https:\/\/www.leternoassente.com\/index.php?rest_route=\/wp\/v2\/types\/page"}],"author":[{"embeddable":true,"href":"https:\/\/www.leternoassente.com\/index.php?rest_route=\/wp\/v2\/users\/1"}],"replies":[{"embeddable":true,"href":"https:\/\/www.leternoassente.com\/index.php?rest_route=%2Fwp%2Fv2%2Fcomments&post=7006"}],"version-history":[{"count":4,"href":"https:\/\/www.leternoassente.com\/index.php?rest_route=\/wp\/v2\/pages\/7006\/revisions"}],"predecessor-version":[{"id":7053,"href":"https:\/\/www.leternoassente.com\/index.php?rest_route=\/wp\/v2\/pages\/7006\/revisions\/7053"}],"up":[{"embeddable":true,"href":"https:\/\/www.leternoassente.com\/index.php?rest_route=\/wp\/v2\/pages\/4502"}],"wp:featuredmedia":[{"embeddable":true,"href":"https:\/\/www.leternoassente.com\/index.php?rest_route=\/wp\/v2\/media\/3299"}],"wp:attachment":[{"href":"https:\/\/www.leternoassente.com\/index.php?rest_route=%2Fwp%2Fv2%2Fmedia&parent=7006"}],"curies":[{"name":"wp","href":"https:\/\/api.w.org\/{rel}","templated":true}]}}

<p><strong><a href="https://delirivari.wordpress.com/">Nicola Nobili</a> racconta la propria Storia per «Io senza Dio»</strong></p>
<hr>
<p><strong>Ovvero: in cosa credo e, soprattutto, in cosa non credo</strong></p>
<blockquote><p>La (ricerca della) felicità è davvero la religione dell&#8217;individuo moderno, illusoria come tutte le religioni. È una religione senza sacerdoti, che funziona industrialmente.<br />
– Edgar Morin</p></blockquote>
<p>Essendo un professionista della lingua, so bene che descrivere qualcosa significa sempre, inevitabilmente, ridurla in una qualche misura. Intendiamoci, io sono un vorace divoratore di dizionarî e mi piace cercare di attribuire un nome a cose e concetti, però quando si tratta di persone, fatico ad appiccicare un&#8217;etichetta su qualcuno e definirlo semplicemente «persona di destra/sinistra», «credente/ateo», «intelligente/scemo»&#8230; Se proprio devo farlo, lo chiamo «Giovanni« o «Mario», poi se posso cerco di comprenderlo, nel tempo<a href="https://delirivari.wordpress.com/2019/04/25/quando-crollano-i-miti/#_ftn1">[1]</a>.</p>
<p><a href="https://delirivari.wordpress.com/2019/04/25/quando-crollano-i-miti/" target="_blank" rel="noopener">Continua a leggere</a></p>
<p>Vuoi raccontare anche tu la tua Storia per «Io senza Dio»? Spediscila a L&#8217;Eterno Assente, ma prima consulta il <a href="https://www.leternoassente.com/?page_id=4429" target="_blank" rel="noopener noreferrer">Regolamento</a></p>
<p><a href="https://www.leternoassente.com/?page_id=4502" target="_blank" rel="noopener noreferrer">Tutte le Storie di «Io senza Dio»</a></p>
<hr />
<p><em>Qui sotto trovi la possibilità di commentare quest&#8217;articolo. Per farlo, devi<br />
1. confermare che sei ateo/a,<br />
2. essere consapevole che, se menti, stai commettendo il gravissimo peccato di apostasia,<br />
3. aspettare che il commento sia approvato dall&#8217;admin.<br />
L&#8217;approvazione dei commenti dipende dall&#8217;insindacabile e inappellabile giudizio dell&#8217;admin. Se vuoi saperne di più a proposito dei commenti, puoi consultare le <a href="http://www.leternoassente.com/?page_id=957#nocomment" target="_blank" rel="noopener">FAQ</a>.<br />
Inoltre puoi commentare gli articoli e i post nel <a href="https://www.facebook.com/groups/eternoassente/" target="_blank" rel="noopener">Gruppo Facebook de L&#8217;Eterno Assente</a>, se ti iscrivi al Gruppo dopo aver risposto a una semplice domanda.</em></p>

<p>Nicola Nobili racconta la propria Storia per «Io senza Dio» Ovvero: in cosa credo e, soprattutto, in cosa non credo La (ricerca della) felicità è davvero la religione dell&#8217;individuo moderno, illusoria come tutte le religioni. È una religione senza sacerdoti, &hellip; <a href="https://www.leternoassente.com/?page_id=7006">Continua a leggere<span class="meta-nav">&rarr;</span></a></p>

<!-- This site is optimized with the Yoast SEO plugin v25.6 - https://yoast.com/wordpress/plugins/seo/ -->
<title>Quando crollano i miti - L&#039;Eterno Assente</title>
<meta name="description" content="Nicola Nobili racconta la propria Storia per «Io senza Dio»" />
<meta name="robots" content="index, follow, max-snippet:-1, max-image-preview:large, max-video-preview:-1" />
<link rel="canonical" href="https://www.leternoassente.com/?page_id=7006" />
<meta property="og:locale" content="it_IT" />
<meta property="og:type" content="article" />
<meta property="og:title" content="Quando crollano i miti - L&#039;Eterno Assente" />
<meta property="og:description" content="Nicola Nobili racconta la propria Storia per «Io senza Dio»" />
<meta property="og:url" content="https://www.leternoassente.com/?page_id=7006" />
<meta property="og:site_name" content="L&#039;Eterno Assente" />
<meta property="article:modified_time" content="2025-03-31T04:16:35+00:00" />
<meta property="og:image" content="https://www.leternoassente.com/wp-content/uploads/2020/04/iosenzadio4seo.jpg" />
	<meta property="og:image:width" content="1200" />
	<meta property="og:image:height" content="630" />
	<meta property="og:image:type" content="image/jpeg" />
<meta name="twitter:card" content="summary_large_image" />
<meta name="twitter:site" content="@leternoassente" />
<meta name="twitter:label1" content="Tempo di lettura stimato" />
	<meta name="twitter:data1" content="2 minuti" />
<script type="application/ld+json" class="yoast-schema-graph">{"@context":"https://schema.org","@graph":[{"@type":"WebPage","@id":"https://www.leternoassente.com/?page_id=7006","url":"https://www.leternoassente.com/?page_id=7006","name":"Quando crollano i miti - L&#039;Eterno Assente","isPartOf":{"@id":"https://www.leternoassente.com/#website"},"primaryImageOfPage":{"@id":"https://www.leternoassente.com/?page_id=7006#primaryimage"},"image":{"@id":"https://www.leternoassente.com/?page_id=7006#primaryimage"},"thumbnailUrl":"https://www.leternoassente.com/wp-content/uploads/2020/04/iosenzadio4.jpg","datePublished":"2025-03-31T04:16:33+00:00","dateModified":"2025-03-31T04:16:35+00:00","description":"Nicola Nobili racconta la propria Storia per «Io senza Dio»","breadcrumb":{"@id":"https://www.leternoassente.com/?page_id=7006#breadcrumb"},"inLanguage":"it-IT","potentialAction":[{"@type":"ReadAction","target":["https://www.leternoassente.com/?page_id=7006"]}]},{"@type":"ImageObject","inLanguage":"it-IT","@id":"https://www.leternoassente.com/?page_id=7006#primaryimage","url":"https://www.leternoassente.com/wp-content/uploads/2020/04/iosenzadio4.jpg","contentUrl":"https://www.leternoassente.com/wp-content/uploads/2020/04/iosenzadio4.jpg","width":1500,"height":434},{"@type":"BreadcrumbList","@id":"https://www.leternoassente.com/?page_id=7006#breadcrumb","itemListElement":[{"@type":"ListItem","position":1,"name":"Home","item":"https://www.leternoassente.com/"},{"@type":"ListItem","position":2,"name":"«Io senza Dio» – Storie","item":"https://www.leternoassente.com/?page_id=4502"},{"@type":"ListItem","position":3,"name":"Quando crollano i miti"}]},{"@type":"WebSite","@id":"https://www.leternoassente.com/#website","url":"https://www.leternoassente.com/","name":"L&#039;Eterno Assente","description":"Dio, la vita, il senso e altre cazzate","publisher":{"@id":"https://www.leternoassente.com/#/schema/person/d2069751871fcdb89a30a0775f4170f9"},"potentialAction":[{"@type":"SearchAction","target":{"@type":"EntryPoint","urlTemplate":"https://www.leternoassente.com/?s={search_term_string}"},"query-input":{"@type":"PropertyValueSpecification","valueRequired":true,"valueName":"search_term_string"}}],"inLanguage":"it-IT"},{"@type":["Person","Organization"],"@id":"https://www.leternoassente.com/#/schema/person/d2069751871fcdb89a30a0775f4170f9","name":"Choam Goldberg","image":{"@type":"ImageObject","inLanguage":"it-IT","@id":"https://www.leternoassente.com/#/schema/person/image/","url":"https://secure.gravatar.com/avatar/63d2c9f25f05d3da5001f2898f6fc9cd?s=96&d=wavatar&r=g","contentUrl":"https://secure.gravatar.com/avatar/63d2c9f25f05d3da5001f2898f6fc9cd?s=96&d=wavatar&r=g","caption":"Choam Goldberg"},"logo":{"@id":"https://www.leternoassente.com/#/schema/person/image/"},"description":"Contemplata la vastità del cazzo che gliene frega e raggiunta l’atarassìa, Choam Goldberg pratica nondimeno l'antica, dilettevole e nobile arte di demolire le credenze dei beoti e degli insipienti.","sameAs":["http://www.leternoassente.com"]}]}</script>
<!-- / Yoast SEO plugin. -->

Contemplata la vastità del cazzo che gliene frega e raggiunta l’atarassìa, Choam Goldberg pratica nondimeno l'antica, dilettevole e nobile arte di demolire le credenze dei beoti e degli insipienti.
