{"id":7037,"date":"2025-04-11T14:00:54","date_gmt":"2025-04-11T12:00:54","guid":{"rendered":"https:\/\/www.leternoassente.com\/?page_id=7037"},"modified":"2025-04-11T14:00:56","modified_gmt":"2025-04-11T12:00:56","slug":"una-droga","status":"publish","type":"page","link":"https:\/\/www.leternoassente.com\/?page_id=7037","title":{"rendered":"Una droga"},"content":{"rendered":"<p><strong>Daniele racconta la propria Storia per \u00abIo senza Dio\u00bb<\/strong><\/p>\n<hr>\n<p>Si pu\u00f2 tranquillamente affermare che sono nato nella tana del lupo: mia madre, insegnante di religione, aveva come unico caposaldo della propria vita l&#8217;amore e la misericordia di dio. Non ero ancora nato, eppure la mia esistenza sembrava gi\u00e0 segnata: mi attendevano tutti i sacramenti e ben 11 anni a scuola dalle suore, ovviamente la stessa che era stata frequentata da mia madre e dalle sue sorelle. Dove non arrivava l&#8217;educazione di mia madre, sarebbe sicuramente arrivata quella delle suore.<\/p>\n<p>L&#8217;educazione che mi fu impartita da questi \u00abangeli di dio in terra\u00bb fu molto semplice: violenze fisiche ma soprattutto psicologiche. Molto spesso le suddette creature angeliche non esitavano a picchiarci con bastoni di legno o scappellotti molto forti, magari solo perch\u00e9 durante la lezione ci scappava una risata o una battuta con un compagno. Credo sia normale nella natura di un bambino. Dico \u00abcredo\u00bb perch\u00e9 all&#8217;epoca dubitai anche di questo. Le violenze psicologiche consistevano principalmente nell&#8217;umiliare chiunque fosse andato male in un&#8217;interrogazione: veniva accompagnato in giro per I&#8217;istituto e umiliato davanti a tutte le classi. Il catechismo era presentato come una sorta di favola: il dio buono che ti guarda amorevolmente tutti i giorni e ti protegge dal male. Quasi un ritornello che ti entra in testa a tal punto che non ti chiedi pi\u00f9 se tutto ci\u00f2 sia logico o reale. Mia madre poi completava I&#8217;opera esortandomi a pregare la mattina e la sera prima di dormire. Inoltre appuntamento fisso l&#8217;11 febbraio per san Biagio, protettore della gola: tutti in parrocchia a farsi benedire la gola da un anello che il parroco diceva essere appartenuto a San Biagio stesso.<\/p>\n<p>Uno spiraglio di luce cominciai a vederlo nel 1986: mia madre mor\u00ec di cancro. Un primo pensiero fu: \u00abMa come? Mia madre, cos\u00ec buona e cos\u00ec devota, viene punita in questo modo?\u00bb. Fu un pensiero che rimandai subito al mittente, tant&#8217;\u00e8 che cominciai a frequentare ambienti francescani \u2013 dove una delle sorelle di mia madre operava \u2013 e ritiri spirituali in convento. Avevo aumentato la dose di droga religiosa: quella normale non faceva pi\u00f9 effetto. Mi capitava di svegliarmi di notte e sdraiarmi a terra per pregare. Stavo impazzendo, perch\u00e9 nel frattempo il cervello continuava a lavorare, anche a mia insaputa. Intanto io continuavo a leggere la Bibbia e i Vangeli: volevo chiedere a Dio di rafforzare la mia fede, di dimostrarmi che i miei dubbi ancora acerbi erano solo frutto delle tentazioni del demonio.<\/p>\n<p>Risultato: il nulla cosmico. Anzi la Bibbia, stavolta letta da me e non da qualche \u00abangelo del Signore\u00bb, mi appariva cruda e terribile. Il dio a cui chiedevo aiuto mi sembrava spietato e duro, non vedevo misericordia e amore nei suoi atti. Decisi di continuare a \u00abdrogarmi\u00bb continuando a pregare e andare a Messa. Mia madre non poteva essere tradita dalla mia logica. Poi accantonai tutto. L&#8217;unica regola era \u00abDio mi ama\u00bb: me Io aveva detto mia madre.<\/p>\n<p>Finch\u00e9 non mi capit\u00f2 di leggere Bart Ehrman. Il mio cervello esplose e cominciai a piangere senza sosta. L&#8217;allontanamento dalla religione provoc\u00f2 in me un odio profondo verso tutti coloro che mi avevano mentito, compresa mia madre. L&#8217;odio verso la religione si manifest\u00f2 in un florilegio di bestemmie ogni volta che mi succedeva qualcosa. Volevo tornare indietro, ma pi\u00f9 ci provavo e pi\u00f9 la logica e le letture mi sbattevano in faccia la realt\u00e0. Dopo tanto dolore e tanta sofferenza mi abbandonai alla logica.<\/p>\n<p>Oggi ho ancora tanta rabbia nei confronti di questi impostori. Per quanto riguarda mia madre, mi dispiace solo che lei non abbia minimamente dubitato delle proprie credenze. Se solo fosse ancora viva, proverei a salvarla.<\/p>\n<p><strong>Daniele<\/strong><\/p>\n<p>Vuoi raccontare anche tu la tua Storia per \u00abIo senza Dio\u00bb? Spediscila a L&#8217;Eterno Assente, ma prima consulta il <a href=\"https:\/\/www.leternoassente.com\/?page_id=4429\" target=\"_blank\" rel=\"noopener noreferrer\">Regolamento<\/a><\/p>\n<p><a href=\"https:\/\/www.leternoassente.com\/?page_id=4502\" target=\"_blank\" rel=\"noopener noreferrer\">Tutte le Storie di \u00abIo senza Dio\u00bb<\/a><\/p>\n<hr>\n<p><em>Qui sotto trovi la possibilit\u00e0 di commentare quest&#8217;articolo. Per farlo, devi<br \/>\n1. confermare che sei ateo\/a,<br \/>\n2. essere consapevole che, se menti, stai commettendo il gravissimo peccato di apostasia,<br \/>\n3. aspettare che il commento sia approvato dall&#8217;admin.<br \/>\nL&#8217;approvazione dei commenti dipende dall&#8217;insindacabile e inappellabile giudizio dell&#8217;admin. Se vuoi saperne di pi\u00f9 a proposito dei commenti, puoi consultare le <a href=\"http:\/\/www.leternoassente.com\/?page_id=957#nocomment\" rel=\"noopener\" target=\"_blank\">FAQ<\/a>.<br \/>\nInoltre puoi commentare gli articoli e i post nel <a href=\"https:\/\/www.facebook.com\/groups\/eternoassente\/\" rel=\"noopener\" target=\"_blank\">Gruppo Facebook de L&#8217;Eterno Assente<\/a>, se ti iscrivi al Gruppo dopo aver risposto a una semplice domanda.<\/em><\/p>\n","protected":false},"excerpt":{"rendered":"<p>Daniele racconta la propria Storia per \u00abIo senza Dio\u00bb Si pu\u00f2 tranquillamente affermare che sono nato nella tana del lupo: mia madre, insegnante di religione, aveva come unico caposaldo della propria vita l&#8217;amore e la misericordia di dio. Non ero &hellip; <a href=\"https:\/\/www.leternoassente.com\/?page_id=7037\">Continua a leggere<span class=\"meta-nav\">&rarr;<\/span><\/a><\/p>\n","protected":false},"author":1,"featured_media":3299,"parent":4502,"menu_order":0,"comment_status":"open","ping_status":"closed","template":"","meta":{"footnotes":""},"class_list":["post-7037","page","type-page","status-publish","has-post-thumbnail","hentry"],"yoast_head":"<!-- This site is optimized with the Yoast SEO plugin v25.6 - https:\/\/yoast.com\/wordpress\/plugins\/seo\/ -->\n<title>Una droga - L&#039;Eterno Assente<\/title>\n<meta name=\"description\" content=\"Daniele racconta la propria Storia per \u00abIo senza Dio\u00bb\" \/>\n<meta name=\"robots\" content=\"index, follow, max-snippet:-1, max-image-preview:large, max-video-preview:-1\" \/>\n<link rel=\"canonical\" href=\"https:\/\/www.leternoassente.com\/?page_id=7037\" \/>\n<meta property=\"og:locale\" content=\"it_IT\" \/>\n<meta property=\"og:type\" content=\"article\" \/>\n<meta property=\"og:title\" content=\"Una droga - L&#039;Eterno Assente\" \/>\n<meta property=\"og:description\" content=\"Daniele racconta la propria Storia per \u00abIo senza Dio\u00bb\" \/>\n<meta property=\"og:url\" content=\"https:\/\/www.leternoassente.com\/?page_id=7037\" \/>\n<meta property=\"og:site_name\" content=\"L&#039;Eterno Assente\" \/>\n<meta property=\"article:modified_time\" content=\"2025-04-11T12:00:56+00:00\" \/>\n<meta property=\"og:image\" content=\"https:\/\/www.leternoassente.com\/wp-content\/uploads\/2020\/04\/iosenzadio4seo.jpg\" \/>\n\t<meta property=\"og:image:width\" content=\"1200\" \/>\n\t<meta property=\"og:image:height\" content=\"630\" \/>\n\t<meta property=\"og:image:type\" content=\"image\/jpeg\" \/>\n<meta name=\"twitter:card\" content=\"summary_large_image\" \/>\n<meta name=\"twitter:site\" content=\"@leternoassente\" \/>\n<meta name=\"twitter:label1\" content=\"Tempo di lettura stimato\" \/>\n\t<meta name=\"twitter:data1\" content=\"5 minuti\" \/>\n<script type=\"application\/ld+json\" class=\"yoast-schema-graph\">{\"@context\":\"https:\/\/schema.org\",\"@graph\":[{\"@type\":\"WebPage\",\"@id\":\"https:\/\/www.leternoassente.com\/?page_id=7037\",\"url\":\"https:\/\/www.leternoassente.com\/?page_id=7037\",\"name\":\"Una droga - L&#039;Eterno Assente\",\"isPartOf\":{\"@id\":\"https:\/\/www.leternoassente.com\/#website\"},\"primaryImageOfPage\":{\"@id\":\"https:\/\/www.leternoassente.com\/?page_id=7037#primaryimage\"},\"image\":{\"@id\":\"https:\/\/www.leternoassente.com\/?page_id=7037#primaryimage\"},\"thumbnailUrl\":\"https:\/\/www.leternoassente.com\/wp-content\/uploads\/2020\/04\/iosenzadio4.jpg\",\"datePublished\":\"2025-04-11T12:00:54+00:00\",\"dateModified\":\"2025-04-11T12:00:56+00:00\",\"description\":\"Daniele racconta la propria Storia per \u00abIo senza Dio\u00bb\",\"breadcrumb\":{\"@id\":\"https:\/\/www.leternoassente.com\/?page_id=7037#breadcrumb\"},\"inLanguage\":\"it-IT\",\"potentialAction\":[{\"@type\":\"ReadAction\",\"target\":[\"https:\/\/www.leternoassente.com\/?page_id=7037\"]}]},{\"@type\":\"ImageObject\",\"inLanguage\":\"it-IT\",\"@id\":\"https:\/\/www.leternoassente.com\/?page_id=7037#primaryimage\",\"url\":\"https:\/\/www.leternoassente.com\/wp-content\/uploads\/2020\/04\/iosenzadio4.jpg\",\"contentUrl\":\"https:\/\/www.leternoassente.com\/wp-content\/uploads\/2020\/04\/iosenzadio4.jpg\",\"width\":1500,\"height\":434},{\"@type\":\"BreadcrumbList\",\"@id\":\"https:\/\/www.leternoassente.com\/?page_id=7037#breadcrumb\",\"itemListElement\":[{\"@type\":\"ListItem\",\"position\":1,\"name\":\"Home\",\"item\":\"https:\/\/www.leternoassente.com\/\"},{\"@type\":\"ListItem\",\"position\":2,\"name\":\"\u00abIo senza Dio\u00bb \u2013 Storie\",\"item\":\"https:\/\/www.leternoassente.com\/?page_id=4502\"},{\"@type\":\"ListItem\",\"position\":3,\"name\":\"Una droga\"}]},{\"@type\":\"WebSite\",\"@id\":\"https:\/\/www.leternoassente.com\/#website\",\"url\":\"https:\/\/www.leternoassente.com\/\",\"name\":\"L&#039;Eterno Assente\",\"description\":\"Dio, la vita, il senso e altre cazzate\",\"publisher\":{\"@id\":\"https:\/\/www.leternoassente.com\/#\/schema\/person\/d2069751871fcdb89a30a0775f4170f9\"},\"potentialAction\":[{\"@type\":\"SearchAction\",\"target\":{\"@type\":\"EntryPoint\",\"urlTemplate\":\"https:\/\/www.leternoassente.com\/?s={search_term_string}\"},\"query-input\":{\"@type\":\"PropertyValueSpecification\",\"valueRequired\":true,\"valueName\":\"search_term_string\"}}],\"inLanguage\":\"it-IT\"},{\"@type\":[\"Person\",\"Organization\"],\"@id\":\"https:\/\/www.leternoassente.com\/#\/schema\/person\/d2069751871fcdb89a30a0775f4170f9\",\"name\":\"Choam Goldberg\",\"image\":{\"@type\":\"ImageObject\",\"inLanguage\":\"it-IT\",\"@id\":\"https:\/\/www.leternoassente.com\/#\/schema\/person\/image\/\",\"url\":\"https:\/\/secure.gravatar.com\/avatar\/63d2c9f25f05d3da5001f2898f6fc9cd?s=96&d=wavatar&r=g\",\"contentUrl\":\"https:\/\/secure.gravatar.com\/avatar\/63d2c9f25f05d3da5001f2898f6fc9cd?s=96&d=wavatar&r=g\",\"caption\":\"Choam Goldberg\"},\"logo\":{\"@id\":\"https:\/\/www.leternoassente.com\/#\/schema\/person\/image\/\"},\"description\":\"Contemplata la vastit\u00e0 del cazzo che gliene frega e raggiunta l\u2019atarass\u00eca, Choam Goldberg pratica nondimeno l'antica, dilettevole e nobile arte di demolire le credenze dei\u00a0beoti e degli insipienti.\",\"sameAs\":[\"http:\/\/www.leternoassente.com\"]}]}<\/script>\n<!-- \/ Yoast SEO plugin. -->","yoast_head_json":{"title":"Una droga - L&#039;Eterno Assente","description":"Daniele racconta la propria Storia per \u00abIo senza Dio\u00bb","robots":{"index":"index","follow":"follow","max-snippet":"max-snippet:-1","max-image-preview":"max-image-preview:large","max-video-preview":"max-video-preview:-1"},"canonical":"https:\/\/www.leternoassente.com\/?page_id=7037","og_locale":"it_IT","og_type":"article","og_title":"Una droga - L&#039;Eterno Assente","og_description":"Daniele racconta la propria Storia per \u00abIo senza Dio\u00bb","og_url":"https:\/\/www.leternoassente.com\/?page_id=7037","og_site_name":"L&#039;Eterno Assente","article_modified_time":"2025-04-11T12:00:56+00:00","og_image":[{"width":1200,"height":630,"url":"https:\/\/www.leternoassente.com\/wp-content\/uploads\/2020\/04\/iosenzadio4seo.jpg","type":"image\/jpeg"}],"twitter_card":"summary_large_image","twitter_site":"@leternoassente","twitter_misc":{"Tempo di lettura stimato":"5 minuti"},"schema":{"@context":"https:\/\/schema.org","@graph":[{"@type":"WebPage","@id":"https:\/\/www.leternoassente.com\/?page_id=7037","url":"https:\/\/www.leternoassente.com\/?page_id=7037","name":"Una droga - L&#039;Eterno Assente","isPartOf":{"@id":"https:\/\/www.leternoassente.com\/#website"},"primaryImageOfPage":{"@id":"https:\/\/www.leternoassente.com\/?page_id=7037#primaryimage"},"image":{"@id":"https:\/\/www.leternoassente.com\/?page_id=7037#primaryimage"},"thumbnailUrl":"https:\/\/www.leternoassente.com\/wp-content\/uploads\/2020\/04\/iosenzadio4.jpg","datePublished":"2025-04-11T12:00:54+00:00","dateModified":"2025-04-11T12:00:56+00:00","description":"Daniele racconta la propria Storia per \u00abIo senza Dio\u00bb","breadcrumb":{"@id":"https:\/\/www.leternoassente.com\/?page_id=7037#breadcrumb"},"inLanguage":"it-IT","potentialAction":[{"@type":"ReadAction","target":["https:\/\/www.leternoassente.com\/?page_id=7037"]}]},{"@type":"ImageObject","inLanguage":"it-IT","@id":"https:\/\/www.leternoassente.com\/?page_id=7037#primaryimage","url":"https:\/\/www.leternoassente.com\/wp-content\/uploads\/2020\/04\/iosenzadio4.jpg","contentUrl":"https:\/\/www.leternoassente.com\/wp-content\/uploads\/2020\/04\/iosenzadio4.jpg","width":1500,"height":434},{"@type":"BreadcrumbList","@id":"https:\/\/www.leternoassente.com\/?page_id=7037#breadcrumb","itemListElement":[{"@type":"ListItem","position":1,"name":"Home","item":"https:\/\/www.leternoassente.com\/"},{"@type":"ListItem","position":2,"name":"\u00abIo senza Dio\u00bb \u2013 Storie","item":"https:\/\/www.leternoassente.com\/?page_id=4502"},{"@type":"ListItem","position":3,"name":"Una droga"}]},{"@type":"WebSite","@id":"https:\/\/www.leternoassente.com\/#website","url":"https:\/\/www.leternoassente.com\/","name":"L&#039;Eterno Assente","description":"Dio, la vita, il senso e altre cazzate","publisher":{"@id":"https:\/\/www.leternoassente.com\/#\/schema\/person\/d2069751871fcdb89a30a0775f4170f9"},"potentialAction":[{"@type":"SearchAction","target":{"@type":"EntryPoint","urlTemplate":"https:\/\/www.leternoassente.com\/?s={search_term_string}"},"query-input":{"@type":"PropertyValueSpecification","valueRequired":true,"valueName":"search_term_string"}}],"inLanguage":"it-IT"},{"@type":["Person","Organization"],"@id":"https:\/\/www.leternoassente.com\/#\/schema\/person\/d2069751871fcdb89a30a0775f4170f9","name":"Choam Goldberg","image":{"@type":"ImageObject","inLanguage":"it-IT","@id":"https:\/\/www.leternoassente.com\/#\/schema\/person\/image\/","url":"https:\/\/secure.gravatar.com\/avatar\/63d2c9f25f05d3da5001f2898f6fc9cd?s=96&d=wavatar&r=g","contentUrl":"https:\/\/secure.gravatar.com\/avatar\/63d2c9f25f05d3da5001f2898f6fc9cd?s=96&d=wavatar&r=g","caption":"Choam Goldberg"},"logo":{"@id":"https:\/\/www.leternoassente.com\/#\/schema\/person\/image\/"},"description":"Contemplata la vastit\u00e0 del cazzo che gliene frega e raggiunta l\u2019atarass\u00eca, Choam Goldberg pratica nondimeno l'antica, dilettevole e nobile arte di demolire le credenze dei\u00a0beoti e degli insipienti.","sameAs":["http:\/\/www.leternoassente.com"]}]}},"_links":{"self":[{"href":"https:\/\/www.leternoassente.com\/index.php?rest_route=\/wp\/v2\/pages\/7037"}],"collection":[{"href":"https:\/\/www.leternoassente.com\/index.php?rest_route=\/wp\/v2\/pages"}],"about":[{"href":"https:\/\/www.leternoassente.com\/index.php?rest_route=\/wp\/v2\/types\/page"}],"author":[{"embeddable":true,"href":"https:\/\/www.leternoassente.com\/index.php?rest_route=\/wp\/v2\/users\/1"}],"replies":[{"embeddable":true,"href":"https:\/\/www.leternoassente.com\/index.php?rest_route=%2Fwp%2Fv2%2Fcomments&post=7037"}],"version-history":[{"count":2,"href":"https:\/\/www.leternoassente.com\/index.php?rest_route=\/wp\/v2\/pages\/7037\/revisions"}],"predecessor-version":[{"id":7064,"href":"https:\/\/www.leternoassente.com\/index.php?rest_route=\/wp\/v2\/pages\/7037\/revisions\/7064"}],"up":[{"embeddable":true,"href":"https:\/\/www.leternoassente.com\/index.php?rest_route=\/wp\/v2\/pages\/4502"}],"wp:featuredmedia":[{"embeddable":true,"href":"https:\/\/www.leternoassente.com\/index.php?rest_route=\/wp\/v2\/media\/3299"}],"wp:attachment":[{"href":"https:\/\/www.leternoassente.com\/index.php?rest_route=%2Fwp%2Fv2%2Fmedia&parent=7037"}],"curies":[{"name":"wp","href":"https:\/\/api.w.org\/{rel}","templated":true}]}}