{"id":7106,"date":"2025-06-02T14:16:03","date_gmt":"2025-06-02T12:16:03","guid":{"rendered":"https:\/\/www.leternoassente.com\/?page_id=7106"},"modified":"2025-06-02T14:16:05","modified_gmt":"2025-06-02T12:16:05","slug":"signore-suicide-leopardi-e-gli-atti-impuri","status":"publish","type":"page","link":"https:\/\/www.leternoassente.com\/?page_id=7106","title":{"rendered":"Signore suicide, Leopardi e gli atti impuri"},"content":{"rendered":"<p><strong>Giacomo racconta la propria Storia per \u00abIo senza Dio\u00bb.<\/strong><\/p>\n<hr>\n<p>Mi definisco ateo da decenni nonostante \u00absenta\u00bb la presenza di Dio. Sono incoerente? Non lo so, ma preferisco affidare al pensiero critico e non a una vaga sensazione di pienezza la definizione di che cosa stia alla base dell&#8217;universo (ammesso che una base ci sia). Questa sensazione oltretutto va e viene a seconda di ci\u00f2 che mi capita, per anni al suo posto ho avvertito un&#8217;assenza. E soprattutto: chi mi dice che sentire Dio ne dimostri l&#8217;esistenza? Sentire un dolore cronico al braccio dimostrerebbe l&#8217;esistenza di un dolore \u00abcreatore\u00bb? Magari di un dolore che avrebbe mandato suo figlio a soffrire con noi per darci un segno della sua vicinanza? E se passasse il dolore che me ne farei della fede? Probabilmente \u00e8 pi\u00f9 saggio farsi vedere da un cardiologo.<br \/>\n\u00a0<br \/>\nHo dato il nome di Dio a questa sensazione forse come atto involontario dato dall&#8217;educazione cattolica radicata nel mio lessico, dalla riduzione dei sentimenti al decalogo vetusto della riverenza ultraterrena. Davvero ogni stato di benessere, fiducia e pace prolungati (cose inusuali per me) deve essere riferito a potenze trascendenti verso le quali provare gratitudine o timore? E se questa pace venisse dai miei sforzi, dal fatto di essere uscito da quasi dieci anni di psicoterapia? Dall&#8217;aver imparato a esprimermi con la poesia, la musica e il canto, nonostante nessuno ai tempi ci scommettesse?<br \/>\n\u00a0<br \/>\nDa piccolo mi volevo suicidare. Stavo sveglio le notti fantasticando di cadere dal balcone. Poi un giorno la catechista ha parlato di una signora che si era buttata davvero ed era morta. Diceva che non era all&#8217;inferno, perch\u00e9 era credente e si era sicuramente pentita prima di schiantarsi. Non riuscivo a togliermi dalla testa l&#8217;immagine di questa vecchietta che recita rosari mentre precipita&#8230; quindi suicidarsi \u00e8 peccato? Si va all&#8217;inferno? E se non si riescono a finire le preghiere nel tempo della caduta? Questi pensieri mi hanno frenato dal compiere il gesto. In un certo senso devo la vita a Ges\u00f9, anche se ora sono ateo. Che ingrato.<br \/>\n\u00a0<br \/>\nSono nato in una famiglia di cattolici tiepidi. I miei genitori non si sono mai interrogati sull&#8217;esistenza di Dio e, quando nel corso degli anni ho provato a chiedere ragione del loro definirsi cristiani, mi sono sempre sentito rifilare argomenti del calibro di \u00abqualcosa ci deve pur essere\u00bb, \u00aballa fine i comandamenti coincidono in gran parte con la legge dello Stato\u00bb, \u00abGes\u00f9 non \u00e8 risorto davvero, \u00e8 una metafora della rinascita\u00bb. Insomma, per come l&#8217;ho sempre vista io, la loro \u00e8 una fede di comodo, fondata su nient&#8217;altro che un&#8217;inconfessata paura della morte, ma anche privata e innocua. Cresimati i figli, hanno abbandonato gli ambienti religiosi. I miei non sono bigotti, probabilmente mi hanno battezzato e mandato a catechismo un po&#8217; per tradizione, un po&#8217; per non farsi mancare l&#8217;appoggio dei nonni e della comunit\u00e0 del quartiere. Pu\u00f2 darsi che cercassero anche un modo per farmi socializzare con altri bambini, vista la mia pervicace tendenza all&#8217;isolamento. Mia madre mi insegnava le preghiere da dire la sera, ma pi\u00f9 avanti mi sono reso conto che era soprattutto attaccamento al folklore familiare, ai ricordi dei parenti. Io per\u00f2 volevo fare sul serio.<br \/>\n\u00a0<br \/>\nQuando ero piccolo, per me Dio era un dato di fatto, al punto che mi ero creato una teoria \u00abcattolica\u00bb sulla nascita dei bambini: lo Spirito Santo, dopo la cerimonia di nozze, li manda nella pancia della mamma, come \u00e8 avvenuto per Maria. Da notare che ero a conoscenza delle modalit\u00e0 del concepimento di Ges\u00f9 ma non dell&#8217;esistenza di figli nati fuori dal matrimonio. Da adolescente mi accorsi che credere richiedeva un impegno attivo. Una volta \u2013 per dire \u2013 riportai alla fede mio padre che stava per deconvertirsi. Vivevo la religione come qualcosa di tremendamente necessario, anche se questo cozzava col mio umore spesso cupo e con la mia \u00abassenza di speranza\u00bb non motivata da alcun trauma personale evidente. Un brutto giorno realizzai cosa fossero quegli atti impuri citati nel sesto comandamento, mi resi conto che ne commettevo a bizzeffe e per la prima volta capii che per un cattolico conoscere \u00e8 un grave rischio: commettevo un peccato di cui non riuscivo a liberarmi, ma se mi fossi limitato a ripetere a pappagallo i comandamenti come facevano tutti gli altri, senza indagarne il significato, sarei stato ancora ignorante, incolpevole e libero di tirarmelo. Piansi per settimane e da allora mi convinsi che sarei finito all&#8217;inferno. Quella stessa paura che mi aveva tenuto in vita ora me la rovinava. I confessori ovviamente, invece di tranquillizzarmi, rincaravano la dose. Nemmeno i genitori erano d&#8217;aiuto, perch\u00e9 non afferravano il punto: pensavano che mi preoccupassi di diventare un maniaco, non che temessi la prospettiva della punizione eterna, e la trovavano ridicola perch\u00e9 \u00abtanto anche i preti si masturbano\u00bb. Approfondendo ancora scoprii che a quello si aggiungevano altri peccati di cui mi macchiavo quotidianamente. In parrocchia non mettevo pi\u00f9 piede perch\u00e9 ero stato pure bullizzato, andavo solo a Messa e avevo deciso di \u00abfare parte per me stesso\u00bb. Ai tempi la vecchia e mortificante comunicazione clericale stava lasciando il posto a quella met\u00e0 impegnata nel sociale e met\u00e0 gioia, amore ed esultanza che domina oggi. Uno come me si sentiva schiacciato dalla seconda tanto quanto dalla prima. Ricordo che mi dissi: come posso essere triste se Ges\u00f9 mi chiede di essere grato, contento e attivo per il bene pubblico? Un prete mi diede da fare volontariato come penitenza, e io, spaventato com&#8217;ero dal mondo esterno, non obbedii mai. Mi resi conto di essere accidioso, depresso&#8230; e che quello era l&#8217;ennesimo peccato. Mi presi una pausa da Dio. Non meritavo il suo amore. Per fortuna, aggiungo oggi.<br \/>\n\u00a0<br \/>\nAvevo amici pi\u00f9 grandi, avevo gi\u00e0 sentito parlare di Nietzsche e di Marx e qualche germe di ateismo aveva fatto capolino come narrazione alternativa in s\u00e9 coerente. Quando studiai Leopardi a scuola non andavo pi\u00f9 a Messa e non ebbi paura di \u00abtradire\u00bb nessuno. Contemplai \u00abl&#8217;arido vero\u00bb un pomeriggio in camera mia, riflettendo non so pi\u00f9 su quale dialogo delle Operette Morali. Mi accorsi con dolore di non essere pi\u00f9 cristiano, ma c&#8217;era altro al di l\u00e0 della disillusione: il vuoto che percepivo, Leopardi non lo negava ottusamente come tutti avevano fatto prima, ma gli dava una legittimazione spietatamente razionale e per nulla consolatoria. Era un fatto oggettivo, naturale, non i deliri di un accidioso da redimere, di un ragazzino \u00abesagerato\u00bb che dovrebbe uscire, era la condizione umana, espressa in pagine che toccavano le corde pi\u00f9 pure della nostra interiorit\u00e0, senza censure. Leopardi mi ascolt\u00f2 e mi diede risposte. Fu doloroso perch\u00e9 non recuperai pi\u00f9 la fede, ma fu anche liberatorio, come quando si opera un cancro e pian piano si guarisce. Per non parlare delle seghe: da allora me le feci \u2013 \u00e8 il caso di dirlo \u2013 in santa pace.<br \/>\n\u00a0<br \/>\nSono stato un cattolico praticante fino alla maggiore et\u00e0, un progressista che ci teneva a specificare che non era un fissato, che a tratti si vergognava anche un po&#8217; della sua fede, prima di trasformarmi in un pessimista ateo seguace di Leopardi. Ma non fin\u00ec qui. Sono stato uno studente di lettere agnostico alla De Andr\u00e9 che scambiava Cristo per Che Guevara. Sono stato attratto dallo Zen, dal nonsense, dal panismo, dal luciferismo. Sono stato un lettore di tarocchi ispirato dall&#8217;alcol, un figuro paganeggiante, uno scettico e un fan del CICAP. Sono stato un nichilista, di quelli che cercano un compimento estetico prima di ammazzarsi&#8230; finch\u00e9 non mi sono accorto di aver trovato un piccolo lume dentro di me. Ma era davvero Dio che mi si mostrava e si nascondeva in questa giostra? La psicoterapia mi ha accompagnato e mi ha dato modo di raccontarmi senza nascondermi dietro a divinit\u00e0 e doveri, mentre la poesia e la musica hanno dato espressione al dolore. Se Ges\u00f9 ha impedito che mi uccidessi da piccolo, queste pratiche, non la religione, hanno salvato la mia psiche dall&#8217;inferno in cui da allora l&#8217;aveva incatenata. Quel Dio di cui avverto ora la presenza forse, finalmente, sono io. Nessuna delusione, anzi.<\/p>\n<p><strong>Giacomo<\/strong><\/p>\n<p>Vuoi raccontare anche tu la tua Storia per \u00abIo senza Dio\u00bb? Spediscila a L&#8217;Eterno Assente, ma prima consulta il <a href=\"https:\/\/www.leternoassente.com\/?page_id=4429\" target=\"_blank\" rel=\"noopener noreferrer\">Regolamento<\/a><\/p>\n<p><a href=\"https:\/\/www.leternoassente.com\/?page_id=4502\" target=\"_blank\" rel=\"noopener noreferrer\">Tutte le Storie di \u00abIo senza Dio\u00bb<\/a><\/p>\n<hr>\n<p><em>Qui sotto trovi la possibilit\u00e0 di commentare quest&#8217;articolo. Per farlo, devi<br \/>\n1. confermare che sei ateo\/a,<br \/>\n2. essere consapevole che, se menti, stai commettendo il gravissimo peccato di apostasia,<br \/>\n3. aspettare che il commento sia approvato dall&#8217;admin.<br \/>\nL&#8217;approvazione dei commenti dipende dall&#8217;insindacabile e inappellabile giudizio dell&#8217;admin. Se vuoi saperne di pi\u00f9 a proposito dei commenti, puoi consultare le <a href=\"http:\/\/www.leternoassente.com\/?page_id=957#nocomment\" target=\"_blank\" rel=\"noopener noreferrer\">FAQ<\/a>.<br \/>\nInoltre puoi commentare gli articoli e i post nel <a href=\"https:\/\/www.facebook.com\/groups\/eternoassente\/\" target=\"_blank\" rel=\"noopener noreferrer\">Gruppo Facebook de L&#8217;Eterno Assente<\/a>, se ti iscrivi al Gruppo dopo aver risposto a una semplice domanda.<\/em><\/p>\n","protected":false},"excerpt":{"rendered":"<p>Giacomo racconta la propria Storia per \u00abIo senza Dio\u00bb. Mi definisco ateo da decenni nonostante \u00absenta\u00bb la presenza di Dio. Sono incoerente? Non lo so, ma preferisco affidare al pensiero critico e non a una vaga sensazione di pienezza la &hellip; <a href=\"https:\/\/www.leternoassente.com\/?page_id=7106\">Continua a leggere<span class=\"meta-nav\">&rarr;<\/span><\/a><\/p>\n","protected":false},"author":1,"featured_media":3299,"parent":4502,"menu_order":0,"comment_status":"open","ping_status":"closed","template":"","meta":{"footnotes":""},"class_list":["post-7106","page","type-page","status-publish","has-post-thumbnail","hentry"],"yoast_head":"<!-- This site is optimized with the Yoast SEO plugin v25.6 - https:\/\/yoast.com\/wordpress\/plugins\/seo\/ -->\n<title>Signore suicide, Leopardi e gli atti impuri - L&#039;Eterno Assente<\/title>\n<meta name=\"description\" content=\"Giacomo racconta la propria Storia per \u00abIo senza Dio\u00bb.\" \/>\n<meta name=\"robots\" content=\"index, follow, max-snippet:-1, max-image-preview:large, max-video-preview:-1\" \/>\n<link rel=\"canonical\" href=\"https:\/\/www.leternoassente.com\/?page_id=7106\" \/>\n<meta property=\"og:locale\" content=\"it_IT\" \/>\n<meta property=\"og:type\" content=\"article\" \/>\n<meta property=\"og:title\" content=\"Signore suicide, Leopardi e gli atti impuri - L&#039;Eterno Assente\" \/>\n<meta property=\"og:description\" content=\"Giacomo racconta la propria Storia per \u00abIo senza Dio\u00bb.\" \/>\n<meta property=\"og:url\" content=\"https:\/\/www.leternoassente.com\/?page_id=7106\" \/>\n<meta property=\"og:site_name\" content=\"L&#039;Eterno Assente\" \/>\n<meta property=\"article:modified_time\" content=\"2025-06-02T12:16:05+00:00\" \/>\n<meta property=\"og:image\" content=\"https:\/\/www.leternoassente.com\/wp-content\/uploads\/2020\/04\/iosenzadio4seo.jpg\" \/>\n\t<meta property=\"og:image:width\" content=\"1200\" \/>\n\t<meta property=\"og:image:height\" content=\"630\" \/>\n\t<meta property=\"og:image:type\" content=\"image\/jpeg\" \/>\n<meta name=\"twitter:card\" content=\"summary_large_image\" \/>\n<meta name=\"twitter:site\" content=\"@leternoassente\" \/>\n<meta name=\"twitter:label1\" content=\"Tempo di lettura stimato\" \/>\n\t<meta name=\"twitter:data1\" content=\"8 minuti\" \/>\n<script type=\"application\/ld+json\" class=\"yoast-schema-graph\">{\"@context\":\"https:\/\/schema.org\",\"@graph\":[{\"@type\":\"WebPage\",\"@id\":\"https:\/\/www.leternoassente.com\/?page_id=7106\",\"url\":\"https:\/\/www.leternoassente.com\/?page_id=7106\",\"name\":\"Signore suicide, Leopardi e gli atti impuri - L&#039;Eterno Assente\",\"isPartOf\":{\"@id\":\"https:\/\/www.leternoassente.com\/#website\"},\"primaryImageOfPage\":{\"@id\":\"https:\/\/www.leternoassente.com\/?page_id=7106#primaryimage\"},\"image\":{\"@id\":\"https:\/\/www.leternoassente.com\/?page_id=7106#primaryimage\"},\"thumbnailUrl\":\"https:\/\/www.leternoassente.com\/wp-content\/uploads\/2020\/04\/iosenzadio4.jpg\",\"datePublished\":\"2025-06-02T12:16:03+00:00\",\"dateModified\":\"2025-06-02T12:16:05+00:00\",\"description\":\"Giacomo racconta la propria Storia per \u00abIo senza Dio\u00bb.\",\"breadcrumb\":{\"@id\":\"https:\/\/www.leternoassente.com\/?page_id=7106#breadcrumb\"},\"inLanguage\":\"it-IT\",\"potentialAction\":[{\"@type\":\"ReadAction\",\"target\":[\"https:\/\/www.leternoassente.com\/?page_id=7106\"]}]},{\"@type\":\"ImageObject\",\"inLanguage\":\"it-IT\",\"@id\":\"https:\/\/www.leternoassente.com\/?page_id=7106#primaryimage\",\"url\":\"https:\/\/www.leternoassente.com\/wp-content\/uploads\/2020\/04\/iosenzadio4.jpg\",\"contentUrl\":\"https:\/\/www.leternoassente.com\/wp-content\/uploads\/2020\/04\/iosenzadio4.jpg\",\"width\":1500,\"height\":434},{\"@type\":\"BreadcrumbList\",\"@id\":\"https:\/\/www.leternoassente.com\/?page_id=7106#breadcrumb\",\"itemListElement\":[{\"@type\":\"ListItem\",\"position\":1,\"name\":\"Home\",\"item\":\"https:\/\/www.leternoassente.com\/\"},{\"@type\":\"ListItem\",\"position\":2,\"name\":\"\u00abIo senza Dio\u00bb \u2013 Storie\",\"item\":\"https:\/\/www.leternoassente.com\/?page_id=4502\"},{\"@type\":\"ListItem\",\"position\":3,\"name\":\"Signore suicide, Leopardi e gli atti impuri\"}]},{\"@type\":\"WebSite\",\"@id\":\"https:\/\/www.leternoassente.com\/#website\",\"url\":\"https:\/\/www.leternoassente.com\/\",\"name\":\"L&#039;Eterno Assente\",\"description\":\"Dio, la vita, il senso e altre cazzate\",\"publisher\":{\"@id\":\"https:\/\/www.leternoassente.com\/#\/schema\/person\/d2069751871fcdb89a30a0775f4170f9\"},\"potentialAction\":[{\"@type\":\"SearchAction\",\"target\":{\"@type\":\"EntryPoint\",\"urlTemplate\":\"https:\/\/www.leternoassente.com\/?s={search_term_string}\"},\"query-input\":{\"@type\":\"PropertyValueSpecification\",\"valueRequired\":true,\"valueName\":\"search_term_string\"}}],\"inLanguage\":\"it-IT\"},{\"@type\":[\"Person\",\"Organization\"],\"@id\":\"https:\/\/www.leternoassente.com\/#\/schema\/person\/d2069751871fcdb89a30a0775f4170f9\",\"name\":\"Choam Goldberg\",\"image\":{\"@type\":\"ImageObject\",\"inLanguage\":\"it-IT\",\"@id\":\"https:\/\/www.leternoassente.com\/#\/schema\/person\/image\/\",\"url\":\"https:\/\/secure.gravatar.com\/avatar\/63d2c9f25f05d3da5001f2898f6fc9cd?s=96&d=wavatar&r=g\",\"contentUrl\":\"https:\/\/secure.gravatar.com\/avatar\/63d2c9f25f05d3da5001f2898f6fc9cd?s=96&d=wavatar&r=g\",\"caption\":\"Choam Goldberg\"},\"logo\":{\"@id\":\"https:\/\/www.leternoassente.com\/#\/schema\/person\/image\/\"},\"description\":\"Contemplata la vastit\u00e0 del cazzo che gliene frega e raggiunta l\u2019atarass\u00eca, Choam Goldberg pratica nondimeno l'antica, dilettevole e nobile arte di demolire le credenze dei\u00a0beoti e degli insipienti.\",\"sameAs\":[\"http:\/\/www.leternoassente.com\"]}]}<\/script>\n<!-- \/ Yoast SEO plugin. -->","yoast_head_json":{"title":"Signore suicide, Leopardi e gli atti impuri - L&#039;Eterno Assente","description":"Giacomo racconta la propria Storia per \u00abIo senza Dio\u00bb.","robots":{"index":"index","follow":"follow","max-snippet":"max-snippet:-1","max-image-preview":"max-image-preview:large","max-video-preview":"max-video-preview:-1"},"canonical":"https:\/\/www.leternoassente.com\/?page_id=7106","og_locale":"it_IT","og_type":"article","og_title":"Signore suicide, Leopardi e gli atti impuri - L&#039;Eterno Assente","og_description":"Giacomo racconta la propria Storia per \u00abIo senza Dio\u00bb.","og_url":"https:\/\/www.leternoassente.com\/?page_id=7106","og_site_name":"L&#039;Eterno Assente","article_modified_time":"2025-06-02T12:16:05+00:00","og_image":[{"width":1200,"height":630,"url":"https:\/\/www.leternoassente.com\/wp-content\/uploads\/2020\/04\/iosenzadio4seo.jpg","type":"image\/jpeg"}],"twitter_card":"summary_large_image","twitter_site":"@leternoassente","twitter_misc":{"Tempo di lettura stimato":"8 minuti"},"schema":{"@context":"https:\/\/schema.org","@graph":[{"@type":"WebPage","@id":"https:\/\/www.leternoassente.com\/?page_id=7106","url":"https:\/\/www.leternoassente.com\/?page_id=7106","name":"Signore suicide, Leopardi e gli atti impuri - L&#039;Eterno Assente","isPartOf":{"@id":"https:\/\/www.leternoassente.com\/#website"},"primaryImageOfPage":{"@id":"https:\/\/www.leternoassente.com\/?page_id=7106#primaryimage"},"image":{"@id":"https:\/\/www.leternoassente.com\/?page_id=7106#primaryimage"},"thumbnailUrl":"https:\/\/www.leternoassente.com\/wp-content\/uploads\/2020\/04\/iosenzadio4.jpg","datePublished":"2025-06-02T12:16:03+00:00","dateModified":"2025-06-02T12:16:05+00:00","description":"Giacomo racconta la propria Storia per \u00abIo senza Dio\u00bb.","breadcrumb":{"@id":"https:\/\/www.leternoassente.com\/?page_id=7106#breadcrumb"},"inLanguage":"it-IT","potentialAction":[{"@type":"ReadAction","target":["https:\/\/www.leternoassente.com\/?page_id=7106"]}]},{"@type":"ImageObject","inLanguage":"it-IT","@id":"https:\/\/www.leternoassente.com\/?page_id=7106#primaryimage","url":"https:\/\/www.leternoassente.com\/wp-content\/uploads\/2020\/04\/iosenzadio4.jpg","contentUrl":"https:\/\/www.leternoassente.com\/wp-content\/uploads\/2020\/04\/iosenzadio4.jpg","width":1500,"height":434},{"@type":"BreadcrumbList","@id":"https:\/\/www.leternoassente.com\/?page_id=7106#breadcrumb","itemListElement":[{"@type":"ListItem","position":1,"name":"Home","item":"https:\/\/www.leternoassente.com\/"},{"@type":"ListItem","position":2,"name":"\u00abIo senza Dio\u00bb \u2013 Storie","item":"https:\/\/www.leternoassente.com\/?page_id=4502"},{"@type":"ListItem","position":3,"name":"Signore suicide, Leopardi e gli atti impuri"}]},{"@type":"WebSite","@id":"https:\/\/www.leternoassente.com\/#website","url":"https:\/\/www.leternoassente.com\/","name":"L&#039;Eterno Assente","description":"Dio, la vita, il senso e altre cazzate","publisher":{"@id":"https:\/\/www.leternoassente.com\/#\/schema\/person\/d2069751871fcdb89a30a0775f4170f9"},"potentialAction":[{"@type":"SearchAction","target":{"@type":"EntryPoint","urlTemplate":"https:\/\/www.leternoassente.com\/?s={search_term_string}"},"query-input":{"@type":"PropertyValueSpecification","valueRequired":true,"valueName":"search_term_string"}}],"inLanguage":"it-IT"},{"@type":["Person","Organization"],"@id":"https:\/\/www.leternoassente.com\/#\/schema\/person\/d2069751871fcdb89a30a0775f4170f9","name":"Choam Goldberg","image":{"@type":"ImageObject","inLanguage":"it-IT","@id":"https:\/\/www.leternoassente.com\/#\/schema\/person\/image\/","url":"https:\/\/secure.gravatar.com\/avatar\/63d2c9f25f05d3da5001f2898f6fc9cd?s=96&d=wavatar&r=g","contentUrl":"https:\/\/secure.gravatar.com\/avatar\/63d2c9f25f05d3da5001f2898f6fc9cd?s=96&d=wavatar&r=g","caption":"Choam Goldberg"},"logo":{"@id":"https:\/\/www.leternoassente.com\/#\/schema\/person\/image\/"},"description":"Contemplata la vastit\u00e0 del cazzo che gliene frega e raggiunta l\u2019atarass\u00eca, Choam Goldberg pratica nondimeno l'antica, dilettevole e nobile arte di demolire le credenze dei\u00a0beoti e degli insipienti.","sameAs":["http:\/\/www.leternoassente.com"]}]}},"_links":{"self":[{"href":"https:\/\/www.leternoassente.com\/index.php?rest_route=\/wp\/v2\/pages\/7106"}],"collection":[{"href":"https:\/\/www.leternoassente.com\/index.php?rest_route=\/wp\/v2\/pages"}],"about":[{"href":"https:\/\/www.leternoassente.com\/index.php?rest_route=\/wp\/v2\/types\/page"}],"author":[{"embeddable":true,"href":"https:\/\/www.leternoassente.com\/index.php?rest_route=\/wp\/v2\/users\/1"}],"replies":[{"embeddable":true,"href":"https:\/\/www.leternoassente.com\/index.php?rest_route=%2Fwp%2Fv2%2Fcomments&post=7106"}],"version-history":[{"count":4,"href":"https:\/\/www.leternoassente.com\/index.php?rest_route=\/wp\/v2\/pages\/7106\/revisions"}],"predecessor-version":[{"id":7110,"href":"https:\/\/www.leternoassente.com\/index.php?rest_route=\/wp\/v2\/pages\/7106\/revisions\/7110"}],"up":[{"embeddable":true,"href":"https:\/\/www.leternoassente.com\/index.php?rest_route=\/wp\/v2\/pages\/4502"}],"wp:featuredmedia":[{"embeddable":true,"href":"https:\/\/www.leternoassente.com\/index.php?rest_route=\/wp\/v2\/media\/3299"}],"wp:attachment":[{"href":"https:\/\/www.leternoassente.com\/index.php?rest_route=%2Fwp%2Fv2%2Fmedia&parent=7106"}],"curies":[{"name":"wp","href":"https:\/\/api.w.org\/{rel}","templated":true}]}}